-- Table structure for table `imaxhook_alias`
--

CREATE TABLE `imaxhook_alias` (
  `id_hook_alias` int(10) unsigned NOT NULL AUTO_INCREMENT,
  `alias` varchar(191) NOT NULL,
  `name` varchar(191) NOT NULL,
  PRIMARY KEY (`id_hook_alias`),
  UNIQUE KEY `alias` (`alias`)
) ENGINE=InnoDB AUTO_INCREMENT=88 DEFAULT CHARSET=utf8mb4 COLLATE=utf8mb4_general_ci;

--
-- Dumping data for table `imaxhook_alias`
--

INSERT INTO `imaxhook_alias` VALUES
(1,'newOrder','actionValidateOrder'),
(2,'paymentConfirm','actionPaymentConfirmation'),
(3,'paymentReturn','displayPaymentReturn'),
(4,'updateQuantity','actionUpdateQuantity'),
(5,'rightColumn','displayRightColumn'),
(6,'leftColumn','displayLeftColumn'),
(7,'home','displayHome'),
(8,'Header','displayHeader'),
(9,'cart','actionCartSave'),
(10,'authentication','actionAuthentication'),
(11,'addproduct','actionProductAdd'),
(12,'updateproduct','actionProductUpdate'),
(13,'top','displayTop'),
(14,'extraRight','displayRightColumnProduct'),
(15,'deleteproduct','actionProductDelete'),
(16,'productfooter','displayFooterProduct'),
(17,'invoice','displayInvoice'),
(18,'updateOrderStatus','actionOrderStatusUpdate'),
(19,'adminOrder','displayAdminOrder'),
(20,'footer','displayFooter'),
(21,'PDFInvoice','displayPDFInvoice'),
(22,'adminCustomers','displayAdminCustomers'),
(23,'orderConfirmation','displayOrderConfirmation'),
(24,'createAccount','actionCustomerAccountAdd'),
(25,'customerAccount','displayCustomerAccount'),
(26,'orderSlip','actionOrderSlipAdd'),
(27,'shoppingCart','displayShoppingCartFooter'),
(28,'createAccountForm','displayCustomerAccountForm'),
(29,'AdminStatsModules','displayAdminStatsModules'),
(30,'GraphEngine','displayAdminStatsGraphEngine'),
(31,'orderReturn','actionOrderReturn'),
(32,'productActions','displayProductAdditionalInfo'),
(33,'displayProductButtons','displayProductAdditionalInfo'),
(34,'backOfficeHome','displayBackOfficeHome'),
(35,'GridEngine','displayAdminStatsGridEngine'),
(36,'watermark','actionWatermark'),
(37,'cancelProduct','actionProductCancel'),
(38,'extraLeft','displayLeftColumnProduct'),
(39,'productOutOfStock','actionProductOutOfStock'),
(40,'updateProductAttribute','actionProductAttributeUpdate'),
(41,'extraCarrier','displayCarrierList'),
(42,'shoppingCartExtra','displayShoppingCart'),
(43,'updateCarrier','actionCarrierUpdate'),
(44,'postUpdateOrderStatus','actionOrderStatusPostUpdate'),
(45,'createAccountTop','displayCustomerAccountFormTop'),
(46,'backOfficeHeader','displayBackOfficeHeader'),
(47,'backOfficeTop','displayBackOfficeTop'),
(48,'backOfficeFooter','displayBackOfficeFooter'),
(49,'deleteProductAttribute','actionProductAttributeDelete'),
(50,'processCarrier','actionCarrierProcess'),
(51,'beforeCarrier','displayBeforeCarrier'),
(52,'orderDetailDisplayed','displayOrderDetail'),
(53,'paymentCCAdded','actionPaymentCCAdd'),
(54,'categoryAddition','actionCategoryAdd'),
(55,'categoryUpdate','actionCategoryUpdate'),
(56,'categoryDeletion','actionCategoryDelete'),
(57,'paymentTop','displayPaymentTop'),
(58,'afterCreateHtaccess','actionHtaccessCreate'),
(59,'afterSaveAdminMeta','actionAdminMetaSave'),
(60,'attributeGroupForm','displayAttributeGroupForm'),
(61,'afterSaveAttributeGroup','actionAttributeGroupSave'),
(62,'afterDeleteAttributeGroup','actionAttributeGroupDelete'),
(63,'featureForm','displayFeatureForm'),
(64,'afterSaveFeature','actionFeatureSave'),
(65,'afterDeleteFeature','actionFeatureDelete'),
(66,'afterSaveProduct','actionProductSave'),
(67,'postProcessAttributeGroup','displayAttributeGroupPostProcess'),
(68,'postProcessFeature','displayFeaturePostProcess'),
(69,'featureValueForm','displayFeatureValueForm'),
(70,'postProcessFeatureValue','displayFeatureValuePostProcess'),
(71,'afterDeleteFeatureValue','actionFeatureValueDelete'),
(72,'afterSaveFeatureValue','actionFeatureValueSave'),
(73,'attributeForm','displayAttributeForm'),
(74,'postProcessAttribute','actionAttributePostProcess'),
(75,'afterDeleteAttribute','actionAttributeDelete'),
(76,'afterSaveAttribute','actionAttributeSave'),
(77,'taxManager','actionTaxManager'),
(78,'myAccountBlock','displayMyAccountBlock'),
(79,'actionBeforeCartUpdateQty','actionCartUpdateQuantityBefore'),
(80,'actionBeforeAjaxDie','actionAjaxDieBefore'),
(81,'actionBeforeAuthentication','actionAuthenticationBefore'),
(82,'actionBeforeSubmitAccount','actionSubmitAccountBefore'),
(83,'displayInvoice','displayAdminOrderTop'),
(84,'displayBackOfficeOrderActions','displayAdminOrderSide'),
(85,'actionFrontControllerAfterInit','actionFrontControllerInitAfter'),
(86,'displayAdminListBefore','displayAdminGridTableBefore'),
(87,'displayAdminListAfter','displayAdminGridTableAfter');

--
-- Table structure for table `imaxhook_module`
--

CREATE TABLE `imaxhook_module` (
  `id_module` int(10) unsigned NOT NULL,
  `id_shop` int(11) unsigned NOT NULL DEFAULT 1,
  `id_hook` int(10) unsigned NOT NULL,
  `position` tinyint(2) unsigned NOT NULL,
  PRIMARY KEY (`id_module`,`id_hook`,`id_shop`),
  KEY `id_hook` (`id_hook`),
  KEY `id_module` (`id_module`),
  KEY `position` (`id_shop`,`position`)
) ENGINE=InnoDB DEFAULT CHARSET=utf8mb4 COLLATE=utf8mb4_general_ci;

--
-- Dumping data for table `imaxhook_module`
--

INSERT INTO `imaxhook_module` VALUES
(1,1,45,1),
(1,1,146,1),
(1,1,328,1),
(2,1,26,1),
(2,1,30,1),
(2,1,895,1),
(2,1,897,1),
(2,1,898,1),
(3,1,32,1),
(3,1,48,1),
(3,1,53,1),
(3,1,80,1),
(3,1,107,1),
(3,1,110,1),
(3,1,212,1),
(3,1,899,1),
(4,1,51,1),
(4,1,127,1),
(5,1,11,1),
(5,1,18,1),
(5,1,902,1),
(5,1,903,1),
(6,1,905,1),
(7,1,904,1),
(9,1,20,1),
(10,1,29,1),
(10,1,87,1),
(10,1,906,1),
(10,1,907,1),
(10,1,908,1),
(10,1,909,1),
(10,1,910,1),
(10,1,911,1),
(10,1,912,1),
(10,1,913,1),
(10,1,914,1),
(10,1,915,1),
(10,1,916,1),
(10,1,917,1),
(10,1,918,1),
(10,1,919,1),
(10,1,920,1),
(10,1,921,1),
(11,1,922,1),
(12,1,19,1),
(13,1,23,1),
(13,1,24,1),
(13,1,923,1),
(13,1,924,1),
(14,1,925,1),
(16,1,926,1),
(16,1,927,1),
(16,1,928,1),
(18,1,74,1),
(19,1,52,1),
(19,1,896,1),
(19,1,929,1),
(19,1,931,1),
(19,1,932,1),
(19,1,933,1),
(21,1,934,1),
(21,1,935,1),
(22,1,35,1),
(22,1,140,1),
(22,1,936,1),
(23,1,17,1),
(24,1,86,1),
(24,1,88,1),
(24,1,93,1),
(24,1,94,1),
(24,1,96,1),
(24,1,97,1),
(24,1,98,1),
(24,1,103,1),
(24,1,104,1),
(24,1,106,1),
(24,1,108,1),
(24,1,431,1),
(24,1,439,1),
(24,1,447,1),
(24,1,664,1),
(24,1,937,1),
(24,1,938,1),
(24,1,939,1),
(24,1,940,1),
(24,1,941,1),
(24,1,942,1),
(24,1,943,1),
(24,1,944,1),
(24,1,945,1),
(24,1,946,1),
(24,1,947,1),
(24,1,948,1),
(24,1,949,1),
(24,1,950,1),
(25,1,14,1),
(26,1,63,1),
(27,1,60,1),
(28,1,8,1),
(28,1,951,1),
(29,1,10,1),
(35,1,953,1),
(35,1,954,1),
(39,1,1,1),
(39,1,28,1),
(39,1,33,1),
(39,1,40,1),
(39,1,50,1),
(39,1,67,1),
(39,1,76,1),
(39,1,81,1),
(39,1,893,1),
(41,1,22,1),
(41,1,955,1),
(42,1,9,1),
(42,1,62,1),
(42,1,70,1),
(42,1,121,1),
(42,1,956,1),
(44,1,957,1),
(47,1,958,1),
(50,1,959,1),
(58,1,703,1),
(58,1,704,1),
(58,1,707,1),
(61,1,960,1),
(68,1,696,1),
(68,1,961,1),
(68,1,962,1),
(68,1,963,1),
(68,1,971,1),
(69,1,46,1),
(69,1,116,1),
(69,1,163,1),
(69,1,417,1),
(69,1,964,1),
(69,1,965,1),
(69,1,966,1),
(69,1,967,1),
(69,1,968,1),
(75,1,970,1),
(3,1,898,2),
(4,1,53,2),
(4,1,899,2),
(7,1,905,2),
(11,1,20,2),
(11,1,29,2),
(12,1,921,2),
(13,1,19,2),
(13,1,32,2),
(13,1,87,2),
(16,1,23,2),
(16,1,24,2),
(19,1,51,2),
(19,1,127,2),
(20,1,896,2),
(21,1,45,2),
(22,1,63,2),
(22,1,931,2),
(22,1,932,2),
(22,1,933,2),
(24,1,17,2),
(29,1,912,2),
(29,1,913,2),
(29,1,914,2),
(31,1,60,2),
(32,1,10,2),
(32,1,915,2),
(32,1,916,2),
(32,1,917,2),
(39,1,35,2),
(39,1,74,2),
(41,1,28,2),
(42,1,1,2),
(42,1,80,2),
(42,1,110,2),
(53,1,918,2),
(53,1,919,2),
(54,1,76,2),
(55,1,953,2),
(55,1,954,2),
(56,1,50,2),
(56,1,951,2),
(66,1,8,2),
(68,1,9,2),
(68,1,163,2),
(69,1,40,2),
(69,1,86,2),
(69,1,98,2),
(76,1,970,2),
(2,1,896,3),
(5,1,45,3),
(8,1,905,3),
(12,1,20,3),
(14,1,19,3),
(15,1,921,3),
(16,1,32,3),
(17,1,23,3),
(17,1,24,3),
(19,1,898,3),
(24,1,87,3),
(25,1,931,3),
(29,1,17,3),
(33,1,60,3),
(34,1,29,3),
(35,1,899,3),
(42,1,53,3),
(42,1,63,3),
(42,1,932,3),
(42,1,933,3),
(46,1,35,3),
(57,1,74,3),
(59,1,127,3),
(61,1,954,3),
(63,1,953,3),
(66,1,951,3),
(68,1,1,3),
(68,1,28,3),
(68,1,76,3),
(75,1,40,3),
(75,1,98,3),
(3,1,45,4),
(9,1,905,4),
(15,1,19,4),
(17,1,32,4),
(18,1,23,4),
(18,1,24,4),
(20,1,898,4),
(22,1,20,4),
(32,1,17,4),
(34,1,60,4),
(42,1,899,4),
(42,1,931,4),
(53,1,35,4),
(53,1,63,4),
(63,1,954,4),
(68,1,29,4),
(69,1,1,4),
(69,1,74,4),
(69,1,87,4),
(76,1,40,4),
(76,1,98,4),
(16,1,19,5),
(18,1,32,5),
(36,1,60,5),
(39,1,20,5),
(42,1,898,5),
(44,1,899,5),
(46,1,23,5),
(46,1,24,5),
(57,1,35,5),
(17,1,19,6),
(37,1,60,6),
(42,1,32,6),
(61,1,899,6),
(68,1,898,6),
(18,1,19,7),
(38,1,60,7),
(46,1,32,7),
(63,1,899,7),
(43,1,60,8),
(69,1,32,8),
(45,1,60,9),
(47,1,60,10),
(48,1,60,11),
(49,1,60,12),
(51,1,60,13),
(52,1,60,14),
(60,1,60,15),
(62,1,60,16),
(64,1,60,17),
(65,1,60,18);

--
-- Table structure for table `imaxhook_module_exceptions`
--

CREATE TABLE `imaxhook_module_exceptions` (
  `id_hook_module_exceptions` int(10) unsigned NOT NULL AUTO_INCREMENT,
  `id_shop` int(11) unsigned NOT NULL DEFAULT 1,
  `id_module` int(10) unsigned NOT NULL,
  `id_hook` int(10) unsigned NOT NULL,
  `file_name` varchar(255) DEFAULT NULL,
  PRIMARY KEY (`id_hook_module_exceptions`),
  KEY `id_module` (`id_module`),
  KEY `id_hook` (`id_hook`)
) ENGINE=InnoDB DEFAULT CHARSET=utf8mb4 COLLATE=utf8mb4_general_ci;

--
-- Dumping data for table `imaxhook_module_exceptions`
--


--
-- Table structure for table `imaximage`
--

CREATE TABLE `imaximage` (
  `id_image` int(10) unsigned NOT NULL AUTO_INCREMENT,
  `id_product` int(10) unsigned NOT NULL,
  `position` smallint(2) unsigned NOT NULL DEFAULT 0,
  `cover` tinyint(1) unsigned DEFAULT NULL,
  PRIMARY KEY (`id_image`),
  UNIQUE KEY `id_product_cover` (`id_product`,`cover`),
  UNIQUE KEY `idx_product_image` (`id_image`,`id_product`,`cover`),
  KEY `image_product` (`id_product`)
) ENGINE=InnoDB AUTO_INCREMENT=4 DEFAULT CHARSET=utf8mb4 COLLATE=utf8mb4_general_ci;

--
-- Dumping data for table `imaximage`
--

INSERT INTO `imaximage` VALUES
(1,3,1,1),
(2,2,1,1),
(3,1,1,1);

--
-- Table structure for table `imaximage_lang`
--

CREATE TABLE `imaximage_lang` (
  `id_image` int(10) unsigned NOT NULL,
  `id_lang` int(10) unsigned NOT NULL,
  `legend` varchar(128) DEFAULT NULL,
  PRIMARY KEY (`id_image`,`id_lang`),
  KEY `id_image` (`id_image`)
) ENGINE=InnoDB DEFAULT CHARSET=utf8mb4 COLLATE=utf8mb4_general_ci;

--
-- Dumping data for table `imaximage_lang`
--

INSERT INTO `imaximage_lang` VALUES
(1,1,''),
(2,1,''),
(3,1,'');

--
-- Table structure for table `imaximage_shop`
--

CREATE TABLE `imaximage_shop` (
  `id_product` int(10) unsigned NOT NULL,
  `id_image` int(11) unsigned NOT NULL,
  `id_shop` int(11) unsigned NOT NULL,
  `cover` tinyint(1) unsigned DEFAULT NULL,
  PRIMARY KEY (`id_image`,`id_shop`),
  UNIQUE KEY `id_product` (`id_product`,`id_shop`,`cover`),
  KEY `id_shop` (`id_shop`)
) ENGINE=InnoDB DEFAULT CHARSET=utf8mb4 COLLATE=utf8mb4_general_ci;

--
-- Dumping data for table `imaximage_shop`
--

INSERT INTO `imaximage_shop` VALUES
(1,3,1,1),
(2,2,1,1),
(3,1,1,1);

--
-- Table structure for table `imaximage_type`
--

CREATE TABLE `imaximage_type` (
  `id_image_type` int(10) unsigned NOT NULL AUTO_INCREMENT,
  `name` varchar(64) NOT NULL,
  `width` int(10) unsigned NOT NULL,
  `height` int(10) unsigned NOT NULL,
  `products` tinyint(1) NOT NULL DEFAULT 1,
  `categories` tinyint(1) NOT NULL DEFAULT 1,
  `manufacturers` tinyint(1) NOT NULL DEFAULT 1,
  `suppliers` tinyint(1) NOT NULL DEFAULT 1,
  `stores` tinyint(1) NOT NULL DEFAULT 1,
  PRIMARY KEY (`id_image_type`),
  KEY `image_type_name` (`name`)
) ENGINE=InnoDB AUTO_INCREMENT=8 DEFAULT CHARSET=utf8mb4 COLLATE=utf8mb4_general_ci;

--
-- Dumping data for table `imaximage_type`
--

INSERT INTO `imaximage_type` VALUES
(1,'cart_default',125,125,1,0,0,0,0),
(2,'small_default',98,98,1,1,1,1,0),
(3,'medium_default',452,452,1,0,1,1,0),
(4,'home_default',250,250,1,0,0,0,0),
(5,'large_default',800,800,1,0,1,1,0),
(6,'category_default',141,180,0,1,0,0,0),
(7,'stores_default',170,115,0,0,0,0,1);

--
-- Table structure for table `imaximax_multi_alma_almacenStockVirtual`
--

CREATE TABLE `imaximax_multi_alma_almacenStockVirtual` (
  `id_warehouse` int(10) NOT NULL,
  `id_warehouse_origen` int(10) NOT NULL,
  PRIMARY KEY (`id_warehouse`,`id_warehouse_origen`)
) ENGINE=MyISAM DEFAULT CHARSET=utf8mb3 COLLATE=utf8mb3_general_ci;

--
-- Dumping data for table `imaximax_multi_alma_almacenStockVirtual`
--

INSERT INTO `imaximax_multi_alma_almacenStockVirtual` VALUES
(1,2),
(1,3),
(1,4),
(1,5);

--
-- Table structure for table `imaximax_multi_alma_asignacionAlmacen`
--

CREATE TABLE `imaximax_multi_alma_asignacionAlmacen` (
  `id_country` int(10) NOT NULL,
  `id_state` int(10) NOT NULL DEFAULT 0,
  `id_group` int(10) NOT NULL DEFAULT 0,
  `id_warehouse` int(10) NOT NULL,
  PRIMARY KEY (`id_country`,`id_state`,`id_group`)
) ENGINE=MyISAM DEFAULT CHARSET=utf8mb3 COLLATE=utf8mb3_general_ci;

--
-- Dumping data for table `imaximax_multi_alma_asignacionAlmacen`
--

INSERT INTO `imaximax_multi_alma_asignacionAlmacen` VALUES
(6,353,0,0),
(6,354,0,0),
(6,355,0,0),
(6,356,0,0),
(6,357,0,0),
(6,358,0,0),
(6,359,0,0),
(6,360,0,0),
(6,361,0,0),
(6,362,0,0),
(6,363,0,0),
(6,364,0,0),
(6,365,0,0),
(6,366,0,0),
(6,367,0,0),
(6,368,0,0),
(6,369,0,0),
(6,370,0,0),
(6,371,0,0),
(6,372,0,0),
(6,373,0,0),
(6,374,0,0),
(6,375,0,0),
(6,376,0,0),
(6,377,0,0),
(6,378,0,0),
(6,379,0,0),
(6,380,0,0),
(6,381,0,0),
(6,382,0,0),
(6,383,0,0),
(6,384,0,0),
(6,385,0,0),
(6,386,0,0),
(6,387,0,0),
(6,388,0,0),
(6,389,0,0),
(6,390,0,0),
(6,391,0,0),
(6,392,0,0),
(6,393,0,0),
(6,394,0,0),
(6,395,0,0),
(6,396,0,0),
(6,397,0,0),
(6,398,0,0),
(6,399,0,0),
(6,400,0,0),
(6,401,0,0),
(6,402,0,0),
(6,403,0,0),
(6,404,0,0);

--
-- Table structure for table `imaximax_multi_alma_asignacionAlmacenPago`
--

CREATE TABLE `imaximax_multi_alma_asignacionAlmacenPago` (
  `forma_pago` varchar(200) NOT NULL,
  `id_group` int(10) NOT NULL DEFAULT 0,
  `id_warehouse` int(10) NOT NULL,
  PRIMARY KEY (`forma_pago`,`id_group`)
) ENGINE=MyISAM DEFAULT CHARSET=utf8mb3 COLLATE=utf8mb3_general_ci;

--
-- Dumping data for table `imaximax_multi_alma_asignacionAlmacenPago`
--


--
-- Table structure for table `imaximax_multi_alma_extraMovimiento_advanced`
--

CREATE TABLE `imaximax_multi_alma_extraMovimiento_advanced` (
  `id_stock_available_advanced` int(11) unsigned NOT NULL,
  `id_warehouse` int(11) NOT NULL,
  PRIMARY KEY (`id_stock_available_advanced`)
) ENGINE=MyISAM DEFAULT CHARSET=utf8mb3 COLLATE=utf8mb3_general_ci;

--
-- Dumping data for table `imaximax_multi_alma_extraMovimiento_advanced`
--

INSERT INTO `imaximax_multi_alma_extraMovimiento_advanced` VALUES
(1,5),
(2,1),
(3,5),
(4,5),
(5,1),
(6,1),
(7,1),
(8,1),
(9,5),
(10,1),
(11,1),
(12,1),
(13,1);

--
-- Table structure for table `imaximax_multi_alma_extraStock_advanced`
--

CREATE TABLE `imaximax_multi_alma_extraStock_advanced` (
  `id_stock` int(11) unsigned NOT NULL,
  `comments` varchar(255) DEFAULT NULL,
  PRIMARY KEY (`id_stock`)
) ENGINE=MyISAM DEFAULT CHARSET=utf8mb3 COLLATE=utf8mb3_general_ci;

--
-- Dumping data for table `imaximax_multi_alma_extraStock_advanced`
--

INSERT INTO `imaximax_multi_alma_extraStock_advanced` VALUES
(1,'');

--
-- Table structure for table `imaximax_multi_alma_text_stock`
--

CREATE TABLE `imaximax_multi_alma_text_stock` (
  `id` int(10) NOT NULL AUTO_INCREMENT,
  `product_id` int(10) NOT NULL,
  `product_attribute_id` int(10) NOT NULL DEFAULT 0,
  `id_group` int(10) NOT NULL DEFAULT 0,
  `id_warehouse` int(10) NOT NULL,
  `orden_almacen` int(10) NOT NULL DEFAULT 1,
  `regla_stock_ref` int(10) NOT NULL,
  `stock_ref` int(10) NOT NULL,
  `text_con_stock` varchar(255) DEFAULT NULL,
  `text_sin_stock` varchar(255) DEFAULT NULL,
  PRIMARY KEY (`id`),
  KEY `product_id` (`product_id`,`product_attribute_id`,`id_warehouse`),
  KEY `orden_almacen` (`orden_almacen`)
) ENGINE=MyISAM DEFAULT CHARSET=utf8mb3 COLLATE=utf8mb3_general_ci;

--
-- Dumping data for table `imaximax_multi_alma_text_stock`
--


--
-- Table structure for table `imaximax_multi_alma_text_stock_idi`
--

CREATE TABLE `imaximax_multi_alma_text_stock_idi` (
  `id` int(10) NOT NULL AUTO_INCREMENT,
  `id_text_stock` int(10) NOT NULL,
  `id_lang` int(10) NOT NULL,
  `text_con_stock` varchar(255) DEFAULT NULL,
  `text_sin_stock` varchar(255) DEFAULT NULL,
  PRIMARY KEY (`id`),
  KEY `id_text_stock` (`id_text_stock`),
  KEY `id_lang` (`id_lang`)
) ENGINE=MyISAM DEFAULT CHARSET=utf8mb3 COLLATE=utf8mb3_general_ci;

--
-- Dumping data for table `imaximax_multi_alma_text_stock_idi`
--


--
-- Table structure for table `imaximax_multi_alma_warehouse_carrier`
--

CREATE TABLE `imaximax_multi_alma_warehouse_carrier` (
  `id_warehouse` int(10) NOT NULL,
  `transportistas` blob DEFAULT NULL,
  PRIMARY KEY (`id_warehouse`)
) ENGINE=MyISAM DEFAULT CHARSET=utf8mb3 COLLATE=utf8mb3_general_ci;

--
-- Dumping data for table `imaximax_multi_alma_warehouse_carrier`
--

INSERT INTO `imaximax_multi_alma_warehouse_carrier` VALUES
(1,'a:0:{}'),
(2,'a:0:{}'),
(3,'a:0:{}'),
(4,'a:0:{}');

--
-- Table structure for table `imaximax_multi_alma_warehouse_cart`
--

CREATE TABLE `imaximax_multi_alma_warehouse_cart` (
  `id_cart` int(10) NOT NULL,
  `id_warehouse` int(10) NOT NULL,
  PRIMARY KEY (`id_cart`)
) ENGINE=MyISAM DEFAULT CHARSET=utf8mb3 COLLATE=utf8mb3_general_ci;

--
-- Dumping data for table `imaximax_multi_alma_warehouse_cart`
--

INSERT INTO `imaximax_multi_alma_warehouse_cart` VALUES
(31,2),
(32,2),
(34,2),
(35,2),
(36,2),
(37,2),
(38,2),
(39,2),
(40,2),
(41,1),
(42,1),
(43,1),
(45,1),
(46,2),
(48,2),
(49,1),
(50,1),
(51,1),
(52,1),
(53,1),
(54,1),
(55,1),
(56,1),
(57,1),
(58,1),
(59,1),
(60,1);

--
-- Table structure for table `imaximax_multi_alma_warehouse_order`
--

CREATE TABLE `imaximax_multi_alma_warehouse_order` (
  `id_order` int(10) NOT NULL,
  `id_warehouse` int(10) NOT NULL,
  PRIMARY KEY (`id_order`)
) ENGINE=MyISAM DEFAULT CHARSET=utf8mb3 COLLATE=utf8mb3_general_ci;

--
-- Dumping data for table `imaximax_multi_alma_warehouse_order`
--

INSERT INTO `imaximax_multi_alma_warehouse_order` VALUES
(1,1),
(2,1),
(3,1),
(4,1),
(5,2),
(6,1),
(7,1),
(8,1),
(9,2),
(10,2),
(11,2),
(12,2),
(13,2),
(14,2),
(15,2),
(16,2),
(17,2),
(18,2),
(19,2),
(20,2),
(21,2),
(22,2),
(23,2),
(24,2),
(25,2),
(26,2),
(27,2),
(28,2),
(29,2),
(30,2),
(31,2),
(32,2),
(33,2),
(34,2),
(35,2),
(36,2),
(37,2),
(38,2),
(39,1),
(40,1),
(41,1),
(42,1),
(43,2),
(44,2),
(45,1),
(46,1),
(47,1),
(48,1),
(49,1),
(50,1),
(51,1),
(52,1),
(53,1),
(54,1),
(55,1),
(56,1);

--
-- Table structure for table `imaximax_multi_alma_warehouse_show`
--

CREATE TABLE `imaximax_multi_alma_warehouse_show` (
  `id_warehouse` int(10) NOT NULL,
  `mostrarGrupos` tinyint(1) NOT NULL DEFAULT 0,
  `mostrarComerciales` tinyint(1) NOT NULL DEFAULT 0,
  `mostrarClientes` tinyint(1) NOT NULL DEFAULT 0,
  PRIMARY KEY (`id_warehouse`)
) ENGINE=MyISAM DEFAULT CHARSET=utf8mb3 COLLATE=utf8mb3_general_ci;

--
-- Dumping data for table `imaximax_multi_alma_warehouse_show`
--

INSERT INTO `imaximax_multi_alma_warehouse_show` VALUES
(1,1,1,1),
(2,1,1,1),
(3,1,1,1),
(4,1,1,1);

--
-- Table structure for table `imaximax_multi_alma_warehouse_show_group`
--

CREATE TABLE `imaximax_multi_alma_warehouse_show_group` (
  `id_warehouse` int(10) NOT NULL,
  `id_group` int(10) NOT NULL,
  PRIMARY KEY (`id_warehouse`,`id_group`)
) ENGINE=MyISAM DEFAULT CHARSET=utf8mb3 COLLATE=utf8mb3_general_ci;

--
-- Dumping data for table `imaximax_multi_alma_warehouse_show_group`
--


--
-- Table structure for table `imaximax_multi_alma_warehouse_show_lang`
--

CREATE TABLE `imaximax_multi_alma_warehouse_show_lang` (
  `id_warehouse` int(10) NOT NULL,
  `id_lang` int(10) NOT NULL,
  `nombreVisible` varchar(255) NOT NULL,
  PRIMARY KEY (`id_warehouse`,`id_lang`)
) ENGINE=MyISAM DEFAULT CHARSET=utf8mb3 COLLATE=utf8mb3_general_ci;

--
-- Dumping data for table `imaximax_multi_alma_warehouse_show_lang`
--

INSERT INTO `imaximax_multi_alma_warehouse_show_lang` VALUES
(1,1,'Almacen Virtual - Almacen '),
(2,1,'almacen - almacen'),
(3,1,'Posición2 - Posición2'),
(4,1,'abc - Almacén ABC');

--
-- Table structure for table `imaximaximppedser_altaCompras`
--

CREATE TABLE `imaximaximppedser_altaCompras` (
  `id` int(10) NOT NULL AUTO_INCREMENT,
  `referencia` varchar(255) DEFAULT NULL,
  `fechaEntrada` timestamp NULL DEFAULT NULL,
  `finalizado` tinyint(1) NOT NULL DEFAULT 0,
  `empleadoFinaliza` int(11) DEFAULT NULL,
  `fechaFinaliza` timestamp NULL DEFAULT NULL,
  `stockAgregado` tinyint(1) NOT NULL DEFAULT 0,
  PRIMARY KEY (`id`)
) ENGINE=MyISAM AUTO_INCREMENT=34 DEFAULT CHARSET=utf8mb3 COLLATE=utf8mb3_general_ci;

--
-- Dumping data for table `imaximaximppedser_altaCompras`
--

INSERT INTO `imaximaximppedser_altaCompras` VALUES
(2,'test','2024-05-20 22:00:00',1,1,'2024-06-20 10:36:59',1),
(3,'test 2','2024-06-17 22:00:00',1,1,'2024-06-21 07:53:36',1),
(4,'test 3','2024-06-18 22:00:00',1,1,'2024-06-21 08:40:25',1),
(5,'test 4','2024-06-17 22:00:00',1,1,'2024-06-21 10:58:49',1),
(6,'test 5','2024-06-17 22:00:00',1,1,'2024-06-21 11:01:01',1),
(7,'test 6','2024-06-19 22:00:00',1,1,'2024-06-21 11:06:56',1),
(8,'test 7','2024-06-18 22:00:00',1,1,'2024-06-21 11:11:52',1),
(9,'test 8','2024-06-19 22:00:00',1,1,'2024-06-21 11:14:32',1),
(10,'test 9','2024-06-19 22:00:00',1,1,'2024-06-21 11:17:11',1),
(11,'test 10','2024-06-10 22:00:00',1,1,'2024-06-21 11:20:32',1),
(12,'test 11','2024-06-19 22:00:00',1,1,'2024-06-21 11:28:23',1),
(13,'test 12','2024-06-19 22:00:00',1,1,'2024-06-21 11:38:00',1),
(14,'nnn','2024-06-23 22:00:00',1,1,'2024-06-24 09:25:41',1),
(18,'test 10','2024-07-31 22:00:00',1,1,'2024-08-02 11:35:32',1),
(17,'pedido1','2024-07-31 22:00:00',1,1,'2024-08-02 11:30:14',1),
(19,'test 2','2024-07-31 22:00:00',1,1,'2024-08-02 11:53:18',1),
(20,'adrian_1','2024-08-12 22:00:00',1,1,'2024-08-08 08:57:05',0),
(21,'adfadsf','2024-08-07 22:00:00',1,1,'2024-08-08 07:04:09',1),
(22,'aaaa','2024-08-07 22:00:00',1,1,'2024-08-08 07:05:58',1),
(23,'adrian_2','2024-08-06 22:00:00',1,1,'2024-08-08 08:57:54',0),
(24,'nnn','2024-08-07 22:00:00',1,1,'2024-08-08 11:15:18',1),
(25,'Adrian','2024-09-15 22:00:00',1,1,'2024-09-20 08:24:44',1),
(26,'test 100','2024-09-02 22:00:00',1,1,'2024-09-18 08:05:18',1),
(27,'test 100','2024-09-17 22:00:00',1,1,'2024-09-19 13:47:52',1),
(28,'test 101','2024-09-18 22:00:00',1,1,'2024-09-19 13:52:26',1),
(29,'ref_150','2024-09-18 22:00:00',1,1,'2024-09-20 06:46:13',1),
(30,'ref_151','2024-09-19 22:00:00',1,1,'2024-09-20 06:48:09',1),
(31,'ref_152','2024-09-18 22:00:00',1,1,'2024-09-20 06:52:19',1),
(32,'ref_152','2024-09-18 22:00:00',1,1,'2024-09-20 06:53:37',1),
(33,'ref_153','2024-09-18 22:00:00',1,1,'2024-09-20 07:02:10',1);

--
-- Table structure for table `imaximaximppedser_altaComprasDetalle`
--

CREATE TABLE `imaximaximppedser_altaComprasDetalle` (
  `id` int(10) NOT NULL AUTO_INCREMENT,
  `idAlta` int(10) NOT NULL,
  `id_product` int(10) NOT NULL,
  `id_product_attribute` int(10) NOT NULL,
  `stock` int(10) NOT NULL,
  `stockRecibido` int(10) NOT NULL,
  `ref_fabrica` varchar(255) NOT NULL,
  `ean` varchar(255) NOT NULL,
  `referencia` varchar(255) NOT NULL,
  PRIMARY KEY (`id`),
  KEY `idAlta` (`idAlta`),
  KEY `id_product` (`id_product`,`id_product_attribute`)
) ENGINE=MyISAM AUTO_INCREMENT=64 DEFAULT CHARSET=utf8mb3 COLLATE=utf8mb3_general_ci;

--
-- Dumping data for table `imaximaximppedser_altaComprasDetalle`
--

INSERT INTO `imaximaximppedser_altaComprasDetalle` VALUES
(1,2,2,0,20,20,'ABC-123456','','qwer'),
(2,2,1,0,25,18,'12356_ABC','1234567891234','abcd'),
(3,3,1,0,25,20,'12356_ABC','1234567891234','abcd'),
(4,4,1,0,25,20,'12356_ABC','1234567891234','abcd'),
(5,4,2,0,20,20,'ABC-123456','','qwer'),
(6,5,1,0,25,20,'12356_ABC','1234567891234','abcd'),
(7,5,2,0,20,20,'ABC-123456','','qwer'),
(8,6,1,0,25,20,'12356_ABC','1234567891234','abcd'),
(9,6,2,0,20,20,'ABC-123456','','qwer'),
(10,7,1,0,25,20,'12356_ABC','1234567891234','abcd'),
(11,7,2,0,20,20,'ABC-123456','','qwer'),
(12,8,1,0,25,20,'12356_ABC','1234567891234','abcd'),
(13,8,2,0,20,20,'ABC-123456','','qwer'),
(14,9,1,0,25,20,'12356_ABC','1234567891234','abcd'),
(15,9,2,0,20,20,'ABC-123456','','qwer'),
(16,10,1,0,25,20,'12356_ABC','1234567891234','abcd'),
(17,10,2,0,20,20,'ABC-123456','','qwer'),
(18,11,1,0,25,20,'12356_ABC','1234567891234','abcd'),
(19,11,2,0,20,20,'ABC-123456','','qwer'),
(20,12,1,0,25,20,'12356_ABC','1234567891234','abcd'),
(21,12,2,0,20,20,'ABC-123456','','qwer'),
(22,13,1,0,25,20,'12356_ABC','1234567891234','abcd'),
(23,13,2,0,20,20,'ABC-123456','','qwer'),
(24,14,1,0,25,5,'12356_ABC','1234567891234','abcd'),
(25,14,2,0,20,10,'ABC-123456','','qwer'),
(31,17,3,4,20,5,'ABC-123456','','rojom'),
(32,18,3,3,25,5,'12356_ABC','1234567891234','rojol'),
(30,17,3,3,25,5,'12356_ABC','1234567891234','rojol'),
(33,18,3,4,20,5,'ABC-123456','','rojom'),
(34,19,3,3,25,5,'12356_ABC','1234567891234','rojol'),
(35,19,3,4,20,5,'ABC-123456','','rojom'),
(36,20,3,3,25,5,'12356_ABC','1234567891234','rojol'),
(37,20,3,4,20,5,'ABC-123456','','rojom'),
(38,21,3,3,25,10,'12356_ABC','1234567891234','rojol'),
(39,21,3,4,20,10,'ABC-123456','','rojom'),
(40,22,3,3,25,10,'12356_ABC','1234567891234','rojol'),
(41,22,3,4,20,10,'ABC-123456','','rojom'),
(42,23,3,3,25,1,'12356_ABC','1234567891234','rojol'),
(43,23,3,4,20,1,'ABC-123456','','rojom'),
(44,24,3,3,25,5,'12356_ABC','1234567891234','rojol'),
(45,24,3,4,20,10,'ABC-123456','','rojom'),
(46,25,3,3,25,9,'12356_ABC','1234567891234','rojol'),
(47,25,3,4,20,4,'ABC-123456','','rojom'),
(48,26,3,3,25,5,'12356_ABC','1234567891234','rojol'),
(49,26,3,4,20,0,'ABC-123456','','rojom'),
(50,27,3,3,25,0,'12356_ABC','1234567891234','rojol'),
(51,27,3,4,20,5,'ABC-123456','','rojom'),
(52,28,3,3,25,6,'12356_ABC','1234567891234','rojol'),
(53,28,3,4,20,5,'ABC-123456','','rojom'),
(54,29,3,3,25,5,'12356_ABC','1234567891234','rojol'),
(55,29,3,4,20,10,'ABC-123456','','rojom'),
(56,30,3,3,25,10,'12356_ABC','1234567891234','rojol'),
(57,30,3,4,20,5,'ABC-123456','','rojom'),
(58,31,3,3,25,10,'12356_ABC','1234567891234','rojol'),
(59,31,3,4,20,5,'ABC-123456','','rojom'),
(60,32,3,3,25,0,'12356_ABC','1234567891234','rojol'),
(61,32,3,4,20,5,'ABC-123456','','rojom'),
(62,33,3,3,25,0,'12356_ABC','1234567891234','rojol'),
(63,33,3,4,20,5,'ABC-123456','','rojom');

--
-- Table structure for table `imaximaximppedser_bloqueoPedido`
--

CREATE TABLE `imaximaximppedser_bloqueoPedido` (
  `idPedido` int(10) NOT NULL,
  `idTipoPedido` tinyint(1) NOT NULL DEFAULT 0,
  `idEmpleado` int(10) NOT NULL,
  `uniq` char(23) NOT NULL DEFAULT '',
  `acceso` timestamp NOT NULL DEFAULT current_timestamp() ON UPDATE current_timestamp(),
  PRIMARY KEY (`idPedido`,`idTipoPedido`)
) ENGINE=MyISAM DEFAULT CHARSET=utf8mb3 COLLATE=utf8mb3_general_ci;

--
-- Dumping data for table `imaximaximppedser_bloqueoPedido`
--

INSERT INTO `imaximaximppedser_bloqueoPedido` VALUES
(39,0,1,'66b46c6ea5c6a0.26765378','2024-08-08 06:59:50'),
(45,0,1,'66ed2e01ecf258.05021865','2024-09-20 08:18:27');

--
-- Table structure for table `imaximaximppedser_catExtra`
--

CREATE TABLE `imaximaximppedser_catExtra` (
  `id_category` int(10) NOT NULL,
  `dhlAirContenido` varchar(255) DEFAULT NULL,
  PRIMARY KEY (`id_category`)
) ENGINE=MyISAM DEFAULT CHARSET=utf8mb3 COLLATE=utf8mb3_general_ci;

--
-- Dumping data for table `imaximaximppedser_catExtra`
--

INSERT INTO `imaximaximppedser_catExtra` VALUES
(3,'');

--
-- Table structure for table `imaximaximppedser_descarga`
--

CREATE TABLE `imaximaximppedser_descarga` (
  `idPedido` int(10) NOT NULL,
  `pedidoDescargado` tinyint(1) NOT NULL DEFAULT 0,
  `facturaDescargado` tinyint(1) NOT NULL DEFAULT 0,
  `etiquetaDescargado` tinyint(1) NOT NULL DEFAULT 0,
  PRIMARY KEY (`idPedido`)
) ENGINE=InnoDB DEFAULT CHARSET=utf8mb3 COLLATE=utf8mb3_general_ci;

--
-- Dumping data for table `imaximaximppedser_descarga`
--


--
-- Table structure for table `imaximaximppedser_employeeExtra`
--

CREATE TABLE `imaximaximppedser_employeeExtra` (
  `id_employee` int(10) NOT NULL,
  `proveedores` blob DEFAULT NULL,
  `formasPago` blob DEFAULT NULL,
  PRIMARY KEY (`id_employee`)
) ENGINE=MyISAM DEFAULT CHARSET=utf8mb3 COLLATE=utf8mb3_general_ci;

--
-- Dumping data for table `imaximaximppedser_employeeExtra`
--


--
-- Table structure for table `imaximaximppedser_estadoMontable`
--

CREATE TABLE `imaximaximppedser_estadoMontable` (
  `idEstadoPedido` int(10) NOT NULL,
  `id_employee` int(10) NOT NULL,
  PRIMARY KEY (`idEstadoPedido`,`id_employee`)
) ENGINE=MyISAM DEFAULT CHARSET=utf8mb3 COLLATE=utf8mb3_general_ci;

--
-- Dumping data for table `imaximaximppedser_estadoMontable`
--

INSERT INTO `imaximaximppedser_estadoMontable` VALUES
(2,1);

--
-- Table structure for table `imaximaximppedser_etiquetaProductoImpresa`
--

CREATE TABLE `imaximaximppedser_etiquetaProductoImpresa` (
  `id_order` int(10) NOT NULL,
  `id_product` int(10) NOT NULL,
  `id_product_attribute` int(10) NOT NULL,
  `id_employee` int(10) NOT NULL,
  PRIMARY KEY (`id_order`,`id_product`,`id_product_attribute`)
) ENGINE=MyISAM DEFAULT CHARSET=utf8mb3 COLLATE=utf8mb3_general_ci;

--
-- Dumping data for table `imaximaximppedser_etiquetaProductoImpresa`
--


--
-- Table structure for table `imaximaximppedser_extraProducto`
--

CREATE TABLE `imaximaximppedser_extraProducto` (
  `id_product` int(10) NOT NULL,
  `id_product_attribute` int(10) NOT NULL DEFAULT 0,
  `ubicacion` varchar(255) DEFAULT NULL,
  PRIMARY KEY (`id_product`,`id_product_attribute`)
) ENGINE=MyISAM DEFAULT CHARSET=utf8mb3 COLLATE=utf8mb3_general_ci;

--
-- Dumping data for table `imaximaximppedser_extraProducto`
--


--
-- Table structure for table `imaximaximppedser_filaPedidoEliminada`
--

CREATE TABLE `imaximaximppedser_filaPedidoEliminada` (
  `id_order` int(10) NOT NULL,
  `id_order_detail` int(10) NOT NULL,
  `id_employee` int(10) NOT NULL,
  `fila` blob NOT NULL,
  `fecha` timestamp NOT NULL DEFAULT current_timestamp(),
  PRIMARY KEY (`id_order`,`id_order_detail`)
) ENGINE=MyISAM DEFAULT CHARSET=utf8mb3 COLLATE=utf8mb3_general_ci;

--
-- Dumping data for table `imaximaximppedser_filaPedidoEliminada`
--


--
-- Table structure for table `imaximaximppedser_imagenPendiente`
--

CREATE TABLE `imaximaximppedser_imagenPendiente` (
  `id` int(11) NOT NULL AUTO_INCREMENT,
  `id_imagen` int(11) NOT NULL,
  `id_product` int(11) NOT NULL,
  `urlImagen` varchar(1000) DEFAULT NULL,
  `hash` varchar(250) DEFAULT NULL,
  `esPrincipal` int(1) DEFAULT 0,
  `procesado` int(1) DEFAULT 0,
  `numIntentos` tinyint(1) NOT NULL DEFAULT 0,
  PRIMARY KEY (`id`),
  UNIQUE KEY `hash` (`hash`)
) ENGINE=MyISAM DEFAULT CHARSET=utf8mb3 COLLATE=utf8mb3_general_ci;

--
-- Dumping data for table `imaximaximppedser_imagenPendiente`
--


--
-- Table structure for table `imaximaximppedser_imprimirEtiqueta`
--

CREATE TABLE `imaximaximppedser_imprimirEtiqueta` (
  `idPedido` int(10) NOT NULL,
  `etiqueta` tinyint(1) NOT NULL DEFAULT 1,
  `pedido` tinyint(1) NOT NULL DEFAULT 0,
  `factura` tinyint(1) NOT NULL DEFAULT 0,
  PRIMARY KEY (`idPedido`)
) ENGINE=MyISAM DEFAULT CHARSET=utf8mb3 COLLATE=utf8mb3_general_ci;

--
-- Dumping data for table `imaximaximppedser_imprimirEtiqueta`
--


--
-- Table structure for table `imaximaximppedser_imprimirEtiquetaProducto`
--

CREATE TABLE `imaximaximppedser_imprimirEtiquetaProducto` (
  `id_order` int(10) NOT NULL,
  `id_product` int(10) NOT NULL,
  `id_product_attribute` int(10) NOT NULL,
  `id_employee` int(10) NOT NULL,
  PRIMARY KEY (`id_order`,`id_product`,`id_product_attribute`)
) ENGINE=MyISAM DEFAULT CHARSET=utf8mb3 COLLATE=utf8mb3_general_ci;

--
-- Dumping data for table `imaximaximppedser_imprimirEtiquetaProducto`
--


--
-- Table structure for table `imaximaximppedser_licencias`
--

CREATE TABLE `imaximaximppedser_licencias` (
  `id` int(11) NOT NULL AUTO_INCREMENT,
  `nombre` varchar(50) NOT NULL,
  `licencia` varchar(50) NOT NULL,
  `numCheck` int(11) NOT NULL DEFAULT 1001,
  `validate` tinyint(2) NOT NULL DEFAULT 0,
  PRIMARY KEY (`id`)
) ENGINE=MyISAM AUTO_INCREMENT=6 DEFAULT CHARSET=utf8mb4 COLLATE=utf8mb4_general_ci;

--
-- Dumping data for table `imaximaximppedser_licencias`
--

INSERT INTO `imaximaximppedser_licencias` VALUES
(1,'imaximprimepedidosservidorpda','sss',17,1),
(2,'imaximprimepedidosservidorpdaentrada','aaa',26,1),
(3,'imaximprimepedidosservidornumserie','aaaa',51,1),
(4,'imaximprimepedidosservidorfastprinting','aaaa',50,1),
(5,'imaximprimepedidosservidorimpresionsocket','aaaa',1002,0);

--
-- Table structure for table `imaximaximppedser_mensajeAltaCompra`
--

CREATE TABLE `imaximaximppedser_mensajeAltaCompra` (
  `idMensaje` int(11) NOT NULL AUTO_INCREMENT,
  `idAltaCompra` int(11) NOT NULL,
  `mensaje` varchar(255) NOT NULL,
  `id_employee` int(11) DEFAULT NULL,
  PRIMARY KEY (`idMensaje`),
  KEY `idAltaCompra` (`idAltaCompra`)
) ENGINE=MyISAM DEFAULT CHARSET=utf8mb3 COLLATE=utf8mb3_spanish2_ci;

--
-- Dumping data for table `imaximaximppedser_mensajeAltaCompra`
--


--
-- Table structure for table `imaximaximppedser_numBultos`
--

CREATE TABLE `imaximaximppedser_numBultos` (
  `id_order` int(10) NOT NULL,
  `bultos` int(10) NOT NULL,
  `descargado` tinyint(1) NOT NULL DEFAULT 0,
  PRIMARY KEY (`id_order`)
) ENGINE=MyISAM DEFAULT CHARSET=utf8mb3 COLLATE=utf8mb3_general_ci;

--
-- Dumping data for table `imaximaximppedser_numBultos`
--


--
-- Table structure for table `imaximaximppedser_numSerie`
--

CREATE TABLE `imaximaximppedser_numSerie` (
  `id_order` int(11) NOT NULL,
  `id_order_detail` int(11) NOT NULL,
  `id_product` int(11) NOT NULL,
  `id_product_attribute` int(11) NOT NULL,
  `num` int(11) NOT NULL,
  `numSerie` varchar(255) NOT NULL,
  PRIMARY KEY (`id_order`,`id_order_detail`,`id_product`,`id_product_attribute`,`num`),
  KEY `numSerie` (`numSerie`)
) ENGINE=MyISAM DEFAULT CHARSET=utf8mb3 COLLATE=utf8mb3_general_ci;

--
-- Dumping data for table `imaximaximppedser_numSerie`
--


--
-- Table structure for table `imaximaximppedser_numSerieActivo`
--

CREATE TABLE `imaximaximppedser_numSerieActivo` (
  `id_product` int(10) NOT NULL,
  `activo` int(10) NOT NULL,
  PRIMARY KEY (`id_product`)
) ENGINE=MyISAM DEFAULT CHARSET=utf8mb3 COLLATE=utf8mb3_general_ci;

--
-- Dumping data for table `imaximaximppedser_numSerieActivo`
--

INSERT INTO `imaximaximppedser_numSerieActivo` VALUES
(1,0),
(2,0),
(3,0);

--
-- Table structure for table `imaximaximppedser_numSerieActivoCat`
--

CREATE TABLE `imaximaximppedser_numSerieActivoCat` (
  `id_category` int(10) NOT NULL,
  PRIMARY KEY (`id_category`)
) ENGINE=MyISAM DEFAULT CHARSET=utf8mb3 COLLATE=utf8mb3_general_ci;

--
-- Dumping data for table `imaximaximppedser_numSerieActivoCat`
--


--
-- Table structure for table `imaximaximppedser_opcionAlmacenProducto`
--

CREATE TABLE `imaximaximppedser_opcionAlmacenProducto` (
  `id_product` int(10) NOT NULL,
  `id_product_attribute` int(10) NOT NULL,
  `almacenesMostrar` blob DEFAULT NULL,
  `almacenEntradaPorDefecto` int(10) NOT NULL DEFAULT 0,
  `almacenSalidaPorDefecto` int(10) NOT NULL DEFAULT 0,
  PRIMARY KEY (`id_product`,`id_product_attribute`)
) ENGINE=MyISAM DEFAULT CHARSET=utf8mb3 COLLATE=utf8mb3_general_ci;

--
-- Dumping data for table `imaximaximppedser_opcionAlmacenProducto`
--

INSERT INTO `imaximaximppedser_opcionAlmacenProducto` VALUES
(4,0,'a:1:{i:0;s:1:\"2\";}',4,2),
(5,0,'a:0:{}',0,0),
(1,0,'a:0:{}',3,2),
(2,0,'a:1:{i:0;s:1:\"4\";}',4,0),
(6,0,'a:0:{}',0,0),
(3,3,'a:4:{i:0;s:1:\"4\";i:1;s:1:\"2\";i:2;s:1:\"1\";i:3;s:1:\"3\";}',2,2),
(3,4,'a:3:{i:0;s:1:\"4\";i:1;s:1:\"2\";i:2;s:1:\"1\";}',4,4),
(3,5,'a:0:{}',0,2),
(3,9,'a:0:{}',0,0),
(3,10,'a:0:{}',0,0),
(3,11,'a:0:{}',0,0);

--
-- Table structure for table `imaximaximppedser_opcionImprimirEtiquetaProducto`
--

CREATE TABLE `imaximaximppedser_opcionImprimirEtiquetaProducto` (
  `id_product` int(10) NOT NULL,
  `id_product_attribute` int(10) NOT NULL,
  `imprimirEtiqueta` tinyint(1) NOT NULL DEFAULT 0,
  `imprimirUnaEtiqueta` tinyint(1) NOT NULL DEFAULT 0,
  PRIMARY KEY (`id_product`,`id_product_attribute`)
) ENGINE=MyISAM DEFAULT CHARSET=utf8mb3 COLLATE=utf8mb3_general_ci;

--
-- Dumping data for table `imaximaximppedser_opcionImprimirEtiquetaProducto`
--

INSERT INTO `imaximaximppedser_opcionImprimirEtiquetaProducto` VALUES
(1,0,1,1),
(2,0,1,0),
(3,5,1,0),
(3,4,1,1),
(3,3,1,0),
(3,10,1,1);

--
-- Table structure for table `imaximaximppedser_orderDetailExtra`
--

CREATE TABLE `imaximaximppedser_orderDetailExtra` (
  `id_order` int(10) NOT NULL,
  `id_order_detail` int(10) NOT NULL,
  `id_product` int(11) NOT NULL,
  `id_product_attribute` int(11) NOT NULL,
  `id_product_reemplazo` int(10) DEFAULT NULL,
  `id_product_attribute_reemplazo` int(10) DEFAULT NULL,
  PRIMARY KEY (`id_order`,`id_order_detail`,`id_product`,`id_product_attribute`)
) ENGINE=MyISAM DEFAULT CHARSET=utf8mb3 COLLATE=utf8mb3_general_ci;

--
-- Dumping data for table `imaximaximppedser_orderDetailExtra`
--


--
-- Table structure for table `imaximaximppedser_orderExtra`
--

CREATE TABLE `imaximaximppedser_orderExtra` (
  `id_order` int(10) NOT NULL,
  `id_store` int(10) DEFAULT NULL,
  PRIMARY KEY (`id_order`)
) ENGINE=MyISAM DEFAULT CHARSET=utf8mb3 COLLATE=utf8mb3_general_ci;

--
-- Dumping data for table `imaximaximppedser_orderExtra`
--


--
-- Table structure for table `imaximaximppedser_pedidoPendiente`
--

CREATE TABLE `imaximaximppedser_pedidoPendiente` (
  `id_order` int(10) NOT NULL,
  `id_employee` int(10) NOT NULL,
  PRIMARY KEY (`id_order`)
) ENGINE=MyISAM DEFAULT CHARSET=utf8mb3 COLLATE=utf8mb3_general_ci;

--
-- Dumping data for table `imaximaximppedser_pedidoPendiente`
--


--
-- Table structure for table `imaximaximppedser_procesadoPedido`
--

CREATE TABLE `imaximaximppedser_procesadoPedido` (
  `idPedido` int(10) NOT NULL,
  `idEmpleado` int(10) NOT NULL,
  `fechaInicio` timestamp NOT NULL DEFAULT current_timestamp(),
  `fechaFin` timestamp NULL DEFAULT NULL,
  `bultos` int(10) NOT NULL DEFAULT 1,
  PRIMARY KEY (`idPedido`,`idEmpleado`)
) ENGINE=MyISAM DEFAULT CHARSET=utf8mb3 COLLATE=utf8mb3_general_ci;

--
-- Dumping data for table `imaximaximppedser_procesadoPedido`
--

INSERT INTO `imaximaximppedser_procesadoPedido` VALUES
(1,1,'2024-08-08 06:58:06',NULL,1),
(2,1,'2024-05-31 10:10:24','2024-05-31 10:10:30',1),
(3,1,'2024-05-31 10:12:19','2024-05-31 10:12:37',1),
(8,1,'2024-08-08 06:58:12',NULL,1),
(11,1,'2024-08-08 06:58:18',NULL,1),
(10,1,'2024-08-08 06:58:16',NULL,1),
(9,1,'2024-08-08 06:58:15',NULL,1),
(41,1,'2024-10-11 07:13:46',NULL,1),
(40,1,'2024-08-02 10:11:53',NULL,1),
(39,1,'2024-08-08 06:58:20',NULL,1),
(5,1,'2024-08-08 06:58:09',NULL,1),
(45,1,'2024-09-20 08:14:29',NULL,1);

--
-- Table structure for table `imaximaximppedser_processed`
--

CREATE TABLE `imaximaximppedser_processed` (
  `sku` varchar(255) NOT NULL,
  `id_product` int(11) NOT NULL,
  `precio` varchar(255) DEFAULT NULL,
  `precioOferta` varchar(255) DEFAULT NULL,
  `url` varchar(1000) DEFAULT NULL,
  `urlAllReviews` varchar(1000) DEFAULT NULL,
  `urlOffers` varchar(1000) DEFAULT NULL,
  PRIMARY KEY (`sku`)
) ENGINE=MyISAM DEFAULT CHARSET=utf8mb3 COLLATE=utf8mb3_general_ci;

--
-- Dumping data for table `imaximaximppedser_processed`
--


--
-- Table structure for table `imaximaximppedser_servido`
--

CREATE TABLE `imaximaximppedser_servido` (
  `idPedido` int(10) NOT NULL,
  `idProducto` int(10) NOT NULL,
  `idCombinacion` int(10) NOT NULL,
  `cantidadNecesaria` int(10) NOT NULL,
  `cantidadServida` int(10) NOT NULL,
  PRIMARY KEY (`idPedido`,`idProducto`,`idCombinacion`)
) ENGINE=MyISAM DEFAULT CHARSET=utf8mb3 COLLATE=utf8mb3_general_ci;

--
-- Dumping data for table `imaximaximppedser_servido`
--

INSERT INTO `imaximaximppedser_servido` VALUES
(2,2,0,1,1),
(3,2,0,14,7),
(3,1,0,12,0);

--
-- Table structure for table `imaximaximppedser_w_pro`
--

CREATE TABLE `imaximaximppedser_w_pro` (
  `sku` varchar(255) NOT NULL,
  PRIMARY KEY (`sku`)
) ENGINE=MyISAM DEFAULT CHARSET=utf8mb3 COLLATE=utf8mb3_general_ci;

--
-- Dumping data for table `imaximaximppedser_w_pro`
--


--
-- Table structure for table `imaximaxinventariodiferido_archivo_linea`
--

CREATE TABLE `imaximaxinventariodiferido_archivo_linea` (
  `id` int(11) NOT NULL AUTO_INCREMENT,
  `id_archivo` int(11) NOT NULL,
  `referencia` varchar(50) NOT NULL,
  `descripcion` varchar(50) NOT NULL,
  `ubicacion` varchar(255) NOT NULL,
  `unidades` int(11) NOT NULL,
  `unidades_fisicas` int(11) NOT NULL,
  `unidades_contabilizadas` int(11) NOT NULL,
  `almacen` varchar(255) DEFAULT NULL,
  PRIMARY KEY (`id`,`id_archivo`)
) ENGINE=MyISAM AUTO_INCREMENT=3 DEFAULT CHARSET=utf8mb4 COLLATE=utf8mb4_general_ci;

--
-- Dumping data for table `imaximaxinventariodiferido_archivo_linea`
--

INSERT INTO `imaximaxinventariodiferido_archivo_linea` VALUES
(1,1,'rojol','Producto con combinaciones : Color - Rojo, Talla -','',270,392,389,NULL),
(2,1,'rojoxl','Producto con combinaciones : Color - Rojo, Talla -','',0,0,-12,NULL);

--
-- Table structure for table `imaximaxinventariodiferido_archivos`
--

CREATE TABLE `imaximaxinventariodiferido_archivos` (
  `id` int(11) NOT NULL AUTO_INCREMENT,
  `usuario` varchar(50) NOT NULL,
  `fecha` datetime NOT NULL DEFAULT current_timestamp(),
  `estado` varchar(50) NOT NULL,
  `nombre_archivo` varchar(50) NOT NULL,
  PRIMARY KEY (`id`)
) ENGINE=MyISAM AUTO_INCREMENT=2 DEFAULT CHARSET=utf8mb4 COLLATE=utf8mb4_general_ci;

--
-- Dumping data for table `imaximaxinventariodiferido_archivos`
--

INSERT INTO `imaximaxinventariodiferido_archivos` VALUES
(1,'Informax Max','2024-09-20 10:54:50','En proceso','ejemplo inventario 3.csv');

--
-- Table structure for table `imaximaxinventariodiferido_comentarios_archivo`
--

CREATE TABLE `imaximaxinventariodiferido_comentarios_archivo` (
  `id_archivo` int(11) NOT NULL,
  `comentario` varchar(255) NOT NULL,
  PRIMARY KEY (`id_archivo`)
) ENGINE=MyISAM DEFAULT CHARSET=utf8mb4 COLLATE=utf8mb4_general_ci;

--
-- Dumping data for table `imaximaxinventariodiferido_comentarios_archivo`
--


--
-- Table structure for table `imaximaxinventariodiferido_comentarios_linea`
--

CREATE TABLE `imaximaxinventariodiferido_comentarios_linea` (
  `id_archivo` int(11) NOT NULL,
  `referencia` varchar(50) NOT NULL,
  `comentario` varchar(255) NOT NULL,
  PRIMARY KEY (`id_archivo`,`referencia`)
) ENGINE=MyISAM DEFAULT CHARSET=utf8mb4 COLLATE=utf8mb4_general_ci;

--
-- Dumping data for table `imaximaxinventariodiferido_comentarios_linea`
--


--
-- Table structure for table `imaximaxrecolecpda_asignacion_productos`
--

CREATE TABLE `imaximaxrecolecpda_asignacion_productos` (
  `id_product` int(11) NOT NULL,
  `id_product_attribute` int(11) NOT NULL,
  `cantidad` int(11) NOT NULL,
  `idPedido` int(11) NOT NULL,
  `idUsuario` int(11) NOT NULL,
  `finalizado` tinyint(1) NOT NULL DEFAULT 0,
  PRIMARY KEY (`id_product`,`id_product_attribute`,`idPedido`)
) ENGINE=MyISAM DEFAULT CHARSET=utf8mb4 COLLATE=utf8mb4_general_ci;

--
-- Dumping data for table `imaximaxrecolecpda_asignacion_productos`
--

INSERT INTO `imaximaxrecolecpda_asignacion_productos` VALUES
(1,0,1,10,1,1),
(1,0,2,9,1,1),
(1,0,12,3,1,1),
(1,0,1,11,1,1),
(2,0,1,1,1,1),
(2,0,1,2,1,1),
(2,0,14,3,1,1),
(5,0,2,5,1,1),
(5,0,6,7,1,1),
(5,0,2,8,1,1),
(1,0,11,4,1,1),
(1,0,1,12,1,1),
(1,0,1,13,1,1),
(1,0,1,14,1,1),
(1,0,1,15,1,1),
(1,0,1,16,1,1),
(1,0,1,17,1,1),
(1,0,1,18,1,1),
(1,0,2,19,1,1),
(1,0,1,20,1,1),
(1,0,1,21,1,1),
(1,0,1,22,1,1),
(1,0,1,23,1,1),
(1,0,1,24,1,1),
(1,0,1,25,1,1),
(1,0,1,26,1,1),
(1,0,1,27,1,1),
(1,0,1,28,1,1),
(1,0,1,29,1,1),
(5,0,4,6,1,1),
(1,0,1,30,1,1),
(1,0,3,31,1,1),
(1,0,3,32,1,1),
(1,0,3,33,1,1),
(1,0,3,34,1,1),
(3,3,1,45,1,1),
(1,0,3,35,1,1),
(1,0,3,36,1,1),
(1,0,3,37,1,1),
(1,0,3,38,1,1),
(3,3,100,41,1,1),
(3,3,11,40,1,1),
(3,3,1,39,1,1),
(3,4,5,42,1,1),
(3,4,5,43,1,1),
(3,3,10,44,1,1),
(3,3,7,48,1,1),
(3,3,2,47,1,1),
(3,3,1,46,1,1),
(3,3,2,49,1,1),
(3,3,5,54,1,0),
(3,3,1,53,1,0),
(3,3,1,52,1,0),
(3,3,1,51,1,0),
(3,3,4,50,1,0);

--
-- Table structure for table `imaximaxscaneanlicencias`
--

CREATE TABLE `imaximaxscaneanlicencias` (
  `id` int(11) NOT NULL AUTO_INCREMENT,
  `nombre` varchar(50) NOT NULL,
  `licencia` varchar(50) NOT NULL,
  `numCheck` int(11) NOT NULL DEFAULT 1001,
  `validate` tinyint(2) NOT NULL DEFAULT 0,
  PRIMARY KEY (`id`)
) ENGINE=MyISAM AUTO_INCREMENT=2 DEFAULT CHARSET=utf8mb4 COLLATE=utf8mb4_general_ci;

--
-- Dumping data for table `imaximaxscaneanlicencias`
--

INSERT INTO `imaximaxscaneanlicencias` VALUES
(1,'imaxscaneanpda','multialmacen',77,1);

--
-- Table structure for table `imaximaxscaneanmonitorizacion`
--

CREATE TABLE `imaximaxscaneanmonitorizacion` (
  `id` int(10) NOT NULL AUTO_INCREMENT,
  `idEmployee` int(10) NOT NULL,
  `idProducto` int(10) NOT NULL,
  `idAtributo` int(10) NOT NULL,
  `stockModificado` int(10) NOT NULL,
  `stockAnterior` int(10) NOT NULL,
  `motivo` text NOT NULL,
  `almacen` int(10) NOT NULL,
  `date` timestamp NOT NULL DEFAULT current_timestamp() ON UPDATE current_timestamp(),
  PRIMARY KEY (`id`)
) ENGINE=MyISAM AUTO_INCREMENT=33 DEFAULT CHARSET=utf8mb3 COLLATE=utf8mb3_general_ci;

--
-- Dumping data for table `imaximaxscaneanmonitorizacion`
--

INSERT INTO `imaximaxscaneanmonitorizacion` VALUES
(1,1,2,0,0,10,'venta local',0,'2024-07-11 08:10:31'),
(2,1,1,0,457,10,'venta local',3,'2024-07-11 08:40:23'),
(3,1,2,0,70,2,'venta local',2,'2024-07-11 08:41:57'),
(4,1,2,0,278,-2,'venta local',4,'2024-07-11 08:42:24'),
(5,1,1,0,10,0,'venta local',4,'2024-07-11 08:49:55'),
(6,1,1,0,10,0,'venta local',4,'2024-07-11 08:51:06'),
(7,1,2,0,0,0,'error stock',2,'2024-07-11 08:52:45'),
(8,1,2,0,0,0,'venta local',2,'2024-07-11 08:53:16'),
(9,1,1,0,50,1,'venta local',4,'2024-07-23 11:00:52'),
(10,1,1,0,1,0,'venta local',4,'2024-07-23 11:01:45'),
(11,1,1,0,57,1,'venta local',4,'2024-07-23 11:15:22'),
(12,1,1,0,58,1,'venta local',4,'2024-07-23 11:15:46'),
(13,1,1,0,1,0,'venta local',4,'2024-07-23 11:16:13'),
(14,1,1,0,60,1,'venta local',4,'2024-07-23 11:16:39'),
(15,1,1,0,1,0,'venta local',4,'2024-07-23 11:16:51'),
(16,1,1,0,62,1,'venta local',4,'2024-07-23 11:19:38'),
(17,1,1,0,1,0,'venta local',4,'2024-07-23 11:19:53'),
(18,1,3,3,131,1,'venta local',4,'2024-09-04 10:56:21'),
(19,1,3,3,1,0,'venta local',4,'2024-09-04 10:59:08'),
(20,1,3,3,1,0,'venta local',4,'2024-09-04 10:59:31'),
(21,1,3,3,1,0,'venta local',4,'2024-09-04 11:00:23'),
(22,1,3,3,1,0,'venta local',4,'2024-09-04 11:43:55'),
(23,1,3,3,1,0,'venta local',4,'2024-09-04 11:46:01'),
(24,1,3,3,1,0,'venta local',3,'2024-09-05 12:09:54'),
(25,1,3,3,5,0,'venta local',4,'2024-09-06 09:41:33'),
(26,1,3,3,5,0,'venta local',4,'2024-09-06 09:43:19'),
(27,1,3,3,5,0,'venta local',4,'2024-09-06 09:44:49'),
(28,1,3,3,5,0,'venta local',4,'2024-09-06 09:51:36'),
(29,1,2,0,1,0,'venta local',4,'2024-09-20 06:30:24'),
(30,1,2,0,1,0,'venta local',4,'2024-09-20 06:31:39'),
(31,1,2,0,1,0,'venta local',4,'2024-09-20 06:35:32'),
(32,1,2,0,1,0,'venta local',4,'2024-09-20 06:37:01');

--
-- Table structure for table `imaximport_match`
--

CREATE TABLE `imaximport_match` (
  `id_import_match` int(10) NOT NULL AUTO_INCREMENT,
  `name` varchar(32) NOT NULL,
  `match` text NOT NULL,
  `skip` int(2) NOT NULL,
  PRIMARY KEY (`id_import_match`)
) ENGINE=InnoDB DEFAULT CHARSET=utf8mb4 COLLATE=utf8mb4_general_ci;

--
-- Dumping data for table `imaximport_match`
--


--
-- Table structure for table `imaxinfo`
--

CREATE TABLE `imaxinfo` (
  `id_info` int(10) unsigned NOT NULL AUTO_INCREMENT,
  PRIMARY KEY (`id_info`)
) ENGINE=InnoDB AUTO_INCREMENT=2 DEFAULT CHARSET=utf8mb3 COLLATE=utf8mb3_general_ci;

--
-- Dumping data for table `imaxinfo`
--

INSERT INTO `imaxinfo` VALUES
(1);

--
-- Table structure for table `imaxinfo_lang`
--

CREATE TABLE `imaxinfo_lang` (
  `id_info` int(10) unsigned NOT NULL,
  `id_shop` int(10) unsigned NOT NULL,
  `id_lang` int(10) unsigned NOT NULL,
  `text` text NOT NULL,
  PRIMARY KEY (`id_info`,`id_lang`,`id_shop`)
) ENGINE=InnoDB DEFAULT CHARSET=utf8mb3 COLLATE=utf8mb3_general_ci;

--
-- Dumping data for table `imaxinfo_lang`
--

INSERT INTO `imaxinfo_lang` VALUES
(1,1,1,'<h2>Custom Text Block</h2>\n<p><strong class=\"dark\">Lorem ipsum dolor sit amet conse ctetu</strong></p>\n<p>Sit amet conse ctetur adipisicing elit, sed do eiusmod tempor incididunt ut labore et dolore magna aliqua. Ut enim ad minim veniam, quis nostrud exercitation ullamco laboris nisi ut aliquip ex ea commodo consequat. Duis aute irure dolor in reprehenderit.</p>');

--
-- Table structure for table `imaxinfo_shop`
--

CREATE TABLE `imaxinfo_shop` (
  `id_info` int(10) unsigned NOT NULL,
  `id_shop` int(10) unsigned NOT NULL,
  PRIMARY KEY (`id_info`,`id_shop`)
) ENGINE=InnoDB DEFAULT CHARSET=utf8mb3 COLLATE=utf8mb3_general_ci;

--
-- Dumping data for table `imaxinfo_shop`
--

INSERT INTO `imaxinfo_shop` VALUES
(1,1);

--
-- Table structure for table `imaxlang`
--

CREATE TABLE `imaxlang` (
  `id_lang` int(11) NOT NULL AUTO_INCREMENT,
  `name` varchar(32) NOT NULL,
  `active` tinyint(1) NOT NULL,
  `iso_code` varchar(2) NOT NULL,
  `language_code` varchar(5) NOT NULL,
  `locale` varchar(5) NOT NULL,
  `date_format_lite` varchar(32) NOT NULL,
  `date_format_full` varchar(32) NOT NULL,
  `is_rtl` tinyint(1) NOT NULL,
  PRIMARY KEY (`id_lang`)
) ENGINE=InnoDB AUTO_INCREMENT=2 DEFAULT CHARSET=utf8mb4 COLLATE=utf8mb4_unicode_ci;

--
-- Dumping data for table `imaxlang`
--

INSERT INTO `imaxlang` VALUES
(1,'Español (Spanish)',1,'es','es','es-ES','d/m/Y','d/m/Y H:i:s',0);

--
-- Table structure for table `imaxlang_shop`
--

CREATE TABLE `imaxlang_shop` (
  `id_lang` int(11) NOT NULL,
  `id_shop` int(11) NOT NULL,
  PRIMARY KEY (`id_lang`,`id_shop`),
  KEY `IDX_1B28662DBA299860` (`id_lang`),
  KEY `IDX_1B28662D274A50A0` (`id_shop`)
) ENGINE=InnoDB DEFAULT CHARSET=utf8mb4 COLLATE=utf8mb4_unicode_ci;

--
-- Dumping data for table `imaxlang_shop`
--

INSERT INTO `imaxlang_shop` VALUES
(1,1);

--
-- Table structure for table `imaxlayered_category`
--

CREATE TABLE `imaxlayered_category` (
  `id_layered_category` int(10) unsigned NOT NULL AUTO_INCREMENT,
  `id_shop` int(11) unsigned NOT NULL,
  `controller` varchar(64) NOT NULL,
  `id_category` int(10) unsigned NOT NULL,
  `id_value` int(10) unsigned DEFAULT 0,
  `type` enum('category','id_feature','id_attribute_group','availability','condition','manufacturer','weight','price','extras') NOT NULL,
  `position` int(10) unsigned NOT NULL,
  `filter_type` int(10) unsigned NOT NULL DEFAULT 0,
  `filter_show_limit` int(10) unsigned NOT NULL DEFAULT 0,
  PRIMARY KEY (`id_layered_category`),
  KEY `id_category_shop` (`id_category`,`id_shop`,`type`,`id_value`,`position`),
  KEY `id_category` (`id_category`,`type`)
) ENGINE=InnoDB DEFAULT CHARSET=utf8mb3 COLLATE=utf8mb3_general_ci;

--
-- Dumping data for table `imaxlayered_category`
--


--
-- Table structure for table `imaxlayered_filter`
--

CREATE TABLE `imaxlayered_filter` (
  `id_layered_filter` int(10) unsigned NOT NULL AUTO_INCREMENT,
  `name` varchar(64) NOT NULL,
  `filters` longtext DEFAULT NULL,
  `n_categories` int(10) unsigned NOT NULL,
  `date_add` datetime NOT NULL,
  PRIMARY KEY (`id_layered_filter`)
) ENGINE=InnoDB DEFAULT CHARSET=utf8mb3 COLLATE=utf8mb3_general_ci;

--
-- Dumping data for table `imaxlayered_filter`
--


--
-- Table structure for table `imaxlayered_filter_block`
--

CREATE TABLE `imaxlayered_filter_block` (
  `hash` char(32) NOT NULL DEFAULT '',
  `data` text DEFAULT NULL,
  PRIMARY KEY (`hash`)
) ENGINE=InnoDB DEFAULT CHARSET=utf8mb3 COLLATE=utf8mb3_general_ci;

--
-- Dumping data for table `imaxlayered_filter_block`
--

INSERT INTO `imaxlayered_filter_block` VALUES
('260470d887b8e8aa493af39951ea3e25','a:1:{s:7:\"filters\";a:0:{}}');

--
-- Table structure for table `imaxlayered_filter_shop`
--

CREATE TABLE `imaxlayered_filter_shop` (
  `id_layered_filter` int(10) unsigned NOT NULL,
  `id_shop` int(11) unsigned NOT NULL,
  PRIMARY KEY (`id_layered_filter`,`id_shop`),
  KEY `id_shop` (`id_shop`)
) ENGINE=InnoDB DEFAULT CHARSET=utf8mb3 COLLATE=utf8mb3_general_ci;

--
-- Dumping data for table `imaxlayered_filter_shop`
--


--
-- Table structure for table `imaxlayered_indexable_attribute_group`
--

CREATE TABLE `imaxlayered_indexable_attribute_group` (
  `id_attribute_group` int(11) NOT NULL,
  `indexable` tinyint(1) NOT NULL DEFAULT 0,
  PRIMARY KEY (`id_attribute_group`)
) ENGINE=InnoDB DEFAULT CHARSET=utf8mb3 COLLATE=utf8mb3_general_ci;

--
-- Dumping data for table `imaxlayered_indexable_attribute_group`
--


--
-- Table structure for table `imaxlayered_indexable_attribute_group_lang_value`
--

CREATE TABLE `imaxlayered_indexable_attribute_group_lang_value` (
  `id_attribute_group` int(11) NOT NULL,
  `id_lang` int(11) NOT NULL,
  `url_name` varchar(128) DEFAULT NULL,
  `meta_title` varchar(128) DEFAULT NULL,
  PRIMARY KEY (`id_attribute_group`,`id_lang`)
) ENGINE=InnoDB DEFAULT CHARSET=utf8mb3 COLLATE=utf8mb3_general_ci;

--
-- Dumping data for table `imaxlayered_indexable_attribute_group_lang_value`
--


--
-- Table structure for table `imaxlayered_indexable_attribute_lang_value`
--

CREATE TABLE `imaxlayered_indexable_attribute_lang_value` (
  `id_attribute` int(11) NOT NULL,
  `id_lang` int(11) NOT NULL,
  `url_name` varchar(128) DEFAULT NULL,
  `meta_title` varchar(128) DEFAULT NULL,
  PRIMARY KEY (`id_attribute`,`id_lang`)
) ENGINE=InnoDB DEFAULT CHARSET=utf8mb3 COLLATE=utf8mb3_general_ci;

--
-- Dumping data for table `imaxlayered_indexable_attribute_lang_value`
--


--
-- Table structure for table `imaxlayered_indexable_feature`
--

CREATE TABLE `imaxlayered_indexable_feature` (
  `id_feature` int(11) NOT NULL,
  `indexable` tinyint(1) NOT NULL DEFAULT 0,
  PRIMARY KEY (`id_feature`)
) ENGINE=InnoDB DEFAULT CHARSET=utf8mb3 COLLATE=utf8mb3_general_ci;

--
-- Dumping data for table `imaxlayered_indexable_feature`
--


--
-- Table structure for table `imaxlayered_indexable_feature_lang_value`
--

CREATE TABLE `imaxlayered_indexable_feature_lang_value` (
  `id_feature` int(11) NOT NULL,
  `id_lang` int(11) NOT NULL,
  `url_name` varchar(128) NOT NULL,
  `meta_title` varchar(128) DEFAULT NULL,
  PRIMARY KEY (`id_feature`,`id_lang`)
) ENGINE=InnoDB DEFAULT CHARSET=utf8mb3 COLLATE=utf8mb3_general_ci;

--
-- Dumping data for table `imaxlayered_indexable_feature_lang_value`
--


--
-- Table structure for table `imaxlayered_indexable_feature_value_lang_value`
--

CREATE TABLE `imaxlayered_indexable_feature_value_lang_value` (
  `id_feature_value` int(11) NOT NULL,
  `id_lang` int(11) NOT NULL,
  `url_name` varchar(128) DEFAULT NULL,
  `meta_title` varchar(128) DEFAULT NULL,
  PRIMARY KEY (`id_feature_value`,`id_lang`)
) ENGINE=InnoDB DEFAULT CHARSET=utf8mb3 COLLATE=utf8mb3_general_ci;

--
-- Dumping data for table `imaxlayered_indexable_feature_value_lang_value`
--


--
-- Table structure for table `imaxlayered_price_index`
--

CREATE TABLE `imaxlayered_price_index` (
  `id_product` int(11) NOT NULL,
  `id_currency` int(11) NOT NULL,
  `id_shop` int(11) NOT NULL,
  `price_min` decimal(20,6) NOT NULL,
  `price_max` decimal(20,6) NOT NULL,
  `id_country` int(11) NOT NULL,
  PRIMARY KEY (`id_product`,`id_currency`,`id_shop`,`id_country`),
  KEY `id_currency` (`id_currency`),
  KEY `price_min` (`price_min`),
  KEY `price_max` (`price_max`)
) ENGINE=InnoDB DEFAULT CHARSET=utf8mb3 COLLATE=utf8mb3_general_ci;

--
-- Dumping data for table `imaxlayered_price_index`
--

INSERT INTO `imaxlayered_price_index` VALUES
(1,1,1,10.000000,10.000000,6),
(2,1,1,50.000000,50.000000,6),
(3,1,1,12.100000,12.100000,6),
(4,1,1,0.000000,0.000000,6),
(5,1,1,0.000000,0.000000,6),
(6,1,1,0.000000,0.000000,6),
(7,1,1,0.000000,0.000000,6),
(8,1,1,0.000000,0.000000,6),
(9,1,1,0.000000,0.000000,6);

--
-- Table structure for table `imaxlayered_product_attribute`
--

CREATE TABLE `imaxlayered_product_attribute` (
  `id_attribute` int(10) unsigned NOT NULL,
  `id_product` int(10) unsigned NOT NULL,
  `id_attribute_group` int(10) unsigned NOT NULL DEFAULT 0,
  `id_shop` int(10) unsigned NOT NULL DEFAULT 1,
  PRIMARY KEY (`id_attribute`,`id_product`,`id_shop`),
  UNIQUE KEY `id_attribute_group` (`id_attribute_group`,`id_attribute`,`id_product`,`id_shop`)
) ENGINE=InnoDB DEFAULT CHARSET=utf8mb3 COLLATE=utf8mb3_general_ci;

--
-- Dumping data for table `imaxlayered_product_attribute`
--

INSERT INTO `imaxlayered_product_attribute` VALUES
(1,3,1,1),
(2,3,1,1),
(3,3,2,1),
(4,3,2,1),
(5,3,2,1);

--
-- Table structure for table `imaxlink_block`
--

CREATE TABLE `imaxlink_block` (
  `id_link_block` int(10) unsigned NOT NULL AUTO_INCREMENT,
  `id_hook` int(1) unsigned DEFAULT NULL,
  `position` int(10) unsigned NOT NULL DEFAULT 0,
  `content` text DEFAULT NULL,
  PRIMARY KEY (`id_link_block`)
) ENGINE=InnoDB AUTO_INCREMENT=3 DEFAULT CHARSET=utf8mb3 COLLATE=utf8mb3_general_ci;

--
-- Dumping data for table `imaxlink_block`
--

INSERT INTO `imaxlink_block` VALUES
(1,45,0,'{\"cms\":[false],\"product\":[\"prices-drop\",\"new-products\",\"best-sales\"],\"static\":[false]}'),
(2,45,1,'{\"cms\":[\"1\",\"2\",\"3\",\"4\",\"5\"],\"product\":[false],\"static\":[\"contact\",\"sitemap\",\"stores\"]}');

--
-- Table structure for table `imaxlink_block_lang`
--

CREATE TABLE `imaxlink_block_lang` (
  `id_link_block` int(10) unsigned NOT NULL,
  `id_lang` int(10) unsigned NOT NULL,
  `name` varchar(40) NOT NULL DEFAULT '',
  `custom_content` text DEFAULT NULL,
  PRIMARY KEY (`id_link_block`,`id_lang`)
) ENGINE=InnoDB DEFAULT CHARSET=utf8mb3 COLLATE=utf8mb3_general_ci;

--
-- Dumping data for table `imaxlink_block_lang`
--

INSERT INTO `imaxlink_block_lang` VALUES
(1,1,'Products',NULL),
(2,1,'Our company',NULL);

--
-- Table structure for table `imaxlink_block_shop`
--

CREATE TABLE `imaxlink_block_shop` (
  `id_link_block` int(10) unsigned NOT NULL AUTO_INCREMENT,
  `id_shop` int(10) unsigned NOT NULL,
  `position` int(10) unsigned NOT NULL DEFAULT 0,
  PRIMARY KEY (`id_link_block`,`id_shop`)
) ENGINE=InnoDB AUTO_INCREMENT=3 DEFAULT CHARSET=utf8mb3 COLLATE=utf8mb3_general_ci;

--
-- Dumping data for table `imaxlink_block_shop`
--

INSERT INTO `imaxlink_block_shop` VALUES
(1,1,0),
(2,1,1);

--
-- Table structure for table `imaxlinksmenutop`
--

CREATE TABLE `imaxlinksmenutop` (
  `id_linksmenutop` int(10) unsigned NOT NULL AUTO_INCREMENT,
  `id_shop` int(11) unsigned NOT NULL,
  `new_window` tinyint(1) NOT NULL,
  PRIMARY KEY (`id_linksmenutop`),
  KEY `id_shop` (`id_shop`)
) ENGINE=InnoDB DEFAULT CHARSET=utf8mb4 COLLATE=utf8mb4_general_ci;

--
-- Dumping data for table `imaxlinksmenutop`
--


--
-- Table structure for table `imaxlinksmenutop_lang`
--

CREATE TABLE `imaxlinksmenutop_lang` (
  `id_linksmenutop` int(11) unsigned NOT NULL,
  `id_lang` int(11) unsigned NOT NULL,
  `id_shop` int(11) unsigned NOT NULL,
  `label` varchar(128) NOT NULL,
  `link` varchar(128) NOT NULL,
  KEY `id_linksmenutop` (`id_linksmenutop`,`id_lang`,`id_shop`)
) ENGINE=InnoDB DEFAULT CHARSET=utf8mb4 COLLATE=utf8mb4_general_ci;

--
-- Dumping data for table `imaxlinksmenutop_lang`
--


--
-- Table structure for table `imaxlog`
--

CREATE TABLE `imaxlog` (
  `id_log` int(10) unsigned NOT NULL AUTO_INCREMENT,
  `severity` tinyint(1) NOT NULL,
  `error_code` int(11) DEFAULT NULL,
  `message` text NOT NULL,
  `object_type` varchar(32) DEFAULT NULL,
  `object_id` int(10) unsigned DEFAULT NULL,
  `id_shop` int(10) unsigned DEFAULT NULL,
  `id_shop_group` int(10) unsigned DEFAULT NULL,
  `id_lang` int(10) unsigned DEFAULT NULL,
  `in_all_shops` tinyint(1) unsigned NOT NULL DEFAULT 0,
  `id_employee` int(10) unsigned DEFAULT NULL,
  `date_add` datetime NOT NULL,
  `date_upd` datetime NOT NULL,
  PRIMARY KEY (`id_log`)
) ENGINE=InnoDB AUTO_INCREMENT=491 DEFAULT CHARSET=utf8mb4 COLLATE=utf8mb4_general_ci;

--
-- Dumping data for table `imaxlog`
--

INSERT INTO `imaxlog` VALUES
(1,1,0,'Exporting mail with theme modern for language Español (Spanish)','',0,1,NULL,0,0,0,'2024-05-15 11:58:30','2024-05-15 11:58:30'),
(2,1,0,'Core output folder: /home/webs/multialmacen/prestashop/mails','',0,1,NULL,0,0,0,'2024-05-15 11:58:30','2024-05-15 11:58:30'),
(3,1,0,'Modules output folder: /home/webs/multialmacen/prestashop/modules/','',0,1,NULL,0,0,0,'2024-05-15 11:58:30','2024-05-15 11:58:30'),
(4,1,0,'Generate html template account at /home/webs/multialmacen/prestashop/mails/es/account.html','',0,1,NULL,0,0,0,'2024-05-15 11:58:30','2024-05-15 11:58:30'),
(5,1,0,'Generate txt template account at /home/webs/multialmacen/prestashop/mails/es/account.txt','',0,1,NULL,0,0,0,'2024-05-15 11:58:30','2024-05-15 11:58:30'),
(6,1,0,'Generate html template backoffice_order at /home/webs/multialmacen/prestashop/mails/es/backoffice_order.html','',0,1,NULL,0,0,0,'2024-05-15 11:58:30','2024-05-15 11:58:30'),
(7,1,0,'Generate txt template backoffice_order at /home/webs/multialmacen/prestashop/mails/es/backoffice_order.txt','',0,1,NULL,0,0,0,'2024-05-15 11:58:30','2024-05-15 11:58:30'),
(8,1,0,'Generate html template bankwire at /home/webs/multialmacen/prestashop/mails/es/bankwire.html','',0,1,NULL,0,0,0,'2024-05-15 11:58:30','2024-05-15 11:58:30'),
(9,1,0,'Generate txt template bankwire at /home/webs/multialmacen/prestashop/mails/es/bankwire.txt','',0,1,NULL,0,0,0,'2024-05-15 11:58:30','2024-05-15 11:58:30'),
(10,1,0,'Generate html template cheque at /home/webs/multialmacen/prestashop/mails/es/cheque.html','',0,1,NULL,0,0,0,'2024-05-15 11:58:30','2024-05-15 11:58:30'),
(11,1,0,'Generate txt template cheque at /home/webs/multialmacen/prestashop/mails/es/cheque.txt','',0,1,NULL,0,0,0,'2024-05-15 11:58:30','2024-05-15 11:58:30'),
(12,1,0,'Generate html template contact at /home/webs/multialmacen/prestashop/mails/es/contact.html','',0,1,NULL,0,0,0,'2024-05-15 11:58:30','2024-05-15 11:58:30'),
(13,1,0,'Generate txt template contact at /home/webs/multialmacen/prestashop/mails/es/contact.txt','',0,1,NULL,0,0,0,'2024-05-15 11:58:30','2024-05-15 11:58:30'),
(14,1,0,'Generate html template contact_form at /home/webs/multialmacen/prestashop/mails/es/contact_form.html','',0,1,NULL,0,0,0,'2024-05-15 11:58:30','2024-05-15 11:58:30'),
(15,1,0,'Generate txt template contact_form at /home/webs/multialmacen/prestashop/mails/es/contact_form.txt','',0,1,NULL,0,0,0,'2024-05-15 11:58:30','2024-05-15 11:58:30'),
(16,1,0,'Generate html template credit_slip at /home/webs/multialmacen/prestashop/mails/es/credit_slip.html','',0,1,NULL,0,0,0,'2024-05-15 11:58:30','2024-05-15 11:58:30'),
(17,1,0,'Generate txt template credit_slip at /home/webs/multialmacen/prestashop/mails/es/credit_slip.txt','',0,1,NULL,0,0,0,'2024-05-15 11:58:30','2024-05-15 11:58:30'),
(18,1,0,'Generate html template download_product at /home/webs/multialmacen/prestashop/mails/es/download_product.html','',0,1,NULL,0,0,0,'2024-05-15 11:58:30','2024-05-15 11:58:30'),
(19,1,0,'Generate txt template download_product at /home/webs/multialmacen/prestashop/mails/es/download_product.txt','',0,1,NULL,0,0,0,'2024-05-15 11:58:30','2024-05-15 11:58:30'),
(20,1,0,'Generate html template employee_password at /home/webs/multialmacen/prestashop/mails/es/employee_password.html','',0,1,NULL,0,0,0,'2024-05-15 11:58:30','2024-05-15 11:58:30'),
(21,1,0,'Generate txt template employee_password at /home/webs/multialmacen/prestashop/mails/es/employee_password.txt','',0,1,NULL,0,0,0,'2024-05-15 11:58:30','2024-05-15 11:58:30'),
(22,1,0,'Generate html template forward_msg at /home/webs/multialmacen/prestashop/mails/es/forward_msg.html','',0,1,NULL,0,0,0,'2024-05-15 11:58:30','2024-05-15 11:58:30'),
(23,1,0,'Generate txt template forward_msg at /home/webs/multialmacen/prestashop/mails/es/forward_msg.txt','',0,1,NULL,0,0,0,'2024-05-15 11:58:30','2024-05-15 11:58:30'),
(24,1,0,'Generate html template guest_to_customer at /home/webs/multialmacen/prestashop/mails/es/guest_to_customer.html','',0,1,NULL,0,0,0,'2024-05-15 11:58:30','2024-05-15 11:58:30'),
(25,1,0,'Generate txt template guest_to_customer at /home/webs/multialmacen/prestashop/mails/es/guest_to_customer.txt','',0,1,NULL,0,0,0,'2024-05-15 11:58:30','2024-05-15 11:58:30'),
(26,1,0,'Generate html template import at /home/webs/multialmacen/prestashop/mails/es/import.html','',0,1,NULL,0,0,0,'2024-05-15 11:58:30','2024-05-15 11:58:30'),
(27,1,0,'Generate txt template import at /home/webs/multialmacen/prestashop/mails/es/import.txt','',0,1,NULL,0,0,0,'2024-05-15 11:58:30','2024-05-15 11:58:30'),
(28,1,0,'Generate html template in_transit at /home/webs/multialmacen/prestashop/mails/es/in_transit.html','',0,1,NULL,0,0,0,'2024-05-15 11:58:30','2024-05-15 11:58:30'),
(29,1,0,'Generate txt template in_transit at /home/webs/multialmacen/prestashop/mails/es/in_transit.txt','',0,1,NULL,0,0,0,'2024-05-15 11:58:30','2024-05-15 11:58:30'),
(30,1,0,'Generate html template log_alert at /home/webs/multialmacen/prestashop/mails/es/log_alert.html','',0,1,NULL,0,0,0,'2024-05-15 11:58:30','2024-05-15 11:58:30'),
(31,1,0,'Generate txt template log_alert at /home/webs/multialmacen/prestashop/mails/es/log_alert.txt','',0,1,NULL,0,0,0,'2024-05-15 11:58:30','2024-05-15 11:58:30'),
(32,1,0,'Generate html template newsletter at /home/webs/multialmacen/prestashop/mails/es/newsletter.html','',0,1,NULL,0,0,0,'2024-05-15 11:58:30','2024-05-15 11:58:30'),
(33,1,0,'Generate txt template newsletter at /home/webs/multialmacen/prestashop/mails/es/newsletter.txt','',0,1,NULL,0,0,0,'2024-05-15 11:58:30','2024-05-15 11:58:30'),
(34,1,0,'Generate html template order_canceled at /home/webs/multialmacen/prestashop/mails/es/order_canceled.html','',0,1,NULL,0,0,0,'2024-05-15 11:58:30','2024-05-15 11:58:30'),
(35,1,0,'Generate txt template order_canceled at /home/webs/multialmacen/prestashop/mails/es/order_canceled.txt','',0,1,NULL,0,0,0,'2024-05-15 11:58:30','2024-05-15 11:58:30'),
(36,1,0,'Generate html template order_changed at /home/webs/multialmacen/prestashop/mails/es/order_changed.html','',0,1,NULL,0,0,0,'2024-05-15 11:58:30','2024-05-15 11:58:30'),
(37,1,0,'Generate txt template order_changed at /home/webs/multialmacen/prestashop/mails/es/order_changed.txt','',0,1,NULL,0,0,0,'2024-05-15 11:58:30','2024-05-15 11:58:30'),
(38,1,0,'Generate html template order_conf at /home/webs/multialmacen/prestashop/mails/es/order_conf.html','',0,1,NULL,0,0,0,'2024-05-15 11:58:30','2024-05-15 11:58:30'),
(39,1,0,'Generate txt template order_conf at /home/webs/multialmacen/prestashop/mails/es/order_conf.txt','',0,1,NULL,0,0,0,'2024-05-15 11:58:30','2024-05-15 11:58:30'),
(40,1,0,'Generate html template order_customer_comment at /home/webs/multialmacen/prestashop/mails/es/order_customer_comment.html','',0,1,NULL,0,0,0,'2024-05-15 11:58:30','2024-05-15 11:58:30'),
(41,1,0,'Generate txt template order_customer_comment at /home/webs/multialmacen/prestashop/mails/es/order_customer_comment.txt','',0,1,NULL,0,0,0,'2024-05-15 11:58:30','2024-05-15 11:58:30'),
(42,1,0,'Generate html template order_merchant_comment at /home/webs/multialmacen/prestashop/mails/es/order_merchant_comment.html','',0,1,NULL,0,0,0,'2024-05-15 11:58:30','2024-05-15 11:58:30'),
(43,1,0,'Generate txt template order_merchant_comment at /home/webs/multialmacen/prestashop/mails/es/order_merchant_comment.txt','',0,1,NULL,0,0,0,'2024-05-15 11:58:30','2024-05-15 11:58:30'),
(44,1,0,'Generate html template order_return_state at /home/webs/multialmacen/prestashop/mails/es/order_return_state.html','',0,1,NULL,0,0,0,'2024-05-15 11:58:30','2024-05-15 11:58:30'),
(45,1,0,'Generate txt template order_return_state at /home/webs/multialmacen/prestashop/mails/es/order_return_state.txt','',0,1,NULL,0,0,0,'2024-05-15 11:58:30','2024-05-15 11:58:30'),
(46,1,0,'Generate html template outofstock at /home/webs/multialmacen/prestashop/mails/es/outofstock.html','',0,1,NULL,0,0,0,'2024-05-15 11:58:30','2024-05-15 11:58:30'),
(47,1,0,'Generate txt template outofstock at /home/webs/multialmacen/prestashop/mails/es/outofstock.txt','',0,1,NULL,0,0,0,'2024-05-15 11:58:30','2024-05-15 11:58:30'),
(48,1,0,'Generate html template password at /home/webs/multialmacen/prestashop/mails/es/password.html','',0,1,NULL,0,0,0,'2024-05-15 11:58:30','2024-05-15 11:58:30'),
(49,1,0,'Generate txt template password at /home/webs/multialmacen/prestashop/mails/es/password.txt','',0,1,NULL,0,0,0,'2024-05-15 11:58:30','2024-05-15 11:58:30'),
(50,1,0,'Generate html template password_query at /home/webs/multialmacen/prestashop/mails/es/password_query.html','',0,1,NULL,0,0,0,'2024-05-15 11:58:30','2024-05-15 11:58:30'),
(51,1,0,'Generate txt template password_query at /home/webs/multialmacen/prestashop/mails/es/password_query.txt','',0,1,NULL,0,0,0,'2024-05-15 11:58:30','2024-05-15 11:58:30'),
(52,1,0,'Generate html template payment at /home/webs/multialmacen/prestashop/mails/es/payment.html','',0,1,NULL,0,0,0,'2024-05-15 11:58:30','2024-05-15 11:58:30'),
(53,1,0,'Generate txt template payment at /home/webs/multialmacen/prestashop/mails/es/payment.txt','',0,1,NULL,0,0,0,'2024-05-15 11:58:30','2024-05-15 11:58:30'),
(54,1,0,'Generate html template payment_error at /home/webs/multialmacen/prestashop/mails/es/payment_error.html','',0,1,NULL,0,0,0,'2024-05-15 11:58:30','2024-05-15 11:58:30'),
(55,1,0,'Generate txt template payment_error at /home/webs/multialmacen/prestashop/mails/es/payment_error.txt','',0,1,NULL,0,0,0,'2024-05-15 11:58:30','2024-05-15 11:58:30'),
(56,1,0,'Generate html template preparation at /home/webs/multialmacen/prestashop/mails/es/preparation.html','',0,1,NULL,0,0,0,'2024-05-15 11:58:30','2024-05-15 11:58:30'),
(57,1,0,'Generate txt template preparation at /home/webs/multialmacen/prestashop/mails/es/preparation.txt','',0,1,NULL,0,0,0,'2024-05-15 11:58:30','2024-05-15 11:58:30'),
(58,1,0,'Generate html template productoutofstock at /home/webs/multialmacen/prestashop/mails/es/productoutofstock.html','',0,1,NULL,0,0,0,'2024-05-15 11:58:30','2024-05-15 11:58:30'),
(59,1,0,'Generate txt template productoutofstock at /home/webs/multialmacen/prestashop/mails/es/productoutofstock.txt','',0,1,NULL,0,0,0,'2024-05-15 11:58:30','2024-05-15 11:58:30'),
(60,1,0,'Generate html template refund at /home/webs/multialmacen/prestashop/mails/es/refund.html','',0,1,NULL,0,0,0,'2024-05-15 11:58:30','2024-05-15 11:58:30'),
(61,1,0,'Generate txt template refund at /home/webs/multialmacen/prestashop/mails/es/refund.txt','',0,1,NULL,0,0,0,'2024-05-15 11:58:30','2024-05-15 11:58:30'),
(62,1,0,'Generate html template reply_msg at /home/webs/multialmacen/prestashop/mails/es/reply_msg.html','',0,1,NULL,0,0,0,'2024-05-15 11:58:30','2024-05-15 11:58:30'),
(63,1,0,'Generate txt template reply_msg at /home/webs/multialmacen/prestashop/mails/es/reply_msg.txt','',0,1,NULL,0,0,0,'2024-05-15 11:58:30','2024-05-15 11:58:30'),
(64,1,0,'Generate html template shipped at /home/webs/multialmacen/prestashop/mails/es/shipped.html','',0,1,NULL,0,0,0,'2024-05-15 11:58:30','2024-05-15 11:58:30'),
(65,1,0,'Generate txt template shipped at /home/webs/multialmacen/prestashop/mails/es/shipped.txt','',0,1,NULL,0,0,0,'2024-05-15 11:58:30','2024-05-15 11:58:30'),
(66,1,0,'Generate html template test at /home/webs/multialmacen/prestashop/mails/es/test.html','',0,1,NULL,0,0,0,'2024-05-15 11:58:31','2024-05-15 11:58:31'),
(67,1,0,'Generate txt template test at /home/webs/multialmacen/prestashop/mails/es/test.txt','',0,1,NULL,0,0,0,'2024-05-15 11:58:31','2024-05-15 11:58:31'),
(68,1,0,'Generate html template voucher at /home/webs/multialmacen/prestashop/mails/es/voucher.html','',0,1,NULL,0,0,0,'2024-05-15 11:58:31','2024-05-15 11:58:31'),
(69,1,0,'Generate txt template voucher at /home/webs/multialmacen/prestashop/mails/es/voucher.txt','',0,1,NULL,0,0,0,'2024-05-15 11:58:31','2024-05-15 11:58:31'),
(70,1,0,'Generate html template voucher_new at /home/webs/multialmacen/prestashop/mails/es/voucher_new.html','',0,1,NULL,0,0,0,'2024-05-15 11:58:31','2024-05-15 11:58:31'),
(71,1,0,'Generate txt template voucher_new at /home/webs/multialmacen/prestashop/mails/es/voucher_new.txt','',0,1,NULL,0,0,0,'2024-05-15 11:58:31','2024-05-15 11:58:31'),
(72,1,0,'Generate html template newsletter_conf at /home/webs/multialmacen/prestashop/modules//ps_emailsubscription/mails/es/newsletter_conf.html','',0,1,NULL,0,0,0,'2024-05-15 11:58:31','2024-05-15 11:58:31'),
(73,1,0,'Generate txt template newsletter_conf at /home/webs/multialmacen/prestashop/modules//ps_emailsubscription/mails/es/newsletter_conf.txt','',0,1,NULL,0,0,0,'2024-05-15 11:58:31','2024-05-15 11:58:31'),
(74,1,0,'Generate html template newsletter_verif at /home/webs/multialmacen/prestashop/modules//ps_emailsubscription/mails/es/newsletter_verif.html','',0,1,NULL,0,0,0,'2024-05-15 11:58:31','2024-05-15 11:58:31'),
(75,1,0,'Generate txt template newsletter_verif at /home/webs/multialmacen/prestashop/modules//ps_emailsubscription/mails/es/newsletter_verif.txt','',0,1,NULL,0,0,0,'2024-05-15 11:58:31','2024-05-15 11:58:31'),
(76,1,0,'Generate html template newsletter_voucher at /home/webs/multialmacen/prestashop/modules//ps_emailsubscription/mails/es/newsletter_voucher.html','',0,1,NULL,0,0,0,'2024-05-15 11:58:31','2024-05-15 11:58:31'),
(77,1,0,'Generate txt template newsletter_voucher at /home/webs/multialmacen/prestashop/modules//ps_emailsubscription/mails/es/newsletter_voucher.txt','',0,1,NULL,0,0,0,'2024-05-15 11:58:31','2024-05-15 11:58:31'),
(78,1,0,'Generate html template customer_qty at /home/webs/multialmacen/prestashop/modules//ps_emailalerts/mails/es/customer_qty.html','',0,1,NULL,0,0,0,'2024-05-15 11:58:31','2024-05-15 11:58:31'),
(79,1,0,'Generate txt template customer_qty at /home/webs/multialmacen/prestashop/modules//ps_emailalerts/mails/es/customer_qty.txt','',0,1,NULL,0,0,0,'2024-05-15 11:58:31','2024-05-15 11:58:31'),
(80,1,0,'Generate html template new_order at /home/webs/multialmacen/prestashop/modules//ps_emailalerts/mails/es/new_order.html','',0,1,NULL,0,0,0,'2024-05-15 11:58:31','2024-05-15 11:58:31'),
(81,1,0,'Generate txt template new_order at /home/webs/multialmacen/prestashop/modules//ps_emailalerts/mails/es/new_order.txt','',0,1,NULL,0,0,0,'2024-05-15 11:58:31','2024-05-15 11:58:31'),
(82,1,0,'Generate html template order_changed at /home/webs/multialmacen/prestashop/modules//ps_emailalerts/mails/es/order_changed.html','',0,1,NULL,0,0,0,'2024-05-15 11:58:31','2024-05-15 11:58:31'),
(83,1,0,'Generate txt template order_changed at /home/webs/multialmacen/prestashop/modules//ps_emailalerts/mails/es/order_changed.txt','',0,1,NULL,0,0,0,'2024-05-15 11:58:31','2024-05-15 11:58:31'),
(84,1,0,'Generate html template productcoverage at /home/webs/multialmacen/prestashop/modules//ps_emailalerts/mails/es/productcoverage.html','',0,1,NULL,0,0,0,'2024-05-15 11:58:31','2024-05-15 11:58:31'),
(85,1,0,'Generate txt template productcoverage at /home/webs/multialmacen/prestashop/modules//ps_emailalerts/mails/es/productcoverage.txt','',0,1,NULL,0,0,0,'2024-05-15 11:58:31','2024-05-15 11:58:31'),
(86,1,0,'Generate html template productoutofstock at /home/webs/multialmacen/prestashop/modules//ps_emailalerts/mails/es/productoutofstock.html','',0,1,NULL,0,0,0,'2024-05-15 11:58:31','2024-05-15 11:58:31'),
(87,1,0,'Generate txt template productoutofstock at /home/webs/multialmacen/prestashop/modules//ps_emailalerts/mails/es/productoutofstock.txt','',0,1,NULL,0,0,0,'2024-05-15 11:58:31','2024-05-15 11:58:31'),
(88,1,0,'Generate html template return_slip at /home/webs/multialmacen/prestashop/modules//ps_emailalerts/mails/es/return_slip.html','',0,1,NULL,0,0,0,'2024-05-15 11:58:31','2024-05-15 11:58:31'),
(89,1,0,'Generate txt template return_slip at /home/webs/multialmacen/prestashop/modules//ps_emailalerts/mails/es/return_slip.txt','',0,1,NULL,0,0,0,'2024-05-15 11:58:31','2024-05-15 11:58:31'),
(90,1,0,'Generate html template referralprogram-congratulations at /home/webs/multialmacen/prestashop/modules//referralprogram/mails/es/referralprogram-congratulations.html','',0,1,NULL,0,0,0,'2024-05-15 11:58:31','2024-05-15 11:58:31'),
(91,1,0,'Generate txt template referralprogram-congratulations at /home/webs/multialmacen/prestashop/modules//referralprogram/mails/es/referralprogram-congratulations.txt','',0,1,NULL,0,0,0,'2024-05-15 11:58:31','2024-05-15 11:58:31'),
(92,1,0,'Generate html template referralprogram-invitation at /home/webs/multialmacen/prestashop/modules//referralprogram/mails/es/referralprogram-invitation.html','',0,1,NULL,0,0,0,'2024-05-15 11:58:31','2024-05-15 11:58:31'),
(93,1,0,'Generate txt template referralprogram-invitation at /home/webs/multialmacen/prestashop/modules//referralprogram/mails/es/referralprogram-invitation.txt','',0,1,NULL,0,0,0,'2024-05-15 11:58:31','2024-05-15 11:58:31'),
(94,1,0,'Generate html template referralprogram-voucher at /home/webs/multialmacen/prestashop/modules//referralprogram/mails/es/referralprogram-voucher.html','',0,1,NULL,0,0,0,'2024-05-15 11:58:31','2024-05-15 11:58:31'),
(95,1,0,'Generate txt template referralprogram-voucher at /home/webs/multialmacen/prestashop/modules//referralprogram/mails/es/referralprogram-voucher.txt','',0,1,NULL,0,0,0,'2024-05-15 11:58:31','2024-05-15 11:58:31'),
(96,1,0,'Generate html template followup_1 at /home/webs/multialmacen/prestashop/modules//followup/mails/es/followup_1.html','',0,1,NULL,0,0,0,'2024-05-15 11:58:31','2024-05-15 11:58:31'),
(97,1,0,'Generate txt template followup_1 at /home/webs/multialmacen/prestashop/modules//followup/mails/es/followup_1.txt','',0,1,NULL,0,0,0,'2024-05-15 11:58:31','2024-05-15 11:58:31'),
(98,1,0,'Generate html template followup_2 at /home/webs/multialmacen/prestashop/modules//followup/mails/es/followup_2.html','',0,1,NULL,0,0,0,'2024-05-15 11:58:31','2024-05-15 11:58:31'),
(99,1,0,'Generate txt template followup_2 at /home/webs/multialmacen/prestashop/modules//followup/mails/es/followup_2.txt','',0,1,NULL,0,0,0,'2024-05-15 11:58:31','2024-05-15 11:58:31'),
(100,1,0,'Generate html template followup_3 at /home/webs/multialmacen/prestashop/modules//followup/mails/es/followup_3.html','',0,1,NULL,0,0,0,'2024-05-15 11:58:31','2024-05-15 11:58:31'),
(101,1,0,'Generate txt template followup_3 at /home/webs/multialmacen/prestashop/modules//followup/mails/es/followup_3.txt','',0,1,NULL,0,0,0,'2024-05-15 11:58:31','2024-05-15 11:58:31'),
(102,1,0,'Generate html template followup_4 at /home/webs/multialmacen/prestashop/modules//followup/mails/es/followup_4.html','',0,1,NULL,0,0,0,'2024-05-15 11:58:31','2024-05-15 11:58:31'),
(103,1,0,'Generate txt template followup_4 at /home/webs/multialmacen/prestashop/modules//followup/mails/es/followup_4.txt','',0,1,NULL,0,0,0,'2024-05-15 11:58:31','2024-05-15 11:58:31'),
(104,1,0,'Generate html template followup_1 at /home/webs/multialmacen/prestashop/modules//ps_reminder/mails/es/followup_1.html','',0,1,NULL,0,0,0,'2024-05-15 11:58:31','2024-05-15 11:58:31'),
(105,1,0,'Generate txt template followup_1 at /home/webs/multialmacen/prestashop/modules//ps_reminder/mails/es/followup_1.txt','',0,1,NULL,0,0,0,'2024-05-15 11:58:31','2024-05-15 11:58:31'),
(106,1,0,'Generate html template followup_2 at /home/webs/multialmacen/prestashop/modules//ps_reminder/mails/es/followup_2.html','',0,1,NULL,0,0,0,'2024-05-15 11:58:31','2024-05-15 11:58:31'),
(107,1,0,'Generate txt template followup_2 at /home/webs/multialmacen/prestashop/modules//ps_reminder/mails/es/followup_2.txt','',0,1,NULL,0,0,0,'2024-05-15 11:58:31','2024-05-15 11:58:31'),
(108,1,0,'Generate html template followup_3 at /home/webs/multialmacen/prestashop/modules//ps_reminder/mails/es/followup_3.html','',0,1,NULL,0,0,0,'2024-05-15 11:58:31','2024-05-15 11:58:31'),
(109,1,0,'Generate txt template followup_3 at /home/webs/multialmacen/prestashop/modules//ps_reminder/mails/es/followup_3.txt','',0,1,NULL,0,0,0,'2024-05-15 11:58:31','2024-05-15 11:58:31'),
(110,1,0,'Generate html template followup_4 at /home/webs/multialmacen/prestashop/modules//ps_reminder/mails/es/followup_4.html','',0,1,NULL,0,0,0,'2024-05-15 11:58:31','2024-05-15 11:58:31'),
(111,1,0,'Generate txt template followup_4 at /home/webs/multialmacen/prestashop/modules//ps_reminder/mails/es/followup_4.txt','',0,1,NULL,0,0,0,'2024-05-15 11:58:31','2024-05-15 11:58:31'),
(112,1,0,'Protect vendor folder in module ps_linklist','',0,1,NULL,1,0,1,'2024-05-15 11:58:33','2024-05-15 11:58:33'),
(113,1,0,'Module ps_linklist has no vendor folder','',0,1,NULL,1,0,1,'2024-05-15 11:58:33','2024-05-15 11:58:33'),
(114,1,0,'Protect vendor folder in module blockreassurance','',0,1,NULL,1,0,1,'2024-05-15 11:58:33','2024-05-15 11:58:33'),
(115,1,0,'Module blockreassurance has no vendor folder','',0,1,NULL,1,0,1,'2024-05-15 11:58:33','2024-05-15 11:58:33'),
(116,1,0,'Protect vendor folder in module blockwishlist','',0,1,NULL,1,0,1,'2024-05-15 11:58:33','2024-05-15 11:58:33'),
(117,1,0,'Module blockwishlist has no vendor folder','',0,1,NULL,1,0,1,'2024-05-15 11:58:33','2024-05-15 11:58:33'),
(118,1,0,'Protect vendor folder in module psgdpr','',0,1,NULL,1,0,1,'2024-05-15 11:58:33','2024-05-15 11:58:33'),
(119,1,0,'Module psgdpr has no vendor folder','',0,1,NULL,1,0,1,'2024-05-15 11:58:33','2024-05-15 11:58:33'),
(120,1,0,'Protect vendor folder in module ps_contactinfo','',0,1,NULL,1,0,1,'2024-05-15 11:58:33','2024-05-15 11:58:33'),
(121,1,0,'Module ps_contactinfo has no vendor folder','',0,1,NULL,1,0,1,'2024-05-15 11:58:33','2024-05-15 11:58:33'),
(122,1,0,'Protect vendor folder in module ps_languageselector','',0,1,NULL,1,0,1,'2024-05-15 11:58:33','2024-05-15 11:58:33'),
(123,1,0,'Module ps_languageselector has no vendor folder','',0,1,NULL,1,0,1,'2024-05-15 11:58:33','2024-05-15 11:58:33'),
(124,1,0,'Protect vendor folder in module ps_currencyselector','',0,1,NULL,1,0,1,'2024-05-15 11:58:33','2024-05-15 11:58:33'),
(125,1,0,'Module ps_currencyselector has no vendor folder','',0,1,NULL,1,0,1,'2024-05-15 11:58:33','2024-05-15 11:58:33'),
(126,1,0,'Protect vendor folder in module ps_customersignin','',0,1,NULL,1,0,1,'2024-05-15 11:58:33','2024-05-15 11:58:33'),
(127,1,0,'Module ps_customersignin has no vendor folder','',0,1,NULL,1,0,1,'2024-05-15 11:58:33','2024-05-15 11:58:33'),
(128,1,0,'Protect vendor folder in module ps_shoppingcart','',0,1,NULL,1,0,1,'2024-05-15 11:58:33','2024-05-15 11:58:33'),
(129,1,0,'Module ps_shoppingcart has no vendor folder','',0,1,NULL,1,0,1,'2024-05-15 11:58:33','2024-05-15 11:58:33'),
(130,1,0,'Protect vendor folder in module ps_mainmenu','',0,1,NULL,1,0,1,'2024-05-15 11:58:33','2024-05-15 11:58:33'),
(131,1,0,'Module ps_mainmenu has no vendor folder','',0,1,NULL,1,0,1,'2024-05-15 11:58:33','2024-05-15 11:58:33'),
(132,1,0,'Protect vendor folder in module ps_searchbar','',0,1,NULL,1,0,1,'2024-05-15 11:58:33','2024-05-15 11:58:33'),
(133,1,0,'Module ps_searchbar has no vendor folder','',0,1,NULL,1,0,1,'2024-05-15 11:58:33','2024-05-15 11:58:33'),
(134,1,0,'Protect vendor folder in module ps_imageslider','',0,1,NULL,1,0,1,'2024-05-15 11:58:33','2024-05-15 11:58:33'),
(135,1,0,'Module ps_imageslider has no vendor folder','',0,1,NULL,1,0,1,'2024-05-15 11:58:33','2024-05-15 11:58:33'),
(136,1,0,'Protect vendor folder in module ps_featuredproducts','',0,1,NULL,1,0,1,'2024-05-15 11:58:33','2024-05-15 11:58:33'),
(137,1,0,'Module ps_featuredproducts has no vendor folder','',0,1,NULL,1,0,1,'2024-05-15 11:58:33','2024-05-15 11:58:33'),
(138,1,0,'Protect vendor folder in module ps_banner','',0,1,NULL,1,0,1,'2024-05-15 11:58:33','2024-05-15 11:58:33'),
(139,1,0,'Module ps_banner has no vendor folder','',0,1,NULL,1,0,1,'2024-05-15 11:58:33','2024-05-15 11:58:33'),
(140,1,0,'Protect vendor folder in module ps_customtext','',0,1,NULL,1,0,1,'2024-05-15 11:58:34','2024-05-15 11:58:34'),
(141,1,0,'Module ps_customtext has no vendor folder','',0,1,NULL,1,0,1,'2024-05-15 11:58:34','2024-05-15 11:58:34'),
(142,1,0,'Protect vendor folder in module ps_specials','',0,1,NULL,1,0,1,'2024-05-15 11:58:34','2024-05-15 11:58:34'),
(143,1,0,'Module ps_specials has no vendor folder','',0,1,NULL,1,0,1,'2024-05-15 11:58:34','2024-05-15 11:58:34'),
(144,1,0,'Protect vendor folder in module ps_newproducts','',0,1,NULL,1,0,1,'2024-05-15 11:58:34','2024-05-15 11:58:34'),
(145,1,0,'Module ps_newproducts has no vendor folder','',0,1,NULL,1,0,1,'2024-05-15 11:58:34','2024-05-15 11:58:34'),
(146,1,0,'Protect vendor folder in module ps_bestsellers','',0,1,NULL,1,0,1,'2024-05-15 11:58:34','2024-05-15 11:58:34'),
(147,1,0,'Module ps_bestsellers has no vendor folder','',0,1,NULL,1,0,1,'2024-05-15 11:58:34','2024-05-15 11:58:34'),
(148,1,0,'Protect vendor folder in module ps_emailsubscription','',0,1,NULL,1,0,1,'2024-05-15 11:58:34','2024-05-15 11:58:34'),
(149,1,0,'Module ps_emailsubscription has no vendor folder','',0,1,NULL,1,0,1,'2024-05-15 11:58:34','2024-05-15 11:58:34'),
(150,1,0,'Protect vendor folder in module ps_socialfollow','',0,1,NULL,1,0,1,'2024-05-15 11:58:34','2024-05-15 11:58:34'),
(151,1,0,'Module ps_socialfollow has no vendor folder','',0,1,NULL,1,0,1,'2024-05-15 11:58:34','2024-05-15 11:58:34'),
(152,1,0,'Protect vendor folder in module ps_customeraccountlinks','',0,1,NULL,1,0,1,'2024-05-15 11:58:34','2024-05-15 11:58:34'),
(153,1,0,'Module ps_customeraccountlinks has no vendor folder','',0,1,NULL,1,0,1,'2024-05-15 11:58:34','2024-05-15 11:58:34'),
(154,1,0,'Protect vendor folder in module productcomments','',0,1,NULL,1,0,1,'2024-05-15 11:58:34','2024-05-15 11:58:34'),
(155,1,0,'Module productcomments has no vendor folder','',0,1,NULL,1,0,1,'2024-05-15 11:58:34','2024-05-15 11:58:34'),
(156,1,0,'Protect vendor folder in module ps_categorytree','',0,1,NULL,1,0,1,'2024-05-15 11:58:34','2024-05-15 11:58:34'),
(157,1,0,'Module ps_categorytree has no vendor folder','',0,1,NULL,1,0,1,'2024-05-15 11:58:34','2024-05-15 11:58:34'),
(158,1,0,'Protect vendor folder in module ps_facetedsearch','',0,1,NULL,1,0,1,'2024-05-15 11:58:34','2024-05-15 11:58:34'),
(159,1,0,'Module ps_facetedsearch has no vendor folder','',0,1,NULL,1,0,1,'2024-05-15 11:58:34','2024-05-15 11:58:34'),
(160,1,0,'Protect vendor folder in module contactform','',0,1,NULL,1,0,1,'2024-05-15 11:58:34','2024-05-15 11:58:34'),
(161,1,0,'Module contactform has no vendor folder','',0,1,NULL,1,0,1,'2024-05-15 11:58:34','2024-05-15 11:58:34'),
(162,1,0,'Protect vendor folder in module ps_sharebuttons','',0,1,NULL,1,0,1,'2024-05-15 11:58:34','2024-05-15 11:58:34'),
(163,1,0,'Module ps_sharebuttons has no vendor folder','',0,1,NULL,1,0,1,'2024-05-15 11:58:34','2024-05-15 11:58:34'),
(164,1,0,'Protect vendor folder in module statsbestcustomers','',0,1,NULL,1,0,1,'2024-05-15 11:58:43','2024-05-15 11:58:43'),
(165,1,0,'Module statsbestcustomers has no vendor folder','',0,1,NULL,1,0,1,'2024-05-15 11:58:43','2024-05-15 11:58:43'),
(166,1,0,'Protect vendor folder in module ps_checkpayment','',0,1,NULL,1,0,1,'2024-05-15 11:58:43','2024-05-15 11:58:43'),
(167,1,0,'Module ps_checkpayment has no vendor folder','',0,1,NULL,1,0,1,'2024-05-15 11:58:43','2024-05-15 11:58:43'),
(168,1,0,'Protect vendor folder in module ps_supplierlist','',0,1,NULL,1,0,1,'2024-05-15 11:58:43','2024-05-15 11:58:43'),
(169,1,0,'Module ps_supplierlist has no vendor folder','',0,1,NULL,1,0,1,'2024-05-15 11:58:43','2024-05-15 11:58:43'),
(170,1,0,'Protect vendor folder in module gsitemap','',0,1,NULL,1,0,1,'2024-05-15 11:58:43','2024-05-15 11:58:43'),
(171,1,0,'Module gsitemap has no vendor folder','',0,1,NULL,1,0,1,'2024-05-15 11:58:43','2024-05-15 11:58:43'),
(172,1,0,'Protect vendor folder in module statsbestmanufacturers','',0,1,NULL,1,0,1,'2024-05-15 11:58:43','2024-05-15 11:58:43'),
(173,1,0,'Module statsbestmanufacturers has no vendor folder','',0,1,NULL,1,0,1,'2024-05-15 11:58:43','2024-05-15 11:58:43'),
(174,1,0,'Protect vendor folder in module ps_brandlist','',0,1,NULL,1,0,1,'2024-05-15 11:58:43','2024-05-15 11:58:43'),
(175,1,0,'Module ps_brandlist has no vendor folder','',0,1,NULL,1,0,1,'2024-05-15 11:58:43','2024-05-15 11:58:43'),
(176,1,0,'Protect vendor folder in module statsnewsletter','',0,1,NULL,1,0,1,'2024-05-15 11:58:43','2024-05-15 11:58:43'),
(177,1,0,'Module statsnewsletter has no vendor folder','',0,1,NULL,1,0,1,'2024-05-15 11:58:43','2024-05-15 11:58:43'),
(178,1,0,'Protect vendor folder in module pagesnotfound','',0,1,NULL,1,0,1,'2024-05-15 11:58:43','2024-05-15 11:58:43'),
(179,1,0,'Module pagesnotfound has no vendor folder','',0,1,NULL,1,0,1,'2024-05-15 11:58:43','2024-05-15 11:58:43'),
(180,1,0,'Protect vendor folder in module dashgoals','',0,1,NULL,1,0,1,'2024-05-15 11:58:43','2024-05-15 11:58:43'),
(181,1,0,'Module dashgoals has no vendor folder','',0,1,NULL,1,0,1,'2024-05-15 11:58:43','2024-05-15 11:58:43'),
(182,1,0,'Protect vendor folder in module statsbestproducts','',0,1,NULL,1,0,1,'2024-05-15 11:58:43','2024-05-15 11:58:43'),
(183,1,0,'Module statsbestproducts has no vendor folder','',0,1,NULL,1,0,1,'2024-05-15 11:58:43','2024-05-15 11:58:43'),
(184,1,0,'Protect vendor folder in module statscheckup','',0,1,NULL,1,0,1,'2024-05-15 11:58:43','2024-05-15 11:58:43'),
(185,1,0,'Module statscheckup has no vendor folder','',0,1,NULL,1,0,1,'2024-05-15 11:58:43','2024-05-15 11:58:43'),
(186,1,0,'Protect vendor folder in module statssales','',0,1,NULL,1,0,1,'2024-05-15 11:58:43','2024-05-15 11:58:43'),
(187,1,0,'Module statssales has no vendor folder','',0,1,NULL,1,0,1,'2024-05-15 11:58:43','2024-05-15 11:58:43'),
(188,1,0,'Protect vendor folder in module ps_googleanalytics','',0,1,NULL,1,0,1,'2024-05-15 11:58:43','2024-05-15 11:58:43'),
(189,1,0,'Module ps_googleanalytics has no vendor folder','',0,1,NULL,1,0,1,'2024-05-15 11:58:43','2024-05-15 11:58:43'),
(190,1,0,'Protect vendor folder in module ps_themecusto','',0,1,NULL,1,0,1,'2024-05-15 11:58:43','2024-05-15 11:58:43'),
(191,1,0,'Module ps_themecusto has no vendor folder','',0,1,NULL,1,0,1,'2024-05-15 11:58:43','2024-05-15 11:58:43'),
(192,1,0,'Protect vendor folder in module statsdata','',0,1,NULL,1,0,1,'2024-05-15 11:58:43','2024-05-15 11:58:43'),
(193,1,0,'Module statsdata has no vendor folder','',0,1,NULL,1,0,1,'2024-05-15 11:58:43','2024-05-15 11:58:43'),
(194,1,0,'Protect vendor folder in module ps_emailalerts','',0,1,NULL,1,0,1,'2024-05-15 11:58:44','2024-05-15 11:58:44'),
(195,1,0,'Module ps_emailalerts has no vendor folder','',0,1,NULL,1,0,1,'2024-05-15 11:58:44','2024-05-15 11:58:44'),
(196,1,0,'Protect vendor folder in module statspersonalinfos','',0,1,NULL,1,0,1,'2024-05-15 11:58:44','2024-05-15 11:58:44'),
(197,1,0,'Module statspersonalinfos has no vendor folder','',0,1,NULL,1,0,1,'2024-05-15 11:58:44','2024-05-15 11:58:44'),
(198,1,0,'Protect vendor folder in module graphnvd3','',0,1,NULL,1,0,1,'2024-05-15 11:58:44','2024-05-15 11:58:44'),
(199,1,0,'Module graphnvd3 has no vendor folder','',0,1,NULL,1,0,1,'2024-05-15 11:58:44','2024-05-15 11:58:44'),
(200,1,0,'Protect vendor folder in module statsstock','',0,1,NULL,1,0,1,'2024-05-15 11:58:44','2024-05-15 11:58:44'),
(201,1,0,'Module statsstock has no vendor folder','',0,1,NULL,1,0,1,'2024-05-15 11:58:44','2024-05-15 11:58:44'),
(202,1,0,'Protect vendor folder in module ps_categoryproducts','',0,1,NULL,1,0,1,'2024-05-15 11:58:44','2024-05-15 11:58:44'),
(203,1,0,'Module ps_categoryproducts has no vendor folder','',0,1,NULL,1,0,1,'2024-05-15 11:58:44','2024-05-15 11:58:44'),
(204,1,0,'Protect vendor folder in module statssearch','',0,1,NULL,1,0,1,'2024-05-15 11:58:44','2024-05-15 11:58:44'),
(205,1,0,'Module statssearch has no vendor folder','',0,1,NULL,1,0,1,'2024-05-15 11:58:44','2024-05-15 11:58:44'),
(206,1,0,'Protect vendor folder in module statscatalog','',0,1,NULL,1,0,1,'2024-05-15 11:58:44','2024-05-15 11:58:44'),
(207,1,0,'Module statscatalog has no vendor folder','',0,1,NULL,1,0,1,'2024-05-15 11:58:44','2024-05-15 11:58:44'),
(208,1,0,'Protect vendor folder in module statsproduct','',0,1,NULL,1,0,1,'2024-05-15 11:58:44','2024-05-15 11:58:44'),
(209,1,0,'Module statsproduct has no vendor folder','',0,1,NULL,1,0,1,'2024-05-15 11:58:44','2024-05-15 11:58:44'),
(210,1,0,'Protect vendor folder in module gridhtml','',0,1,NULL,1,0,1,'2024-05-15 11:58:44','2024-05-15 11:58:44'),
(211,1,0,'Module gridhtml has no vendor folder','',0,1,NULL,1,0,1,'2024-05-15 11:58:44','2024-05-15 11:58:44'),
(212,1,0,'Protect vendor folder in module statsbestsuppliers','',0,1,NULL,1,0,1,'2024-05-15 11:58:44','2024-05-15 11:58:44'),
(213,1,0,'Module statsbestsuppliers has no vendor folder','',0,1,NULL,1,0,1,'2024-05-15 11:58:44','2024-05-15 11:58:44'),
(214,1,0,'Protect vendor folder in module statsregistrations','',0,1,NULL,1,0,1,'2024-05-15 11:58:44','2024-05-15 11:58:44'),
(215,1,0,'Module statsregistrations has no vendor folder','',0,1,NULL,1,0,1,'2024-05-15 11:58:44','2024-05-15 11:58:44'),
(216,1,0,'Protect vendor folder in module ps_viewedproduct','',0,1,NULL,1,0,1,'2024-05-15 11:58:44','2024-05-15 11:58:44'),
(217,1,0,'Module ps_viewedproduct has no vendor folder','',0,1,NULL,1,0,1,'2024-05-15 11:58:44','2024-05-15 11:58:44'),
(218,1,0,'Protect vendor folder in module ps_faviconnotificationbo','',0,1,NULL,1,0,1,'2024-05-15 11:58:44','2024-05-15 11:58:44'),
(219,1,0,'Module ps_faviconnotificationbo has no vendor folder','',0,1,NULL,1,0,1,'2024-05-15 11:58:44','2024-05-15 11:58:44'),
(220,1,0,'Protect vendor folder in module dashproducts','',0,1,NULL,1,0,1,'2024-05-15 11:58:44','2024-05-15 11:58:44'),
(221,1,0,'Module dashproducts has no vendor folder','',0,1,NULL,1,0,1,'2024-05-15 11:58:44','2024-05-15 11:58:44'),
(222,1,0,'Protect vendor folder in module ps_cashondelivery','',0,1,NULL,1,0,1,'2024-05-15 11:58:44','2024-05-15 11:58:44'),
(223,1,0,'Module ps_cashondelivery has no vendor folder','',0,1,NULL,1,0,1,'2024-05-15 11:58:44','2024-05-15 11:58:44'),
(224,1,0,'Protect vendor folder in module ps_crossselling','',0,1,NULL,1,0,1,'2024-05-15 11:58:44','2024-05-15 11:58:44'),
(225,1,0,'Module ps_crossselling has no vendor folder','',0,1,NULL,1,0,1,'2024-05-15 11:58:44','2024-05-15 11:58:44'),
(226,1,0,'Protect vendor folder in module ps_distributionapiclient','',0,1,NULL,1,0,1,'2024-05-15 11:58:44','2024-05-15 11:58:44'),
(227,1,0,'Module ps_distributionapiclient has no vendor folder','',0,1,NULL,1,0,1,'2024-05-15 11:58:44','2024-05-15 11:58:44'),
(228,1,0,'Protect vendor folder in module ps_dataprivacy','',0,1,NULL,1,0,1,'2024-05-15 11:58:44','2024-05-15 11:58:44'),
(229,1,0,'Module ps_dataprivacy has no vendor folder','',0,1,NULL,1,0,1,'2024-05-15 11:58:44','2024-05-15 11:58:44'),
(230,1,0,'Protect vendor folder in module statscarrier','',0,1,NULL,1,0,1,'2024-05-15 11:58:44','2024-05-15 11:58:44'),
(231,1,0,'Module statscarrier has no vendor folder','',0,1,NULL,1,0,1,'2024-05-15 11:58:44','2024-05-15 11:58:44'),
(232,1,0,'Protect vendor folder in module dashactivity','',0,1,NULL,1,0,1,'2024-05-15 11:58:44','2024-05-15 11:58:44'),
(233,1,0,'Module dashactivity has no vendor folder','',0,1,NULL,1,0,1,'2024-05-15 11:58:44','2024-05-15 11:58:44'),
(234,1,0,'Protect vendor folder in module statsbestcategories','',0,1,NULL,1,0,1,'2024-05-15 11:58:44','2024-05-15 11:58:44'),
(235,1,0,'Module statsbestcategories has no vendor folder','',0,1,NULL,1,0,1,'2024-05-15 11:58:44','2024-05-15 11:58:44'),
(236,1,0,'Protect vendor folder in module dashtrends','',0,1,NULL,1,0,1,'2024-05-15 11:58:44','2024-05-15 11:58:44'),
(237,1,0,'Module dashtrends has no vendor folder','',0,1,NULL,1,0,1,'2024-05-15 11:58:44','2024-05-15 11:58:44'),
(238,1,0,'Protect vendor folder in module statsforecast','',0,1,NULL,1,0,1,'2024-05-15 11:58:44','2024-05-15 11:58:44'),
(239,1,0,'Module statsforecast has no vendor folder','',0,1,NULL,1,0,1,'2024-05-15 11:58:44','2024-05-15 11:58:44'),
(240,1,0,'Protect vendor folder in module statsbestvouchers','',0,1,NULL,1,0,1,'2024-05-15 11:58:44','2024-05-15 11:58:44'),
(241,1,0,'Module statsbestvouchers has no vendor folder','',0,1,NULL,1,0,1,'2024-05-15 11:58:44','2024-05-15 11:58:44'),
(242,1,0,'Protect vendor folder in module ps_wirepayment','',0,1,NULL,1,0,1,'2024-05-15 11:58:44','2024-05-15 11:58:44'),
(243,1,0,'Module ps_wirepayment has no vendor folder','',0,1,NULL,1,0,1,'2024-05-15 11:58:44','2024-05-15 11:58:44'),
(244,1,0,'Conexión al back-office desde 92.187.35.159','',0,NULL,NULL,1,1,1,'2024-05-15 12:00:48','2024-05-15 12:00:48'),
(245,1,0,'Protect vendor folder in module gestavdstock','',0,1,NULL,1,0,1,'2024-05-15 12:01:09','2024-05-15 12:01:09'),
(246,1,0,'Module gestavdstock has no vendor folder','',0,1,NULL,1,0,1,'2024-05-15 12:01:09','2024-05-15 12:01:09'),
(247,1,0,'Protect vendor folder in module imaxmultialmacen','',0,1,NULL,1,0,1,'2024-05-15 12:01:44','2024-05-15 12:01:44'),
(248,1,0,'Conexión al back-office desde 178.60.31.35','',0,NULL,NULL,1,1,1,'2024-05-15 12:05:24','2024-05-15 12:05:24'),
(249,1,0,'Protect vendor folder in module imaxmultialmacen','',0,1,NULL,1,0,1,'2024-05-15 12:09:11','2024-05-15 12:09:11'),
(250,1,0,'Conexión al back-office desde 178.60.31.35','',0,NULL,NULL,1,1,1,'2024-05-15 14:12:23','2024-05-15 14:12:23'),
(251,1,0,'Protect vendor folder in module imaxmultialmacen','',0,1,NULL,1,0,1,'2024-05-15 16:02:33','2024-05-15 16:02:33'),
(252,1,0,'Protect vendor folder in module imaxmultialmacen','',0,1,NULL,1,0,1,'2024-05-21 08:19:19','2024-05-21 08:19:19'),
(253,1,0,'Protect vendor folder in module imaximprimepedidosservidor','',0,1,NULL,1,0,1,'2024-05-21 08:45:21','2024-05-21 08:45:21'),
(254,1,0,'Module imaximprimepedidosservidor has no vendor folder','',0,1,NULL,1,0,1,'2024-05-21 08:45:21','2024-05-21 08:45:21'),
(255,1,0,'Protect vendor folder in module imaximprimepedidosservidor','',0,1,NULL,1,0,1,'2024-05-21 09:09:08','2024-05-21 09:09:08'),
(256,1,0,'Module imaximprimepedidosservidor has no vendor folder','',0,1,NULL,1,0,1,'2024-05-21 09:09:08','2024-05-21 09:09:08'),
(257,1,0,'Protect vendor folder in module imaximprimepedidosservidor','',0,1,NULL,1,0,1,'2024-05-21 10:29:22','2024-05-21 10:29:22'),
(258,1,0,'Module imaximprimepedidosservidor has no vendor folder','',0,1,NULL,1,0,1,'2024-05-21 10:29:22','2024-05-21 10:29:22'),
(259,1,0,'Protect vendor folder in module imaximprimepedidosservidor','',0,1,NULL,1,0,1,'2024-05-21 11:44:30','2024-05-21 11:44:30'),
(260,1,0,'Module imaximprimepedidosservidor has no vendor folder','',0,1,NULL,1,0,1,'2024-05-21 11:44:30','2024-05-21 11:44:30'),
(261,1,0,'Protect vendor folder in module support_phpmyadmin','',0,1,NULL,1,0,1,'2024-05-21 11:54:08','2024-05-21 11:54:08'),
(262,1,0,'Module support_phpmyadmin has no vendor folder','',0,1,NULL,1,0,1,'2024-05-21 11:54:08','2024-05-21 11:54:08'),
(263,1,0,'Conexión al back-office desde 92.187.35.159','',0,NULL,NULL,1,1,1,'2024-05-22 14:18:14','2024-05-22 14:18:14'),
(264,1,0,'Conexión al back-office desde 92.187.35.159','',0,NULL,NULL,1,1,1,'2024-05-22 18:45:05','2024-05-22 18:45:05'),
(265,1,0,'Conexión al back-office desde 92.187.35.159','',0,NULL,NULL,1,1,1,'2024-05-23 12:55:47','2024-05-23 12:55:47'),
(266,3,0,'Swift Error: Expected response code 220 but got an empty response','SwiftMessage',0,1,NULL,1,0,0,'2024-05-23 13:49:20','2024-05-23 13:49:20'),
(267,3,0,'Swift Error: Expected response code 220 but got an empty response','SwiftMessage',0,1,NULL,1,0,0,'2024-05-23 13:49:20','2024-05-23 13:49:20'),
(268,3,0,'Swift Error: Expected response code 220 but got an empty response','SwiftMessage',0,1,NULL,1,0,1,'2024-05-23 13:49:57','2024-05-23 13:49:57'),
(269,1,0,'Protect vendor folder in module imaxmovimientospda','',0,1,NULL,1,0,1,'2024-05-23 14:02:29','2024-05-23 14:02:29'),
(270,1,0,'Module imaxmovimientospda has no vendor folder','',0,1,NULL,1,0,1,'2024-05-23 14:02:29','2024-05-23 14:02:29'),
(271,1,0,'Conexión al back-office desde 178.60.31.35','',0,NULL,NULL,1,1,1,'2024-05-23 14:13:14','2024-05-23 14:13:14'),
(272,1,0,'Protect vendor folder in module imaxmovimientospda','',0,1,NULL,1,0,1,'2024-05-23 14:45:55','2024-05-23 14:45:55'),
(273,1,0,'Module imaxmovimientospda has no vendor folder','',0,1,NULL,1,0,1,'2024-05-23 14:45:55','2024-05-23 14:45:55'),
(274,1,0,'Conexión al back-office desde 92.187.35.159','',0,NULL,NULL,1,1,1,'2024-05-23 17:13:21','2024-05-23 17:13:21'),
(275,1,0,'Conexión al back-office desde 62.87.102.248','',0,NULL,NULL,1,1,1,'2024-05-24 11:08:36','2024-05-24 11:08:36'),
(276,1,0,'Conexión al back-office desde 92.187.35.159','',0,NULL,NULL,1,1,1,'2024-05-24 11:08:48','2024-05-24 11:08:48'),
(277,1,0,'Back Office connection from Informax PDA Entrada (178.60.31.35)','',0,1,NULL,1,0,1,'2024-05-24 11:38:17','2024-05-24 11:38:17'),
(278,1,0,'AttributeGroup añadido','AttributeGroup',1,1,NULL,1,0,1,'2024-05-24 12:17:01','2024-05-24 12:17:01'),
(279,1,0,'AttributeGroup añadido','AttributeGroup',2,1,NULL,1,0,1,'2024-05-24 12:17:13','2024-05-24 12:17:13'),
(280,1,0,'ProductAttribute añadido','ProductAttribute',1,1,NULL,1,0,1,'2024-05-24 12:17:23','2024-05-24 12:17:23'),
(281,1,0,'ProductAttribute añadido','ProductAttribute',2,1,NULL,1,0,1,'2024-05-24 12:17:33','2024-05-24 12:17:33'),
(282,1,0,'ProductAttribute añadido','ProductAttribute',3,1,NULL,1,0,1,'2024-05-24 12:17:42','2024-05-24 12:17:42'),
(283,1,0,'ProductAttribute añadido','ProductAttribute',4,1,NULL,1,0,1,'2024-05-24 12:17:47','2024-05-24 12:17:47'),
(284,1,0,'ProductAttribute añadido','ProductAttribute',5,1,NULL,1,0,1,'2024-05-24 12:17:51','2024-05-24 12:17:51'),
(285,1,0,'ProductAttribute modificación','ProductAttribute',2,1,NULL,1,0,1,'2024-05-24 12:20:06','2024-05-24 12:20:06'),
(286,3,0,'Swift Error: Expected response code 220 but got an empty response','SwiftMessage',0,1,NULL,1,0,1,'2024-05-24 13:43:24','2024-05-24 13:43:24'),
(287,3,0,'Swift Error: Expected response code 220 but got an empty response','SwiftMessage',0,1,NULL,1,0,1,'2024-05-24 13:43:25','2024-05-24 13:43:25'),
(288,1,0,'Conexión al back-office desde 92.187.35.159','',0,NULL,NULL,1,1,1,'2024-05-31 10:19:55','2024-05-31 10:19:55'),
(289,1,0,'Conexión al back-office desde 92.187.35.159','',0,NULL,NULL,1,1,1,'2024-05-31 10:45:18','2024-05-31 10:45:18'),
(290,1,0,'Protect vendor folder in module imaximprimepedidosservidor','',0,1,NULL,1,0,1,'2024-05-31 10:53:56','2024-05-31 10:53:56'),
(291,1,0,'Module imaximprimepedidosservidor has no vendor folder','',0,1,NULL,1,0,1,'2024-05-31 10:53:56','2024-05-31 10:53:56'),
(292,1,0,'Protect vendor folder in module imaxmovimientospda','',0,1,NULL,1,0,1,'2024-05-31 11:01:46','2024-05-31 11:01:46'),
(293,1,0,'Module imaxmovimientospda has no vendor folder','',0,1,NULL,1,0,1,'2024-05-31 11:01:46','2024-05-31 11:01:46'),
(294,1,0,'Protect vendor folder in module imaximprimepedidosservidor','',0,1,NULL,1,0,1,'2024-05-31 11:21:59','2024-05-31 11:21:59'),
(295,1,0,'Module imaximprimepedidosservidor has no vendor folder','',0,1,NULL,1,0,1,'2024-05-31 11:21:59','2024-05-31 11:21:59'),
(296,3,0,'Swift Error: Expected response code 220 but got an empty response','SwiftMessage',0,1,NULL,1,0,1,'2024-05-31 12:11:47','2024-05-31 12:11:47'),
(297,3,0,'Swift Error: Expected response code 220 but got an empty response','SwiftMessage',0,1,NULL,1,0,1,'2024-05-31 12:11:52','2024-05-31 12:11:52'),
(298,1,0,'Conexión al back-office desde 178.60.31.35','',0,1,NULL,1,0,1,'2024-06-05 10:45:52','2024-06-05 10:45:52'),
(299,1,0,'Protect vendor folder in module imaximprimepedidosservidor','',0,1,NULL,1,0,1,'2024-06-05 10:57:19','2024-06-05 10:57:19'),
(300,1,0,'Module imaximprimepedidosservidor has no vendor folder','',0,1,NULL,1,0,1,'2024-06-05 10:57:19','2024-06-05 10:57:19'),
(301,1,0,'Back Office connection from Informax PDA (178.60.31.35)','',0,1,NULL,1,0,1,'2024-06-05 10:59:50','2024-06-05 10:59:50'),
(302,1,0,'Back Office connection from Informax PDA (178.60.31.35)','',0,1,NULL,1,0,1,'2024-06-05 11:07:39','2024-06-05 11:07:39'),
(303,1,0,'Back Office connection from Informax PDA (178.60.31.35)','',0,1,NULL,1,0,1,'2024-06-05 14:06:47','2024-06-05 14:06:47'),
(304,1,0,'Conexión al back-office desde 62.87.102.89','',0,NULL,NULL,1,1,1,'2024-06-11 14:12:18','2024-06-11 14:12:18'),
(305,1,0,'Protect vendor folder in module imaximprimepedidosservidor','',0,1,NULL,1,0,1,'2024-06-11 14:13:38','2024-06-11 14:13:38'),
(306,1,0,'Module imaximprimepedidosservidor has no vendor folder','',0,1,NULL,1,0,1,'2024-06-11 14:13:38','2024-06-11 14:13:38'),
(307,1,0,'Protect vendor folder in module imaximprimepedidosservidor','',0,1,NULL,1,0,1,'2024-06-11 14:15:02','2024-06-11 14:15:02'),
(308,1,0,'Module imaximprimepedidosservidor has no vendor folder','',0,1,NULL,1,0,1,'2024-06-11 14:15:02','2024-06-11 14:15:02'),
(309,1,0,'Protect vendor folder in module support_phpmyadmin','',0,1,NULL,1,0,1,'2024-06-11 14:20:42','2024-06-11 14:20:42'),
(310,1,0,'Module support_phpmyadmin has no vendor folder','',0,1,NULL,1,0,1,'2024-06-11 14:20:42','2024-06-11 14:20:42'),
(311,1,0,'Protect vendor folder in module support_phpmyadmin','',0,1,NULL,1,0,1,'2024-06-11 14:22:08','2024-06-11 14:22:08'),
(312,1,0,'Module support_phpmyadmin has no vendor folder','',0,1,NULL,1,0,1,'2024-06-11 14:22:08','2024-06-11 14:22:08'),
(313,1,0,'Protect vendor folder in module rawsqltool','',0,1,NULL,1,0,1,'2024-06-11 14:22:34','2024-06-11 14:22:34'),
(314,1,0,'Module rawsqltool has no vendor folder','',0,1,NULL,1,0,1,'2024-06-11 14:22:34','2024-06-11 14:22:34'),
(315,1,0,'Protect vendor folder in module imaximprimepedidosservidor','',0,1,NULL,1,0,1,'2024-06-11 14:35:35','2024-06-11 14:35:35'),
(316,1,0,'Module imaximprimepedidosservidor has no vendor folder','',0,1,NULL,1,0,1,'2024-06-11 14:35:35','2024-06-11 14:35:35'),
(317,3,0,'Swift Error: Expected response code 220 but got an empty response','SwiftMessage',0,NULL,NULL,1,1,0,'2024-06-12 13:49:29','2024-06-12 13:49:29'),
(318,1,0,'Conexión al back-office desde 84.125.126.58','',0,NULL,NULL,1,1,1,'2024-06-12 13:49:29','2024-06-12 13:49:29'),
(319,1,0,'Conexión al back-office desde 92.187.35.159','',0,NULL,NULL,1,1,1,'2024-06-12 13:50:10','2024-06-12 13:50:10'),
(320,1,0,'Conexión al back-office desde 84.125.126.58','',0,NULL,NULL,1,1,1,'2024-06-12 13:52:23','2024-06-12 13:52:23'),
(321,1,0,'Protect vendor folder in module imaxscanean','',0,1,NULL,1,0,1,'2024-06-12 13:53:18','2024-06-12 13:53:18'),
(322,1,0,'Module imaxscanean has no vendor folder','',0,1,NULL,1,0,1,'2024-06-12 13:53:18','2024-06-12 13:53:18'),
(323,1,0,'Protect vendor folder in module imaxinventariodiferido','',0,1,NULL,1,0,1,'2024-06-12 13:55:32','2024-06-12 13:55:32'),
(324,1,0,'Module imaxinventariodiferido has no vendor folder','',0,1,NULL,1,0,1,'2024-06-12 13:55:32','2024-06-12 13:55:32'),
(325,1,0,'Protect vendor folder in module imaxrecoleccionpda','',0,1,NULL,1,0,1,'2024-06-12 13:59:23','2024-06-12 13:59:23'),
(326,1,0,'Module imaxrecoleccionpda has no vendor folder','',0,1,NULL,1,0,1,'2024-06-12 13:59:23','2024-06-12 13:59:23'),
(327,1,0,'Conexión al back-office desde 92.187.35.159','',0,NULL,NULL,1,1,1,'2024-06-13 12:21:26','2024-06-13 12:21:26'),
(328,1,0,'Conexión al back-office desde 178.60.31.35','',0,NULL,NULL,1,1,1,'2024-06-14 11:46:50','2024-06-14 11:46:50'),
(329,1,0,'Protect vendor folder in module imaximprimepedidosservidor','',0,1,NULL,1,0,1,'2024-06-14 11:47:13','2024-06-14 11:47:13'),
(330,1,0,'Module imaximprimepedidosservidor has no vendor folder','',0,1,NULL,1,0,1,'2024-06-14 11:47:13','2024-06-14 11:47:13'),
(331,1,0,'Protect vendor folder in module imaxmultialmacen','',0,1,NULL,1,0,1,'2024-06-20 09:14:43','2024-06-20 09:14:43'),
(332,1,0,'Protect vendor folder in module imaximprimepedidosservidor','',0,1,NULL,1,0,1,'2024-06-20 09:36:51','2024-06-20 09:36:51'),
(333,1,0,'Module imaximprimepedidosservidor has no vendor folder','',0,1,NULL,1,0,1,'2024-06-20 09:36:51','2024-06-20 09:36:51'),
(334,3,0,'Swift Error: Expected response code 220 but got an empty response','SwiftMessage',0,1,NULL,1,0,0,'2024-06-20 10:04:05','2024-06-20 10:04:05'),
(335,3,0,'Swift Error: Expected response code 220 but got an empty response','SwiftMessage',0,1,NULL,1,0,0,'2024-06-20 10:05:13','2024-06-20 10:05:13'),
(336,3,0,'Swift Error: Expected response code 220 but got an empty response','SwiftMessage',0,1,NULL,1,0,0,'2024-06-20 10:05:13','2024-06-20 10:05:13'),
(337,3,0,'Swift Error: Expected response code 220 but got an empty response','SwiftMessage',0,1,NULL,1,0,1,'2024-06-20 10:07:36','2024-06-20 10:07:36'),
(338,1,0,'Protect vendor folder in module imaximprimepedidosservidor','',0,1,NULL,1,0,1,'2024-06-20 10:15:48','2024-06-20 10:15:48'),
(339,1,0,'Module imaximprimepedidosservidor has no vendor folder','',0,1,NULL,1,0,1,'2024-06-20 10:15:48','2024-06-20 10:15:48'),
(340,1,0,'Protect vendor folder in module imaximprimepedidosservidor','',0,1,NULL,1,0,1,'2024-06-20 10:17:04','2024-06-20 10:17:04'),
(341,1,0,'Module imaximprimepedidosservidor has no vendor folder','',0,1,NULL,1,0,1,'2024-06-20 10:17:04','2024-06-20 10:17:04'),
(342,1,0,'Protect vendor folder in module support_phpmyadmin','',0,1,NULL,1,0,1,'2024-06-20 10:17:52','2024-06-20 10:17:52'),
(343,1,0,'Module support_phpmyadmin has no vendor folder','',0,1,NULL,1,0,1,'2024-06-20 10:17:52','2024-06-20 10:17:52'),
(344,1,0,'Protect vendor folder in module rawsqltool','',0,1,NULL,1,0,1,'2024-06-20 10:19:18','2024-06-20 10:19:18'),
(345,1,0,'Module rawsqltool has no vendor folder','',0,1,NULL,1,0,1,'2024-06-20 10:19:18','2024-06-20 10:19:18'),
(346,1,0,'Protect vendor folder in module imaximprimepedidosservidor','',0,1,NULL,1,0,1,'2024-06-20 10:22:14','2024-06-20 10:22:14'),
(347,1,0,'Module imaximprimepedidosservidor has no vendor folder','',0,1,NULL,1,0,1,'2024-06-20 10:22:14','2024-06-20 10:22:14'),
(348,1,0,'Conexión al back-office desde 178.60.31.35','',0,NULL,NULL,1,1,1,'2024-06-20 10:49:50','2024-06-20 10:49:50'),
(349,1,0,'Conexión al back-office desde 62.87.102.67','',0,NULL,NULL,1,1,1,'2024-06-21 09:44:47','2024-06-21 09:44:47'),
(350,1,0,'Protect vendor folder in module imaximprimepedidosservidor','',0,1,NULL,1,0,1,'2024-06-21 09:45:48','2024-06-21 09:45:48'),
(351,1,0,'Module imaximprimepedidosservidor has no vendor folder','',0,1,NULL,1,0,1,'2024-06-21 09:45:48','2024-06-21 09:45:48'),
(352,1,0,'Conexión al back-office desde 178.60.31.35','',0,NULL,NULL,1,1,1,'2024-06-21 10:37:22','2024-06-21 10:37:22'),
(353,1,0,'Protect vendor folder in module imaximprimepedidosservidor','',0,1,NULL,1,0,1,'2024-06-21 10:37:46','2024-06-21 10:37:46'),
(354,1,0,'Module imaximprimepedidosservidor has no vendor folder','',0,1,NULL,1,0,1,'2024-06-21 10:37:46','2024-06-21 10:37:46'),
(355,1,0,'Protect vendor folder in module imaximprimepedidosservidor','',0,1,NULL,1,0,1,'2024-06-24 11:21:03','2024-06-24 11:21:03'),
(356,1,0,'Module imaximprimepedidosservidor has no vendor folder','',0,1,NULL,1,0,1,'2024-06-24 11:21:03','2024-06-24 11:21:03'),
(357,1,0,'Protect vendor folder in module imaximprimepedidosservidor','',0,1,NULL,1,0,1,'2024-06-24 11:30:27','2024-06-24 11:30:27'),
(358,1,0,'Module imaximprimepedidosservidor has no vendor folder','',0,1,NULL,1,0,1,'2024-06-24 11:30:27','2024-06-24 11:30:27'),
(359,1,0,'Protect vendor folder in module imaximprimepedidosservidor','',0,1,NULL,1,0,1,'2024-06-24 11:32:51','2024-06-24 11:32:51'),
(360,1,0,'Module imaximprimepedidosservidor has no vendor folder','',0,1,NULL,1,0,1,'2024-06-24 11:32:51','2024-06-24 11:32:51'),
(361,1,0,'Protect vendor folder in module imaximprimepedidosservidor','',0,1,NULL,1,0,1,'2024-06-24 11:35:13','2024-06-24 11:35:13'),
(362,1,0,'Module imaximprimepedidosservidor has no vendor folder','',0,1,NULL,1,0,1,'2024-06-24 11:35:13','2024-06-24 11:35:13'),
(363,1,0,'Frontcontroller::init - Cart cannot be loaded or an order has already been placed using this cart','Cart',25,1,NULL,1,0,0,'2024-06-24 13:11:47','2024-06-24 13:11:47'),
(364,1,0,'Frontcontroller::init - Cart cannot be loaded or an order has already been placed using this cart','Cart',25,1,NULL,1,0,0,'2024-06-24 13:12:12','2024-06-24 13:12:12'),
(365,1,0,'Frontcontroller::init - Cart cannot be loaded or an order has already been placed using this cart','Cart',26,1,NULL,1,0,0,'2024-06-24 13:13:50','2024-06-24 13:13:50'),
(366,1,0,'Frontcontroller::init - Cart cannot be loaded or an order has already been placed using this cart','Cart',26,1,NULL,1,0,0,'2024-06-24 13:16:44','2024-06-24 13:16:44'),
(367,1,0,'Conexión al back-office desde 62.87.102.151','',0,NULL,NULL,1,1,1,'2024-06-25 09:35:14','2024-06-25 09:35:14'),
(368,1,0,'Conexión al back-office desde 62.87.102.151','',0,1,NULL,1,0,1,'2024-06-25 09:35:18','2024-06-25 09:35:18'),
(369,1,0,'Conexión al back-office desde 62.87.102.151','',0,1,NULL,1,0,1,'2024-06-25 09:35:22','2024-06-25 09:35:22'),
(370,1,0,'Conexión al back-office desde 178.60.31.35','',0,NULL,NULL,1,1,1,'2024-06-25 09:48:03','2024-06-25 09:48:03'),
(371,1,0,'Conexión al back-office desde 92.187.35.159','',0,NULL,NULL,1,1,1,'2024-06-26 13:55:53','2024-06-26 13:55:53'),
(372,1,0,'Protect vendor folder in module imaxmultialmacen','',0,1,NULL,1,0,1,'2024-06-26 17:39:34','2024-06-26 17:39:34'),
(373,1,0,'Conexión al back-office desde 90.171.146.226','',0,NULL,NULL,1,1,1,'2024-06-27 12:07:33','2024-06-27 12:07:33'),
(374,1,0,'Protect vendor folder in module imaxrecoleccionpda','',0,1,NULL,1,0,1,'2024-06-27 13:34:25','2024-06-27 13:34:25'),
(375,1,0,'Module imaxrecoleccionpda has no vendor folder','',0,1,NULL,1,0,1,'2024-06-27 13:34:25','2024-06-27 13:34:25'),
(376,1,0,'Protect vendor folder in module imaxmultialmacen','',0,1,NULL,1,0,1,'2024-07-01 11:00:31','2024-07-01 11:00:31'),
(377,1,0,'Protect vendor folder in module imaxmultialmacen','',0,1,NULL,1,0,1,'2024-07-01 11:04:13','2024-07-01 11:04:13'),
(378,1,0,'Protect vendor folder in module imaxmultialmacen','',0,1,NULL,1,0,1,'2024-07-01 11:05:36','2024-07-01 11:05:36'),
(379,1,0,'Protect vendor folder in module imaxmultialmacen','',0,1,NULL,1,0,1,'2024-07-01 11:07:22','2024-07-01 11:07:22'),
(380,1,0,'Conexión al back-office desde 62.87.102.106','',0,NULL,NULL,1,1,1,'2024-07-04 12:55:06','2024-07-04 12:55:06'),
(381,1,0,'Protect vendor folder in module imaxmultialmacen','',0,1,NULL,1,0,1,'2024-07-04 13:00:11','2024-07-04 13:00:11'),
(382,1,0,'Protect vendor folder in module imaxrecoleccionpda','',0,1,NULL,1,0,1,'2024-07-04 13:29:01','2024-07-04 13:29:01'),
(383,1,0,'Module imaxrecoleccionpda has no vendor folder','',0,1,NULL,1,0,1,'2024-07-04 13:29:01','2024-07-04 13:29:01'),
(384,1,0,'Conexión al back-office desde 178.60.31.35','',0,NULL,NULL,1,1,1,'2024-07-05 13:41:27','2024-07-05 13:41:27'),
(385,1,0,'Conexión al back-office desde 178.60.31.35','',0,NULL,NULL,1,1,1,'2024-07-11 08:08:56','2024-07-11 08:08:56'),
(386,1,0,'Protect vendor folder in module imaxmultialmacen','',0,1,NULL,1,0,1,'2024-07-11 08:12:17','2024-07-11 08:12:17'),
(387,1,0,'Conexión al back-office desde 178.60.31.35','',0,NULL,NULL,1,1,1,'2024-07-11 09:01:48','2024-07-11 09:01:48'),
(388,1,0,'Protect vendor folder in module imaxscanean','',0,1,NULL,1,0,1,'2024-07-11 09:36:53','2024-07-11 09:36:53'),
(389,1,0,'Module imaxscanean has no vendor folder','',0,1,NULL,1,0,1,'2024-07-11 09:36:53','2024-07-11 09:36:53'),
(390,1,0,'Protect vendor folder in module imaxscanean','',0,1,NULL,1,0,1,'2024-07-11 10:07:45','2024-07-11 10:07:45'),
(391,1,0,'Module imaxscanean has no vendor folder','',0,1,NULL,1,0,1,'2024-07-11 10:07:45','2024-07-11 10:07:45'),
(392,1,0,'Protect vendor folder in module imaxscanean','',0,1,NULL,1,0,1,'2024-07-11 10:38:43','2024-07-11 10:38:43'),
(393,1,0,'Module imaxscanean has no vendor folder','',0,1,NULL,1,0,1,'2024-07-11 10:38:43','2024-07-11 10:38:43'),
(394,1,0,'Protect vendor folder in module imaxscanean','',0,1,NULL,1,0,1,'2024-07-11 10:46:07','2024-07-11 10:46:07'),
(395,1,0,'Module imaxscanean has no vendor folder','',0,1,NULL,1,0,1,'2024-07-11 10:46:07','2024-07-11 10:46:07'),
(396,1,0,'Protect vendor folder in module imaxscanean','',0,1,NULL,1,0,1,'2024-07-11 10:49:32','2024-07-11 10:49:32'),
(397,1,0,'Module imaxscanean has no vendor folder','',0,1,NULL,1,0,1,'2024-07-11 10:49:32','2024-07-11 10:49:32'),
(398,1,0,'Protect vendor folder in module imaxmultialmacen','',0,1,NULL,1,0,1,'2024-07-12 08:23:28','2024-07-12 08:23:28'),
(399,1,0,'Protect vendor folder in module imaxmultialmacen','',0,1,NULL,1,0,1,'2024-07-12 08:44:52','2024-07-12 08:44:52'),
(400,1,0,'Conexión al back-office desde 62.87.102.83','',0,NULL,NULL,1,1,1,'2024-07-12 09:24:32','2024-07-12 09:24:32'),
(401,1,0,'Protect vendor folder in module imaxmultialmacen','',0,1,NULL,1,0,1,'2024-07-12 10:53:10','2024-07-12 10:53:10'),
(402,1,0,'Conexión al back-office desde 178.60.31.35','',0,NULL,NULL,1,1,1,'2024-07-12 11:07:37','2024-07-12 11:07:37'),
(403,1,0,'Protect vendor folder in module imaxmultialmacen','',0,1,NULL,1,0,1,'2024-07-12 13:47:11','2024-07-12 13:47:11'),
(404,1,0,'Protect vendor folder in module imaxmultialmacen','',0,1,NULL,1,0,1,'2024-07-16 13:43:08','2024-07-16 13:43:08'),
(405,1,0,'Conexión al back-office desde 2.155.239.50','',0,NULL,NULL,1,1,1,'2024-07-22 13:29:13','2024-07-22 13:29:13'),
(406,1,0,'Protect vendor folder in module imaxmultialmacen','',0,1,NULL,1,0,1,'2024-07-22 13:54:56','2024-07-22 13:54:56'),
(407,1,0,'Protect vendor folder in module imaxmultialmacen','',0,1,NULL,1,0,1,'2024-07-22 13:55:44','2024-07-22 13:55:44'),
(408,1,0,'Conexión al back-office desde 178.60.31.35','',0,NULL,NULL,1,1,1,'2024-07-23 10:08:38','2024-07-23 10:08:38'),
(409,1,0,'Conexión al back-office desde 90.171.146.226','',0,NULL,NULL,1,1,1,'2024-07-30 14:34:07','2024-07-30 14:34:07'),
(410,1,0,'Conexión al back-office desde 178.60.31.35','',0,NULL,NULL,1,1,1,'2024-07-30 16:26:27','2024-07-30 16:26:27'),
(411,1,0,'Conexión al back-office desde 84.125.126.169','',0,NULL,NULL,1,1,1,'2024-07-31 09:56:25','2024-07-31 09:56:25'),
(412,1,0,'Conexión al back-office desde 178.60.31.35','',0,NULL,NULL,1,1,1,'2024-07-31 10:13:28','2024-07-31 10:13:28'),
(413,1,0,'Protect vendor folder in module imaxmultialmacen','',0,1,NULL,1,0,1,'2024-07-31 10:14:42','2024-07-31 10:14:42'),
(414,1,0,'Conexión al back-office desde 90.171.146.226','',0,NULL,NULL,1,1,1,'2024-07-31 12:56:11','2024-07-31 12:56:11'),
(415,1,0,'Conexión al back-office desde 62.87.102.28','',0,NULL,NULL,1,1,1,'2024-08-02 10:26:10','2024-08-02 10:26:10'),
(416,1,0,'Protect vendor folder in module imaximprimepedidosservidor','',0,1,NULL,1,0,1,'2024-08-02 13:00:41','2024-08-02 13:00:41'),
(417,1,0,'Module imaximprimepedidosservidor has no vendor folder','',0,1,NULL,1,0,1,'2024-08-02 13:00:41','2024-08-02 13:00:41'),
(418,1,0,'Conexión al back-office desde 178.60.31.35','',0,NULL,NULL,1,1,1,'2024-08-02 13:06:29','2024-08-02 13:06:29'),
(419,1,0,'Protect vendor folder in module imaximprimepedidosservidor','',0,1,NULL,1,0,1,'2024-08-02 14:51:18','2024-08-02 14:51:18'),
(420,1,0,'Module imaximprimepedidosservidor has no vendor folder','',0,1,NULL,1,0,1,'2024-08-02 14:51:18','2024-08-02 14:51:18'),
(421,1,0,'Conexión al back-office desde 178.60.31.35','',0,NULL,NULL,1,1,1,'2024-08-08 08:54:57','2024-08-08 08:54:57'),
(422,1,0,'Protect vendor folder in module imaximprimepedidosservidor','',0,1,NULL,1,0,1,'2024-08-08 08:55:22','2024-08-08 08:55:22'),
(423,1,0,'Module imaximprimepedidosservidor has no vendor folder','',0,1,NULL,1,0,1,'2024-08-08 08:55:22','2024-08-08 08:55:22'),
(424,1,0,'Conexión al back-office desde 178.60.31.35','',0,NULL,NULL,1,1,1,'2024-08-08 08:57:24','2024-08-08 08:57:24'),
(425,1,0,'Protect vendor folder in module imaximprimepedidosservidor','',0,1,NULL,1,0,1,'2024-08-08 13:12:48','2024-08-08 13:12:48'),
(426,1,0,'Module imaximprimepedidosservidor has no vendor folder','',0,1,NULL,1,0,1,'2024-08-08 13:12:48','2024-08-08 13:12:48'),
(427,1,0,'Protect vendor folder in module imaxrecoleccionpda','',0,1,NULL,1,0,1,'2024-08-13 12:45:34','2024-08-13 12:45:34'),
(428,1,0,'Module imaxrecoleccionpda has no vendor folder','',0,1,NULL,1,0,1,'2024-08-13 12:45:34','2024-08-13 12:45:34'),
(429,1,0,'Protect vendor folder in module imaxmultialmacen','',0,1,NULL,1,0,1,'2024-08-13 12:45:36','2024-08-13 12:45:36'),
(430,1,0,'Protect vendor folder in module imaxmovimientospda','',0,1,NULL,1,0,1,'2024-08-13 12:45:44','2024-08-13 12:45:44'),
(431,1,0,'Module imaxmovimientospda has no vendor folder','',0,1,NULL,1,0,1,'2024-08-13 12:45:44','2024-08-13 12:45:44'),
(432,1,0,'Conexión al back-office desde 84.125.126.159','',0,NULL,NULL,1,1,1,'2024-09-04 10:54:57','2024-09-04 10:54:57'),
(433,1,0,'Conexión al back-office desde 178.60.31.35','',0,NULL,NULL,1,1,1,'2024-09-04 12:52:17','2024-09-04 12:52:17'),
(434,1,0,'Protect vendor folder in module imaxscanean','',0,1,NULL,1,0,1,'2024-09-04 12:52:37','2024-09-04 12:52:37'),
(435,1,0,'Module imaxscanean has no vendor folder','',0,1,NULL,1,0,1,'2024-09-04 12:52:37','2024-09-04 12:52:37'),
(436,1,0,'Conexión al back-office desde 178.60.31.35','',0,NULL,NULL,1,1,1,'2024-09-06 11:40:52','2024-09-06 11:40:52'),
(437,1,0,'Protect vendor folder in module support_phpmyadmin','',0,1,NULL,1,0,1,'2024-09-06 11:46:46','2024-09-06 11:46:46'),
(438,1,0,'Module support_phpmyadmin has no vendor folder','',0,1,NULL,1,0,1,'2024-09-06 11:46:46','2024-09-06 11:46:46'),
(439,1,0,'Conexión al back-office desde 90.171.146.226','',0,NULL,NULL,1,1,1,'2024-09-16 13:32:56','2024-09-16 13:32:56'),
(440,1,0,'Conexión al back-office desde 62.87.102.132','',0,NULL,NULL,1,1,1,'2024-09-16 13:34:57','2024-09-16 13:34:57'),
(441,1,0,'Conexión al back-office desde 178.60.31.35','',0,NULL,NULL,1,1,1,'2024-09-17 12:42:30','2024-09-17 12:42:30'),
(442,1,0,'Conexión al back-office desde 178.60.31.35','',0,NULL,NULL,1,1,1,'2024-09-17 16:10:49','2024-09-17 16:10:49'),
(443,1,0,'Protect vendor folder in module imaxmultialmacen','',0,1,NULL,1,0,1,'2024-09-19 13:34:05','2024-09-19 13:34:05'),
(444,1,0,'Protect vendor folder in module imaxmovimientospda','',0,1,NULL,1,0,1,'2024-09-19 13:34:42','2024-09-19 13:34:42'),
(445,1,0,'Module imaxmovimientospda has no vendor folder','',0,1,NULL,1,0,1,'2024-09-19 13:34:42','2024-09-19 13:34:42'),
(446,1,0,'Protect vendor folder in module imaxrecoleccionpda','',0,1,NULL,1,0,1,'2024-09-19 13:34:56','2024-09-19 13:34:56'),
(447,1,0,'Module imaxrecoleccionpda has no vendor folder','',0,1,NULL,1,0,1,'2024-09-19 13:34:56','2024-09-19 13:34:56'),
(448,1,0,'Protect vendor folder in module imaxmultialmacen','',0,1,NULL,1,0,1,'2024-09-19 13:45:33','2024-09-19 13:45:33'),
(449,1,0,'Conexión al back-office desde 84.125.126.3','',0,NULL,NULL,1,1,1,'2024-09-19 17:19:29','2024-09-19 17:19:29'),
(450,1,0,'Conexión al back-office desde 178.60.31.35','',0,NULL,NULL,1,1,1,'2024-09-19 17:22:43','2024-09-19 17:22:43'),
(451,1,0,'Protect vendor folder in module imaxscanean','',0,1,NULL,1,0,1,'2024-09-20 08:27:41','2024-09-20 08:27:41'),
(452,1,0,'Module imaxscanean has no vendor folder','',0,1,NULL,1,0,1,'2024-09-20 08:27:41','2024-09-20 08:27:41'),
(453,1,0,'Protect vendor folder in module imaxmultialmacen','',0,1,NULL,1,0,1,'2024-09-20 08:29:16','2024-09-20 08:29:16'),
(454,1,0,'Conexión al back-office desde 178.60.31.35','',0,NULL,NULL,1,1,1,'2024-09-25 08:28:34','2024-09-25 08:28:34'),
(455,1,0,'Protect vendor folder in module imaxrecoleccionpda','',0,1,NULL,1,0,1,'2024-09-25 08:30:00','2024-09-25 08:30:00'),
(456,1,0,'Module imaxrecoleccionpda has no vendor folder','',0,1,NULL,1,0,1,'2024-09-25 08:30:00','2024-09-25 08:30:00'),
(457,1,0,'Protect vendor folder in module imaxscanean','',0,1,NULL,1,0,1,'2024-09-25 08:30:30','2024-09-25 08:30:30'),
(458,1,0,'Module imaxscanean has no vendor folder','',0,1,NULL,1,0,1,'2024-09-25 08:30:30','2024-09-25 08:30:30'),
(459,1,0,'Conexión al back-office desde 84.125.126.37','',0,NULL,NULL,1,1,1,'2024-09-26 08:58:16','2024-09-26 08:58:16'),
(460,1,0,'Conexión al back-office desde 178.60.31.35','',0,NULL,NULL,1,1,1,'2024-10-02 07:47:38','2024-10-02 07:47:38'),
(461,1,0,'Conexión al back-office desde 178.60.31.35','',0,NULL,NULL,1,1,1,'2024-10-02 10:28:18','2024-10-02 10:28:18'),
(462,1,0,'Protect vendor folder in module imaxrecoleccionpda','',0,1,NULL,1,0,1,'2024-10-02 10:28:47','2024-10-02 10:28:47'),
(463,1,0,'Module imaxrecoleccionpda has no vendor folder','',0,1,NULL,1,0,1,'2024-10-02 10:28:47','2024-10-02 10:28:47'),
(464,1,0,'Conexión al back-office desde 84.125.126.235','',0,NULL,NULL,1,1,1,'2024-10-11 08:05:54','2024-10-11 08:05:54'),
(465,1,0,'Protect vendor folder in module imaximprimepedidosservidor','',0,1,NULL,1,0,1,'2024-10-11 08:07:00','2024-10-11 08:07:00'),
(466,1,0,'Module imaximprimepedidosservidor has no vendor folder','',0,1,NULL,1,0,1,'2024-10-11 08:07:00','2024-10-11 08:07:00'),
(467,1,0,'Protect vendor folder in module imaxrecoleccionpda','',0,1,NULL,1,0,1,'2024-10-11 08:09:40','2024-10-11 08:09:40'),
(468,1,0,'Module imaxrecoleccionpda has no vendor folder','',0,1,NULL,1,0,1,'2024-10-11 08:09:40','2024-10-11 08:09:40'),
(469,1,0,'Protect vendor folder in module imaxrecoleccionpda','',0,1,NULL,1,0,1,'2024-10-11 08:10:06','2024-10-11 08:10:06'),
(470,1,0,'Module imaxrecoleccionpda has no vendor folder','',0,1,NULL,1,0,1,'2024-10-11 08:10:06','2024-10-11 08:10:06'),
(471,1,0,'Protect vendor folder in module imaxmovimientospda','',0,1,NULL,1,0,1,'2024-10-11 08:10:26','2024-10-11 08:10:26'),
(472,1,0,'Module imaxmovimientospda has no vendor folder','',0,1,NULL,1,0,1,'2024-10-11 08:10:26','2024-10-11 08:10:26'),
(473,1,0,'Protect vendor folder in module imaxscanean','',0,1,NULL,1,0,1,'2024-10-11 08:11:49','2024-10-11 08:11:49'),
(474,1,0,'Module imaxscanean has no vendor folder','',0,1,NULL,1,0,1,'2024-10-11 08:11:49','2024-10-11 08:11:49'),
(475,1,0,'Protect vendor folder in module imaximprimepedidosservidor','',0,NULL,NULL,1,1,1,'2024-10-11 08:16:10','2024-10-11 08:16:10'),
(476,1,0,'Module imaximprimepedidosservidor has no vendor folder','',0,NULL,NULL,1,1,1,'2024-10-11 08:16:10','2024-10-11 08:16:10'),
(477,1,0,'Conexión al back-office desde 178.60.31.35','',0,NULL,NULL,1,1,1,'2024-10-11 08:16:59','2024-10-11 08:16:59'),
(478,1,0,'Protect vendor folder in module imaximprimepedidosservidor','',0,1,NULL,1,0,1,'2024-10-11 08:17:18','2024-10-11 08:17:18'),
(479,1,0,'Module imaximprimepedidosservidor has no vendor folder','',0,1,NULL,1,0,1,'2024-10-11 08:17:18','2024-10-11 08:17:18'),
(480,1,0,'Protect vendor folder in module imaxmultialmacen','',0,1,NULL,1,0,1,'2024-10-11 08:21:08','2024-10-11 08:21:08'),
(481,1,0,'Protect vendor folder in module imaxmovimientospda','',0,1,NULL,1,0,1,'2024-10-17 08:58:50','2024-10-17 08:58:50'),
(482,1,0,'Module imaxmovimientospda has no vendor folder','',0,1,NULL,1,0,1,'2024-10-17 08:58:50','2024-10-17 08:58:50'),
(483,1,0,'Protect vendor folder in module imaxmultialmacen','',0,1,NULL,1,0,1,'2024-10-23 08:39:58','2024-10-23 08:39:58'),
(484,1,0,'Protect vendor folder in module imaximprimepedidosservidor','',0,1,NULL,1,0,1,'2024-10-23 08:40:11','2024-10-23 08:40:11'),
(485,1,0,'Module imaximprimepedidosservidor has no vendor folder','',0,1,NULL,1,0,1,'2024-10-23 08:40:11','2024-10-23 08:40:11'),
(486,1,0,'Protect vendor folder in module imaxinventariodiferido','',0,NULL,NULL,1,1,1,'2024-10-23 09:24:08','2024-10-23 09:24:08'),
(487,1,0,'Module imaxinventariodiferido has no vendor folder','',0,NULL,NULL,1,1,1,'2024-10-23 09:24:09','2024-10-23 09:24:09'),
(488,1,0,'Conexión al back-office desde 62.87.102.63','',0,NULL,NULL,1,1,1,'2024-10-23 09:25:44','2024-10-23 09:25:44'),
(489,1,0,'Protect vendor folder in module imaxinventariodiferido','',0,1,NULL,1,0,1,'2024-10-23 09:25:58','2024-10-23 09:25:58'),
(490,1,0,'Module imaxinventariodiferido has no vendor folder','',0,1,NULL,1,0,1,'2024-10-23 09:25:58','2024-10-23 09:25:58');

--
-- Table structure for table `imaxmail`
--

CREATE TABLE `imaxmail` (
  `id_mail` int(11) unsigned NOT NULL AUTO_INCREMENT,
  `recipient` varchar(126) NOT NULL,
  `template` varchar(62) NOT NULL,
  `subject` varchar(254) NOT NULL,
  `id_lang` int(11) unsigned NOT NULL,
  `date_add` timestamp NOT NULL DEFAULT current_timestamp(),
  PRIMARY KEY (`id_mail`),
  KEY `recipient` (`recipient`(10))
) ENGINE=InnoDB DEFAULT CHARSET=utf8mb4 COLLATE=utf8mb4_general_ci;

--
-- Dumping data for table `imaxmail`
--


--
-- Table structure for table `imaxmailalert_customer_oos`
--

CREATE TABLE `imaxmailalert_customer_oos` (
  `id_customer` int(10) unsigned NOT NULL,
  `customer_email` varchar(128) NOT NULL,
  `id_product` int(10) unsigned NOT NULL,
  `id_product_attribute` int(10) unsigned NOT NULL,
  `id_shop` int(10) unsigned NOT NULL,
  `id_lang` int(10) unsigned NOT NULL,
  PRIMARY KEY (`id_customer`,`customer_email`,`id_product`,`id_product_attribute`,`id_shop`)
) ENGINE=InnoDB DEFAULT CHARSET=utf8mb3 COLLATE=utf8mb3_general_ci;

--
-- Dumping data for table `imaxmailalert_customer_oos`
--


--
-- Table structure for table `imaxmanufacturer`
--

CREATE TABLE `imaxmanufacturer` (
  `id_manufacturer` int(10) unsigned NOT NULL AUTO_INCREMENT,
  `name` varchar(64) NOT NULL,
  `date_add` datetime NOT NULL,
  `date_upd` datetime NOT NULL,
  `active` tinyint(1) NOT NULL DEFAULT 0,
  PRIMARY KEY (`id_manufacturer`)
) ENGINE=InnoDB DEFAULT CHARSET=utf8mb4 COLLATE=utf8mb4_general_ci;

--
-- Dumping data for table `imaxmanufacturer`
--


--
-- Table structure for table `imaxmanufacturer_lang`
--

CREATE TABLE `imaxmanufacturer_lang` (
  `id_manufacturer` int(10) unsigned NOT NULL,
  `id_lang` int(10) unsigned NOT NULL,
  `description` text DEFAULT NULL,
  `short_description` text DEFAULT NULL,
  `meta_title` varchar(255) DEFAULT NULL,
  `meta_keywords` varchar(255) DEFAULT NULL,
  `meta_description` varchar(512) DEFAULT NULL,
  PRIMARY KEY (`id_manufacturer`,`id_lang`)
) ENGINE=InnoDB DEFAULT CHARSET=utf8mb4 COLLATE=utf8mb4_general_ci;

--
-- Dumping data for table `imaxmanufacturer_lang`
--


--
-- Table structure for table `imaxmanufacturer_shop`
--

CREATE TABLE `imaxmanufacturer_shop` (
  `id_manufacturer` int(11) unsigned NOT NULL,
  `id_shop` int(11) unsigned NOT NULL,
  PRIMARY KEY (`id_manufacturer`,`id_shop`),
  KEY `id_shop` (`id_shop`)
) ENGINE=InnoDB DEFAULT CHARSET=utf8mb4 COLLATE=utf8mb4_general_ci;

--
-- Dumping data for table `imaxmanufacturer_shop`
--


--
-- Table structure for table `imaxmemcached_servers`
--

CREATE TABLE `imaxmemcached_servers` (
  `id_memcached_server` int(11) unsigned NOT NULL AUTO_INCREMENT,
  `ip` varchar(254) NOT NULL,
  `port` int(11) unsigned NOT NULL,
  `weight` int(11) unsigned NOT NULL,
  PRIMARY KEY (`id_memcached_server`)
) ENGINE=InnoDB DEFAULT CHARSET=utf8mb4 COLLATE=utf8mb4_general_ci;

--
-- Dumping data for table `imaxmemcached_servers`
--


--
-- Table structure for table `imaxmessage`
--

CREATE TABLE `imaxmessage` (
  `id_message` int(10) unsigned NOT NULL AUTO_INCREMENT,
  `id_cart` int(10) unsigned DEFAULT NULL,
  `id_customer` int(10) unsigned NOT NULL,
  `id_employee` int(10) unsigned DEFAULT NULL,
  `id_order` int(10) unsigned NOT NULL,
  `message` text NOT NULL,
  `private` tinyint(1) unsigned NOT NULL DEFAULT 1,
  `date_add` datetime NOT NULL,
  PRIMARY KEY (`id_message`),
  KEY `message_order` (`id_order`),
  KEY `id_cart` (`id_cart`),
  KEY `id_customer` (`id_customer`),
  KEY `id_employee` (`id_employee`)
) ENGINE=InnoDB AUTO_INCREMENT=3 DEFAULT CHARSET=utf8mb4 COLLATE=utf8mb4_general_ci;

--
-- Dumping data for table `imaxmessage`
--

INSERT INTO `imaxmessage` VALUES
(1,3,2,0,2,'Pedido manual -- Empleado: I. Max',1,'2024-05-24 13:43:04'),
(2,2,2,0,3,'Pedido manual -- Empleado: I. Max',1,'2024-05-31 12:11:41');

--
-- Table structure for table `imaxmessage_readed`
--

CREATE TABLE `imaxmessage_readed` (
  `id_message` int(10) unsigned NOT NULL,
  `id_employee` int(10) unsigned NOT NULL,
  `date_add` datetime NOT NULL,
  PRIMARY KEY (`id_message`,`id_employee`)
) ENGINE=InnoDB DEFAULT CHARSET=utf8mb4 COLLATE=utf8mb4_general_ci;

--
-- Dumping data for table `imaxmessage_readed`
--


--
-- Table structure for table `imaxmeta`
--

CREATE TABLE `imaxmeta` (
  `id_meta` int(10) unsigned NOT NULL AUTO_INCREMENT,
  `page` varchar(64) NOT NULL,
  `configurable` tinyint(1) unsigned NOT NULL DEFAULT 1,
  PRIMARY KEY (`id_meta`),
  UNIQUE KEY `page` (`page`)
) ENGINE=InnoDB AUTO_INCREMENT=51 DEFAULT CHARSET=utf8mb4 COLLATE=utf8mb4_general_ci;

--
-- Dumping data for table `imaxmeta`
--

INSERT INTO `imaxmeta` VALUES
(1,'pagenotfound',1),
(2,'best-sales',1),
(3,'contact',1),
(4,'index',1),
(5,'manufacturer',1),
(6,'new-products',1),
(7,'password',1),
(8,'prices-drop',1),
(9,'sitemap',1),
(10,'supplier',1),
(11,'address',1),
(12,'addresses',1),
(13,'authentication',1),
(14,'registration',1),
(15,'cart',1),
(16,'discount',1),
(17,'history',1),
(18,'identity',1),
(19,'my-account',1),
(20,'order-follow',1),
(21,'order-slip',1),
(22,'order',1),
(23,'search',1),
(24,'stores',1),
(25,'guest-tracking',1),
(26,'order-confirmation',1),
(27,'product',0),
(28,'category',0),
(29,'cms',0),
(30,'module-cheque-payment',0),
(31,'module-cheque-validation',0),
(32,'module-bankwire-validation',0),
(33,'module-bankwire-payment',0),
(34,'module-cashondelivery-validation',0),
(35,'module-ps_shoppingcart-ajax',1),
(36,'module-ps_emailsubscription-verification',1),
(37,'module-ps_emailsubscription-subscription',1),
(38,'module-ps_checkpayment-payment',1),
(39,'module-ps_checkpayment-validation',1),
(40,'module-ps_emailalerts-account',1),
(41,'module-ps_cashondelivery-validation',1),
(42,'module-ps_wirepayment-payment',1),
(43,'module-ps_wirepayment-validation',1),
(44,'module-imaximprimepedidosservidor-pda',1),
(45,'module-imaximprimepedidosservidor-pdaentrada',1),
(46,'module-imaximprimepedidosservidor-menu',1),
(47,'module-imaxmovimientospda-pda',1),
(48,'module-imaxscanean-pda',1),
(49,'module-imaxinventariodiferido-pda',1),
(50,'module-imaxrecoleccionpda-pda',1);

--
-- Table structure for table `imaxmeta_lang`
--

CREATE TABLE `imaxmeta_lang` (
  `id_meta` int(10) unsigned NOT NULL,
  `id_shop` int(11) unsigned NOT NULL DEFAULT 1,
  `id_lang` int(10) unsigned NOT NULL,
  `title` varchar(128) DEFAULT NULL,
  `description` varchar(255) DEFAULT NULL,
  `keywords` varchar(255) DEFAULT NULL,
  `url_rewrite` varchar(254) NOT NULL,
  PRIMARY KEY (`id_meta`,`id_shop`,`id_lang`),
  KEY `id_shop` (`id_shop`),
  KEY `id_lang` (`id_lang`)
) ENGINE=InnoDB DEFAULT CHARSET=utf8mb4 COLLATE=utf8mb4_general_ci;

--
-- Dumping data for table `imaxmeta_lang`
--

INSERT INTO `imaxmeta_lang` VALUES
(1,1,1,'Error 404','Página no encontrada','','pagina-no-encontrada'),
(2,1,1,'Los más vendidos','Los más vendidos','','mas-vendidos'),
(3,1,1,'Contacte con nosotros','Contáctenos','','contactenos'),
(4,1,1,'','','',''),
(5,1,1,'Marcas','Lista de marcas','','marcas'),
(6,1,1,'Novedades','Novedades','','novedades'),
(7,1,1,'Ha olvidado su contraseña','Introduzca la dirección de correo electrónico que utiliza a la hora de iniciar sesión, para recibir un correo electrónico con una nueva contraseña','','recuperar-contraseña'),
(8,1,1,'Ofertas','Nuestros productos especiales','','productos-rebajados'),
(9,1,1,'Mapa del sitio','¿Perdido? Encuentre lo que está buscando','','mapa del sitio'),
(10,1,1,'Proveedores','Listado de proveedores','','proveedores'),
(11,1,1,'Dirección','','','direccion'),
(12,1,1,'Direcciones','','','direcciones'),
(13,1,1,'Iniciar sesión','','','iniciar-sesion'),
(14,1,1,'Fecha de registro','','','registro'),
(15,1,1,'Carrito','','','carrito'),
(16,1,1,'Descuento','','','descuento'),
(17,1,1,'Historial de pedidos','','','historial-compra'),
(18,1,1,'Datos personales','','','datos-personales'),
(19,1,1,'Mi cuenta','','','mi-cuenta'),
(20,1,1,'Seguimiento del pedido','','','seguimiento-pedido'),
(21,1,1,'Factura por abono','','','facturas-abono'),
(22,1,1,'Pedido','','','pedido'),
(23,1,1,'Buscar','','','busqueda'),
(24,1,1,'Tiendas','','','tiendas'),
(25,1,1,'Seguimiento de pedidos de clientes invitados','','','seguimiento-pedido-invitado'),
(26,1,1,'Confirmación de pedido','','','confirmacion-pedido'),
(35,1,1,'','','',''),
(36,1,1,'','','',''),
(37,1,1,'','','',''),
(38,1,1,'','','',''),
(39,1,1,'','','',''),
(40,1,1,'','','',''),
(41,1,1,'','','',''),
(42,1,1,'','','',''),
(43,1,1,'','','',''),
(44,1,1,'PDA','Ayuda a montar los pedidos','pda','pda'),
(45,1,1,'PDA entrada','Para hacer el picking','pda entrada','pda_entrada'),
(46,1,1,'Menu PDA','Menu PDA','menu','menu'),
(47,1,1,'MOVIMIENTOS PDA','Ayuda a modificar el stock de los productos.','movimientosPda','movimientosPda'),
(48,1,1,'PDA STOCK','Ayuda a modificar el stock de los productos.','pdaStock','pdaStock'),
(49,1,1,'INVENTARIO DIFERIDO','Ayuda a modificar el stock de los productos.','inventarioDiferido','inventarioDiferido'),
(50,1,1,'RECOLECCION PDA','Ayuda a modificar el stock de los productos.','recoleccionPda','recoleccionPda');

--
-- Table structure for table `imaxmodule`
--

CREATE TABLE `imaxmodule` (
  `id_module` int(10) unsigned NOT NULL AUTO_INCREMENT,
  `name` varchar(64) NOT NULL,
  `active` tinyint(1) unsigned NOT NULL DEFAULT 0,
  `version` varchar(8) NOT NULL,
  PRIMARY KEY (`id_module`),
  UNIQUE KEY `name_UNIQUE` (`name`),
  KEY `name` (`name`)
) ENGINE=InnoDB AUTO_INCREMENT=80 DEFAULT CHARSET=utf8mb4 COLLATE=utf8mb4_general_ci;

--
-- Dumping data for table `imaxmodule`
--

INSERT INTO `imaxmodule` VALUES
(1,'ps_linklist',1,'6.0.7'),
(2,'blockreassurance',1,'5.1.4'),
(3,'blockwishlist',1,'3.0.1'),
(4,'psgdpr',1,'1.4.3'),
(5,'ps_contactinfo',1,'3.3.2'),
(6,'ps_languageselector',1,'2.1.3'),
(7,'ps_currencyselector',1,'2.1.1'),
(8,'ps_customersignin',1,'2.0.5'),
(9,'ps_shoppingcart',1,'3.0.0'),
(10,'ps_mainmenu',1,'2.3.4'),
(11,'ps_searchbar',1,'2.1.3'),
(12,'ps_imageslider',1,'3.1.4'),
(13,'ps_featuredproducts',1,'2.1.5'),
(14,'ps_banner',1,'2.1.2'),
(15,'ps_customtext',1,'4.2.1'),
(16,'ps_specials',1,'1.0.2'),
(17,'ps_newproducts',1,'1.0.4'),
(18,'ps_bestsellers',1,'1.0.6'),
(19,'ps_emailsubscription',1,'2.8.1'),
(20,'ps_socialfollow',1,'2.3.2'),
(21,'ps_customeraccountlinks',1,'3.2.0'),
(22,'productcomments',1,'6.0.2'),
(23,'ps_categorytree',1,'2.0.3'),
(24,'ps_facetedsearch',1,'3.15.0'),
(25,'contactform',1,'4.4.2'),
(26,'ps_sharebuttons',1,'2.1.2'),
(27,'statsbestcustomers',1,'2.0.4'),
(28,'ps_checkpayment',1,'2.1.0'),
(29,'ps_supplierlist',1,'1.0.6'),
(30,'gsitemap',1,'4.4.0'),
(31,'statsbestmanufacturers',1,'2.0.3'),
(32,'ps_brandlist',1,'1.0.3'),
(33,'statsnewsletter',1,'2.0.3'),
(34,'pagesnotfound',1,'2.0.3'),
(35,'dashgoals',1,'2.0.4'),
(36,'statsbestproducts',1,'2.0.1'),
(37,'statscheckup',1,'2.0.3'),
(38,'statssales',1,'2.1.0'),
(39,'ps_googleanalytics',1,'5.0.2'),
(40,'ps_themecusto',1,'1.2.3'),
(41,'statsdata',1,'2.1.1'),
(42,'ps_emailalerts',1,'3.0.0'),
(43,'statspersonalinfos',1,'2.0.4'),
(44,'graphnvd3',1,'2.0.3'),
(45,'statsstock',1,'2.0.1'),
(46,'ps_categoryproducts',1,'1.0.7'),
(47,'statssearch',1,'2.0.2'),
(48,'statscatalog',1,'2.0.4'),
(49,'statsproduct',1,'2.1.3'),
(50,'gridhtml',1,'2.0.3'),
(51,'statsbestsuppliers',1,'2.0.2'),
(52,'statsregistrations',1,'2.0.1'),
(53,'ps_viewedproduct',1,'1.2.4'),
(54,'ps_faviconnotificationbo',1,'2.1.3'),
(55,'dashproducts',1,'2.1.4'),
(56,'ps_cashondelivery',1,'2.0.1'),
(57,'ps_crossselling',1,'2.0.2'),
(58,'ps_distributionapiclient',1,'1.1.1'),
(59,'ps_dataprivacy',1,'2.1.1'),
(60,'statscarrier',1,'2.0.1'),
(61,'dashactivity',1,'2.1.0'),
(62,'statsbestcategories',1,'2.0.1'),
(63,'dashtrends',1,'2.1.3'),
(64,'statsforecast',1,'2.0.4'),
(65,'statsbestvouchers',1,'2.0.1'),
(66,'ps_wirepayment',1,'2.1.3'),
(67,'gestavdstock',1,'1.0.0'),
(68,'imaxmultialmacen',1,'1.64'),
(69,'imaximprimepedidosservidor',1,'3.88'),
(71,'imaxmovimientospda',1,'1.19'),
(74,'rawsqltool',1,'1.23'),
(75,'imaxscanean',1,'1.23'),
(76,'imaxinventariodiferido',1,'1.30'),
(77,'imaxrecoleccionpda',1,'1.13');

--
-- Table structure for table `imaxmodule_access`
--

CREATE TABLE `imaxmodule_access` (
  `id_profile` int(10) unsigned NOT NULL,
  `id_authorization_role` int(10) unsigned NOT NULL,
  PRIMARY KEY (`id_profile`,`id_authorization_role`)
) ENGINE=InnoDB DEFAULT CHARSET=utf8mb4 COLLATE=utf8mb4_general_ci;

--
-- Dumping data for table `imaxmodule_access`
--

INSERT INTO `imaxmodule_access` VALUES
(1,465),
(1,466),
(1,467),
(1,468),
(1,469),
(1,470),
(1,471),
(1,472),
(1,489),
(1,490),
(1,491),
(1,492),
(1,493),
(1,494),
(1,495),
(1,496),
(1,505),
(1,506),
(1,507),
(1,508),
(1,509),
(1,510),
(1,511),
(1,512),
(1,513),
(1,514),
(1,515),
(1,516),
(1,517),
(1,518),
(1,519),
(1,520),
(1,521),
(1,522),
(1,523),
(1,524),
(1,525),
(1,526),
(1,527),
(1,528),
(1,529),
(1,530),
(1,531),
(1,532),
(1,533),
(1,534),
(1,535),
(1,536),
(1,537),
(1,538),
(1,539),
(1,540),
(1,541),
(1,542),
(1,543),
(1,544),
(1,545),
(1,546),
(1,547),
(1,548),
(1,549),
(1,550),
(1,551),
(1,552),
(1,553),
(1,554),
(1,555),
(1,556),
(1,557),
(1,558),
(1,559),
(1,560),
(1,561),
(1,562),
(1,563),
(1,564),
(1,565),
(1,566),
(1,567),
(1,568),
(1,569),
(1,570),
(1,571),
(1,572),
(1,573),
(1,574),
(1,575),
(1,576),
(1,577),
(1,578),
(1,579),
(1,580),
(1,581),
(1,582),
(1,583),
(1,584),
(1,585),
(1,586),
(1,587),
(1,588),
(1,589),
(1,590),
(1,591),
(1,592),
(1,593),
(1,594),
(1,595),
(1,596),
(1,597),
(1,598),
(1,599),
(1,600),
(1,601),
(1,602),
(1,603),
(1,604),
(1,605),
(1,606),
(1,607),
(1,608),
(1,609),
(1,610),
(1,611),
(1,612),
(1,613),
(1,614),
(1,615),
(1,616),
(1,617),
(1,618),
(1,619),
(1,620),
(1,621),
(1,622),
(1,623),
(1,624),
(1,629),
(1,630),
(1,631),
(1,632),
(1,633),
(1,634),
(1,635),
(1,636),
(1,637),
(1,638),
(1,639),
(1,640),
(1,641),
(1,642),
(1,643),
(1,644),
(1,645),
(1,646),
(1,647),
(1,648),
(1,653),
(1,654),
(1,655),
(1,656),
(1,669),
(1,670),
(1,671),
(1,672),
(1,673),
(1,674),
(1,675),
(1,676),
(1,677),
(1,678),
(1,679),
(1,680),
(1,681),
(1,682),
(1,683),
(1,684),
(1,685),
(1,686),
(1,687),
(1,688),
(1,689),
(1,690),
(1,691),
(1,692),
(1,693),
(1,694),
(1,695),
(1,696),
(1,697),
(1,698),
(1,699),
(1,700),
(1,701),
(1,702),
(1,703),
(1,704),
(1,705),
(1,706),
(1,707),
(1,708),
(1,709),
(1,710),
(1,711),
(1,712),
(1,713),
(1,714),
(1,715),
(1,716),
(1,717),
(1,718),
(1,719),
(1,720),
(1,721),
(1,722),
(1,723),
(1,724),
(1,729),
(1,730),
(1,731),
(1,732),
(1,733),
(1,734),
(1,735),
(1,736),
(1,737),
(1,738),
(1,739),
(1,740),
(1,741),
(1,742),
(1,743),
(1,744),
(1,745),
(1,746),
(1,747),
(1,748),
(1,749),
(1,750),
(1,751),
(1,752),
(1,753),
(1,754),
(1,755),
(1,756),
(1,757),
(1,758),
(1,759),
(1,760),
(1,761),
(1,762),
(1,763),
(1,764),
(1,765),
(1,766),
(1,767),
(1,768),
(1,769),
(1,770),
(1,771),
(1,772),
(1,773),
(1,774),
(1,775),
(1,776),
(1,777),
(1,778),
(1,779),
(1,780),
(1,789),
(1,790),
(1,791),
(1,792),
(1,801),
(1,802),
(1,803),
(1,804),
(1,817),
(1,818),
(1,819),
(1,820),
(1,833),
(1,834),
(1,835),
(1,836),
(1,837),
(1,838),
(1,839),
(1,840),
(1,845),
(1,846),
(1,847),
(1,848),
(1,853),
(1,854),
(1,855),
(1,856);

--
-- Table structure for table `imaxmodule_carrier`
--

CREATE TABLE `imaxmodule_carrier` (
  `id_module` int(10) unsigned NOT NULL,
  `id_shop` int(11) unsigned NOT NULL DEFAULT 1,
  `id_reference` int(11) NOT NULL,
  PRIMARY KEY (`id_module`,`id_shop`,`id_reference`)
) ENGINE=InnoDB DEFAULT CHARSET=utf8mb4 COLLATE=utf8mb4_general_ci;

--
-- Dumping data for table `imaxmodule_carrier`
--

INSERT INTO `imaxmodule_carrier` VALUES
(28,1,1),
(56,1,1),
(66,1,1);

--
-- Table structure for table `imaxmodule_country`
--

CREATE TABLE `imaxmodule_country` (
  `id_module` int(10) unsigned NOT NULL,
  `id_shop` int(11) unsigned NOT NULL DEFAULT 1,
  `id_country` int(10) unsigned NOT NULL,
  PRIMARY KEY (`id_module`,`id_shop`,`id_country`)
) ENGINE=InnoDB DEFAULT CHARSET=utf8mb4 COLLATE=utf8mb4_general_ci;

--
-- Dumping data for table `imaxmodule_country`
--

INSERT INTO `imaxmodule_country` VALUES
(28,1,6),
(56,1,6),
(66,1,6);

--
-- Table structure for table `imaxmodule_currency`
--

CREATE TABLE `imaxmodule_currency` (
  `id_module` int(10) unsigned NOT NULL,
  `id_shop` int(11) unsigned NOT NULL DEFAULT 1,
  `id_currency` int(11) NOT NULL,
  PRIMARY KEY (`id_module`,`id_shop`,`id_currency`),
  KEY `id_module` (`id_module`)
) ENGINE=InnoDB DEFAULT CHARSET=utf8mb4 COLLATE=utf8mb4_general_ci;

--
-- Dumping data for table `imaxmodule_currency`
--

INSERT INTO `imaxmodule_currency` VALUES
(28,1,1),
(56,1,1),
(66,1,1);

--
-- Table structure for table `imaxmodule_group`
--

CREATE TABLE `imaxmodule_group` (
  `id_module` int(10) unsigned NOT NULL,
  `id_shop` int(11) unsigned NOT NULL DEFAULT 1,
  `id_group` int(11) unsigned NOT NULL,
  PRIMARY KEY (`id_module`,`id_shop`,`id_group`)
) ENGINE=InnoDB DEFAULT CHARSET=utf8mb4 COLLATE=utf8mb4_general_ci;

--
-- Dumping data for table `imaxmodule_group`
--

INSERT INTO `imaxmodule_group` VALUES
(1,1,1),
(1,1,2),
(1,1,3),
(2,1,1),
(2,1,2),
(2,1,3),
(3,1,1),
(3,1,2),
(3,1,3),
(4,1,1),
(4,1,2),
(4,1,3),
(5,1,1),
(5,1,2),
(5,1,3),
(6,1,1),
(6,1,2),
(6,1,3),
(7,1,1),
(7,1,2),
(7,1,3),
(8,1,1),
(8,1,2),
(8,1,3),
(9,1,1),
(9,1,2),
(9,1,3),
(10,1,1),
(10,1,2),
(10,1,3),
(11,1,1),
(11,1,2),
(11,1,3),
(12,1,1),
(12,1,2),
(12,1,3),
(13,1,1),
(13,1,2),
(13,1,3),
(14,1,1),
(14,1,2),
(14,1,3),
(15,1,1),
(15,1,2),
(15,1,3),
(16,1,1),
(16,1,2),
(16,1,3),
(17,1,1),
(17,1,2),
(17,1,3),
(18,1,1),
(18,1,2),
(18,1,3),
(19,1,1),
(19,1,2),
(19,1,3),
(20,1,1),
(20,1,2),
(20,1,3),
(21,1,1),
(21,1,2),
(21,1,3),
(22,1,1),
(22,1,2),
(22,1,3),
(23,1,1),
(23,1,2),
(23,1,3),
(24,1,1),
(24,1,2),
(24,1,3),
(25,1,1),
(25,1,2),
(25,1,3),
(26,1,1),
(26,1,2),
(26,1,3),
(27,1,1),
(27,1,2),
(27,1,3),
(28,1,1),
(28,1,2),
(28,1,3),
(29,1,1),
(29,1,2),
(29,1,3),
(30,1,1),
(30,1,2),
(30,1,3),
(31,1,1),
(31,1,2),
(31,1,3),
(32,1,1),
(32,1,2),
(32,1,3),
(33,1,1),
(33,1,2),
(33,1,3),
(34,1,1),
(34,1,2),
(34,1,3),
(35,1,1),
(35,1,2),
(35,1,3),
(36,1,1),
(36,1,2),
(36,1,3),
(37,1,1),
(37,1,2),
(37,1,3),
(38,1,1),
(38,1,2),
(38,1,3),
(39,1,1),
(39,1,2),
(39,1,3),
(40,1,1),
(40,1,2),
(40,1,3),
(41,1,1),
(41,1,2),
(41,1,3),
(42,1,1),
(42,1,2),
(42,1,3),
(43,1,1),
(43,1,2),
(43,1,3),
(44,1,1),
(44,1,2),
(44,1,3),
(45,1,1),
(45,1,2),
(45,1,3),
(46,1,1),
(46,1,2),
(46,1,3),
(47,1,1),
(47,1,2),
(47,1,3),
(48,1,1),
(48,1,2),
(48,1,3),
(49,1,1),
(49,1,2),
(49,1,3),
(50,1,1),
(50,1,2),
(50,1,3),
(51,1,1),
(51,1,2),
(51,1,3),
(52,1,1),
(52,1,2),
(52,1,3),
(53,1,1),
(53,1,2),
(53,1,3),
(54,1,1),
(54,1,2),
(54,1,3),
(55,1,1),
(55,1,2),
(55,1,3),
(56,1,1),
(56,1,2),
(56,1,3),
(57,1,1),
(57,1,2),
(57,1,3),
(58,1,1),
(58,1,2),
(58,1,3),
(59,1,1),
(59,1,2),
(59,1,3),
(60,1,1),
(60,1,2),
(60,1,3),
(61,1,1),
(61,1,2),
(61,1,3),
(62,1,1),
(62,1,2),
(62,1,3),
(63,1,1),
(63,1,2),
(63,1,3),
(64,1,1),
(64,1,2),
(64,1,3),
(65,1,1),
(65,1,2),
(65,1,3),
(66,1,1),
(66,1,2),
(66,1,3),
(67,1,1),
(67,1,2),
(67,1,3),
(68,1,1),
(68,1,2),
(68,1,3),
(69,1,1),
(69,1,2),
(69,1,3),
(71,1,1),
(71,1,2),
(71,1,3),
(74,1,1),
(74,1,2),
(74,1,3),
(75,1,1),
(75,1,2),
(75,1,3),
(76,1,1),
(76,1,2),
(76,1,3),
(77,1,1),
(77,1,2),
(77,1,3);

--
-- Table structure for table `imaxmodule_history`
--

CREATE TABLE `imaxmodule_history` (
  `id` int(11) NOT NULL AUTO_INCREMENT,
  `id_employee` int(11) NOT NULL,
  `id_module` int(11) NOT NULL,
  `date_add` datetime NOT NULL,
  `date_upd` datetime NOT NULL,
  PRIMARY KEY (`id`)
) ENGINE=InnoDB AUTO_INCREMENT=13 DEFAULT CHARSET=utf8mb4 COLLATE=utf8mb4_unicode_ci;

--
-- Dumping data for table `imaxmodule_history`
--

INSERT INTO `imaxmodule_history` VALUES
(1,1,68,'2024-05-15 12:01:53','2024-10-23 08:38:41'),
(2,1,69,'2024-05-21 08:45:44','2024-10-11 08:17:46'),
(3,1,70,'2024-05-21 11:54:14','2024-05-21 11:54:14'),
(4,1,71,'2024-05-23 14:02:37','2024-10-17 08:59:02'),
(5,1,72,'2024-06-11 14:20:49','2024-06-11 14:21:28'),
(6,1,73,'2024-06-11 14:22:13','2024-06-11 14:22:13'),
(7,1,74,'2024-06-11 14:22:40','2024-06-21 11:13:43'),
(8,1,75,'2024-06-12 13:53:26','2024-09-25 08:30:36'),
(9,1,76,'2024-06-12 13:55:38','2024-10-23 09:26:05'),
(10,1,77,'2024-06-12 13:59:30','2024-10-11 08:09:47'),
(11,1,78,'2024-06-20 10:18:00','2024-06-20 10:18:15'),
(12,1,79,'2024-09-06 11:46:53','2024-09-06 11:46:53');

--
-- Table structure for table `imaxmodule_preference`
--

CREATE TABLE `imaxmodule_preference` (
  `id_module_preference` int(11) NOT NULL AUTO_INCREMENT,
  `id_employee` int(11) NOT NULL,
  `module` varchar(191) NOT NULL,
  `interest` tinyint(1) DEFAULT NULL,
  `favorite` tinyint(1) DEFAULT NULL,
  PRIMARY KEY (`id_module_preference`),
  UNIQUE KEY `employee_module` (`id_employee`,`module`)
) ENGINE=InnoDB DEFAULT CHARSET=utf8mb4 COLLATE=utf8mb4_general_ci;

--
-- Dumping data for table `imaxmodule_preference`
--


--
-- Table structure for table `imaxmodule_shop`
--

CREATE TABLE `imaxmodule_shop` (
  `id_module` int(11) unsigned NOT NULL,
  `id_shop` int(11) unsigned NOT NULL,
  `enable_device` tinyint(1) NOT NULL DEFAULT 7,
  PRIMARY KEY (`id_module`,`id_shop`),
  KEY `id_shop` (`id_shop`)
) ENGINE=InnoDB DEFAULT CHARSET=utf8mb4 COLLATE=utf8mb4_general_ci;

--
-- Dumping data for table `imaxmodule_shop`
--

INSERT INTO `imaxmodule_shop` VALUES
(1,1,7),
(2,1,7),
(3,1,7),
(4,1,7),
(5,1,7),
(6,1,7),
(7,1,7),
(8,1,7),
(9,1,7),
(10,1,7),
(11,1,7),
(12,1,7),
(13,1,7),
(14,1,3),
(15,1,7),
(16,1,7),
(17,1,7),
(18,1,7),
(19,1,7),
(20,1,7),
(21,1,7),
(22,1,7),
(23,1,7),
(24,1,7),
(25,1,7),
(26,1,7),
(27,1,7),
(28,1,7),
(29,1,7),
(30,1,7),
(31,1,7),
(32,1,7),
(33,1,7),
(34,1,7),
(35,1,7),
(36,1,7),
(37,1,7),
(38,1,7),
(39,1,7),
(40,1,7),
(41,1,7),
(42,1,7),
(43,1,7),
(44,1,7),
(45,1,7),
(46,1,7),
(47,1,7),
(48,1,7),
(49,1,7),
(50,1,7),
(51,1,7),
(52,1,7),
(53,1,7),
(54,1,7),
(55,1,7),
(56,1,7),
(57,1,7),
(58,1,7),
(59,1,7),
(60,1,7),
(61,1,7),
(62,1,7),
(63,1,7),
(64,1,7),
(65,1,7),
(66,1,7),
(67,1,7),
(68,1,7),
(69,1,7),
(71,1,7),
(74,1,7),
(75,1,7),
(76,1,7),
(77,1,7);

--
-- Table structure for table `imaxoperating_system`
--

CREATE TABLE `imaxoperating_system` (
  `id_operating_system` int(10) unsigned NOT NULL AUTO_INCREMENT,
  `name` varchar(64) DEFAULT NULL,
  PRIMARY KEY (`id_operating_system`)
) ENGINE=InnoDB AUTO_INCREMENT=10 DEFAULT CHARSET=utf8mb4 COLLATE=utf8mb4_general_ci;

--
-- Dumping data for table `imaxoperating_system`
--

INSERT INTO `imaxoperating_system` VALUES
(1,'Windows XP'),
(2,'Windows Vista'),
(3,'Windows 7'),
(4,'Windows 8'),
(5,'Windows 8.1'),
(6,'Windows 10'),
(7,'MacOsX'),
(8,'Linux'),
(9,'Android');

--
-- Table structure for table `imaxorder_carrier`
--

CREATE TABLE `imaxorder_carrier` (
  `id_order_carrier` int(11) NOT NULL AUTO_INCREMENT,
  `id_order` int(11) unsigned NOT NULL,
  `id_carrier` int(11) unsigned NOT NULL,
  `id_order_invoice` int(11) unsigned DEFAULT NULL,
  `weight` decimal(20,6) DEFAULT NULL,
  `shipping_cost_tax_excl` decimal(20,6) DEFAULT NULL,
  `shipping_cost_tax_incl` decimal(20,6) DEFAULT NULL,
  `tracking_number` varchar(64) DEFAULT NULL,
  `date_add` datetime NOT NULL,
  PRIMARY KEY (`id_order_carrier`),
  KEY `id_order` (`id_order`),
  KEY `id_carrier` (`id_carrier`),
  KEY `id_order_invoice` (`id_order_invoice`)
) ENGINE=InnoDB AUTO_INCREMENT=57 DEFAULT CHARSET=utf8mb4 COLLATE=utf8mb4_general_ci;

--
-- Dumping data for table `imaxorder_carrier`
--

INSERT INTO `imaxorder_carrier` VALUES
(1,1,1,1,0.000000,0.000000,0.000000,'','2024-05-23 13:49:20'),
(2,2,1,2,0.000000,0.000000,0.000000,'','2024-05-24 13:43:04'),
(3,3,1,3,0.000000,0.000000,0.000000,'','2024-05-31 12:11:41'),
(4,4,1,4,0.000000,0.000000,0.000000,'','2024-06-20 10:05:13'),
(5,5,1,5,0.000000,0.000000,0.000000,'','2024-06-20 11:18:08'),
(6,6,1,6,0.000000,0.000000,0.000000,'','2024-06-20 11:20:33'),
(7,7,1,7,0.000000,0.000000,0.000000,'','2024-06-20 11:21:51'),
(8,8,1,8,0.000000,0.000000,0.000000,'','2024-06-20 11:22:19'),
(9,9,1,9,0.000000,0.000000,0.000000,'','2024-06-24 10:04:22'),
(10,10,1,11,0.000000,0.000000,0.000000,'','2024-06-24 10:19:04'),
(11,11,1,10,0.000000,0.000000,0.000000,'','2024-06-24 10:19:57'),
(12,12,1,0,0.000000,0.000000,0.000000,'','2024-06-24 10:28:11'),
(13,13,1,0,0.000000,0.000000,0.000000,'','2024-06-24 10:29:46'),
(14,14,1,0,0.000000,0.000000,0.000000,'','2024-06-24 10:31:19'),
(15,15,1,0,0.000000,0.000000,0.000000,'','2024-06-24 10:33:57'),
(16,16,1,0,0.000000,0.000000,0.000000,'','2024-06-24 10:35:23'),
(17,17,1,0,0.000000,0.000000,0.000000,'','2024-06-24 10:41:19'),
(18,18,1,0,0.000000,0.000000,0.000000,'','2024-06-24 10:59:33'),
(19,19,1,0,0.000000,0.000000,0.000000,'','2024-06-24 12:15:15'),
(20,20,1,12,0.000000,0.000000,0.000000,'','2024-06-24 12:21:28'),
(21,21,1,0,0.000000,0.000000,0.000000,'','2024-06-24 12:34:55'),
(22,22,1,0,0.000000,0.000000,0.000000,'','2024-06-24 12:39:47'),
(23,23,1,0,0.000000,0.000000,0.000000,'','2024-06-24 13:08:40'),
(24,24,1,0,0.000000,0.000000,0.000000,'','2024-06-24 13:11:47'),
(25,25,1,0,0.000000,0.000000,0.000000,'','2024-06-24 13:13:50'),
(26,26,1,13,0.000000,0.000000,0.000000,'','2024-06-24 13:17:18'),
(27,27,1,0,0.000000,0.000000,0.000000,'','2024-06-24 13:30:58'),
(28,28,1,0,0.000000,0.000000,0.000000,'','2024-06-24 13:38:13'),
(29,29,1,0,0.000000,0.000000,0.000000,'','2024-06-24 13:43:48'),
(30,30,1,14,0.000000,0.000000,0.000000,'','2024-07-04 13:24:24'),
(31,31,1,15,0.000000,0.000000,0.000000,'','2024-07-12 09:27:03'),
(32,32,1,16,0.000000,0.000000,0.000000,'','2024-07-22 13:32:14'),
(33,33,1,0,0.000000,0.000000,0.000000,'','2024-07-22 14:27:36'),
(34,34,1,0,0.000000,0.000000,0.000000,'','2024-07-23 12:27:43'),
(35,35,1,0,0.000000,0.000000,0.000000,'','2024-07-23 12:37:39'),
(36,36,1,0,0.000000,0.000000,0.000000,'','2024-07-23 12:42:09'),
(37,37,1,0,0.000000,0.000000,0.000000,'','2024-07-23 12:44:45'),
(38,38,1,0,0.000000,0.000000,0.000000,'','2024-07-23 12:55:02'),
(39,39,1,17,0.000000,0.000000,0.000000,'','2024-07-30 14:53:46'),
(40,40,1,18,0.000000,0.000000,0.000000,'','2024-07-30 14:57:33'),
(41,41,1,19,0.000000,0.000000,0.000000,'','2024-07-30 15:05:32'),
(42,42,1,0,0.000000,0.000000,0.000000,'','2024-07-31 11:08:50'),
(43,43,1,0,0.000000,0.000000,0.000000,'','2024-07-31 11:22:39'),
(44,44,1,0,0.000000,0.000000,0.000000,'','2024-09-17 16:53:26'),
(45,45,1,20,0.000000,0.000000,0.000000,'','2024-09-20 09:28:52'),
(46,46,1,0,0.000000,0.000000,0.000000,'','2024-09-20 11:33:12'),
(47,47,1,0,0.000000,0.000000,0.000000,'','2024-09-20 11:36:01'),
(48,48,1,0,0.000000,0.000000,0.000000,'','2024-09-25 08:43:07'),
(49,49,1,0,0.000000,0.000000,0.000000,'','2024-09-25 10:11:50'),
(50,50,1,0,0.000000,0.000000,0.000000,'','2024-09-25 10:17:08'),
(51,51,1,0,0.000000,0.000000,0.000000,'','2024-09-25 17:13:28'),
(52,52,1,0,0.000000,0.000000,0.000000,'','2024-09-25 17:49:13'),
(53,53,1,0,0.000000,0.000000,0.000000,'','2024-09-25 17:52:37'),
(54,54,1,0,0.000000,0.000000,0.000000,'','2024-10-02 10:30:27'),
(55,55,1,0,0.000000,0.000000,0.000000,'','2024-10-16 10:44:07'),
(56,56,1,0,0.000000,0.000000,0.000000,'','2024-10-16 11:48:13');

--
-- Table structure for table `imaxorder_cart_rule`
--

CREATE TABLE `imaxorder_cart_rule` (
  `id_order_cart_rule` int(10) unsigned NOT NULL AUTO_INCREMENT,
  `id_order` int(10) unsigned NOT NULL,
  `id_cart_rule` int(10) unsigned NOT NULL,
  `id_order_invoice` int(10) unsigned DEFAULT 0,
  `name` varchar(254) NOT NULL,
  `value` decimal(20,6) NOT NULL DEFAULT 0.000000,
  `value_tax_excl` decimal(20,6) NOT NULL DEFAULT 0.000000,
  `free_shipping` tinyint(1) NOT NULL DEFAULT 0,
  `deleted` tinyint(1) unsigned NOT NULL DEFAULT 0,
  PRIMARY KEY (`id_order_cart_rule`),
  KEY `id_order` (`id_order`),
  KEY `id_cart_rule` (`id_cart_rule`)
) ENGINE=InnoDB DEFAULT CHARSET=utf8mb4 COLLATE=utf8mb4_general_ci;

--
-- Dumping data for table `imaxorder_cart_rule`
--


--
-- Table structure for table `imaxorder_detail`
--

CREATE TABLE `imaxorder_detail` (
  `id_order_detail` int(10) unsigned NOT NULL AUTO_INCREMENT,
  `id_order` int(10) unsigned NOT NULL,
  `id_order_invoice` int(11) DEFAULT NULL,
  `id_warehouse` int(10) unsigned DEFAULT 0,
  `id_shop` int(11) unsigned NOT NULL,
  `product_id` int(10) unsigned NOT NULL,
  `product_attribute_id` int(10) unsigned DEFAULT NULL,
  `id_customization` int(10) unsigned DEFAULT 0,
  `product_name` text NOT NULL,
  `product_quantity` int(10) unsigned NOT NULL DEFAULT 0,
  `product_quantity_in_stock` int(10) NOT NULL DEFAULT 0,
  `product_quantity_refunded` int(10) unsigned NOT NULL DEFAULT 0,
  `product_quantity_return` int(10) unsigned NOT NULL DEFAULT 0,
  `product_quantity_reinjected` int(10) unsigned NOT NULL DEFAULT 0,
  `product_price` decimal(20,6) NOT NULL DEFAULT 0.000000,
  `reduction_percent` decimal(5,2) NOT NULL DEFAULT 0.00,
  `reduction_amount` decimal(20,6) NOT NULL DEFAULT 0.000000,
  `reduction_amount_tax_incl` decimal(20,6) NOT NULL DEFAULT 0.000000,
  `reduction_amount_tax_excl` decimal(20,6) NOT NULL DEFAULT 0.000000,
  `group_reduction` decimal(5,2) NOT NULL DEFAULT 0.00,
  `product_quantity_discount` decimal(20,6) NOT NULL DEFAULT 0.000000,
  `product_ean13` varchar(13) DEFAULT NULL,
  `product_isbn` varchar(32) DEFAULT NULL,
  `product_upc` varchar(12) DEFAULT NULL,
  `product_mpn` varchar(40) DEFAULT NULL,
  `product_reference` varchar(64) DEFAULT NULL,
  `product_supplier_reference` varchar(64) DEFAULT NULL,
  `product_weight` decimal(20,6) NOT NULL,
  `id_tax_rules_group` int(11) unsigned DEFAULT 0,
  `tax_computation_method` tinyint(1) unsigned NOT NULL DEFAULT 0,
  `tax_name` varchar(16) NOT NULL,
  `tax_rate` decimal(10,3) NOT NULL DEFAULT 0.000,
  `ecotax` decimal(17,6) NOT NULL DEFAULT 0.000000,
  `ecotax_tax_rate` decimal(5,3) NOT NULL DEFAULT 0.000,
  `discount_quantity_applied` tinyint(1) NOT NULL DEFAULT 0,
  `download_hash` varchar(255) DEFAULT NULL,
  `download_nb` int(10) unsigned DEFAULT 0,
  `download_deadline` datetime DEFAULT NULL,
  `total_price_tax_incl` decimal(20,6) NOT NULL DEFAULT 0.000000,
  `total_price_tax_excl` decimal(20,6) NOT NULL DEFAULT 0.000000,
  `unit_price_tax_incl` decimal(20,6) NOT NULL DEFAULT 0.000000,
  `unit_price_tax_excl` decimal(20,6) NOT NULL DEFAULT 0.000000,
  `total_shipping_price_tax_incl` decimal(20,6) NOT NULL DEFAULT 0.000000,
  `total_shipping_price_tax_excl` decimal(20,6) NOT NULL DEFAULT 0.000000,
  `purchase_supplier_price` decimal(20,6) NOT NULL DEFAULT 0.000000,
  `original_product_price` decimal(20,6) NOT NULL DEFAULT 0.000000,
  `original_wholesale_price` decimal(20,6) NOT NULL DEFAULT 0.000000,
  `total_refunded_tax_excl` decimal(20,6) NOT NULL DEFAULT 0.000000,
  `total_refunded_tax_incl` decimal(20,6) NOT NULL DEFAULT 0.000000,
  PRIMARY KEY (`id_order_detail`),
  KEY `order_detail_order` (`id_order`),
  KEY `product_id` (`product_id`,`product_attribute_id`),
  KEY `product_attribute_id` (`product_attribute_id`),
  KEY `id_tax_rules_group` (`id_tax_rules_group`),
  KEY `id_order_id_order_detail` (`id_order`,`id_order_detail`)
) ENGINE=InnoDB AUTO_INCREMENT=58 DEFAULT CHARSET=utf8mb4 COLLATE=utf8mb4_general_ci;

--
-- Dumping data for table `imaxorder_detail`
--

INSERT INTO `imaxorder_detail` VALUES
(1,1,1,2,1,2,0,0,'PRODUCTO BBB',1,1,0,0,0,41.322314,0.00,0.000000,0.000000,0.000000,0.00,0.000000,'','','','','qwer','',0.000000,1,0,'IVA ES 21%',21.000,0.000000,0.000,0,'',0,'0000-00-00 00:00:00',50.000000,41.320000,50.000000,41.322314,0.000000,0.000000,0.000000,41.322314,0.000000,0.000000,0.000000),
(2,2,2,2,1,2,0,0,'PRODUCTO BBB',1,1,0,0,0,41.322314,0.00,0.000000,0.000000,0.000000,0.00,0.000000,'','','','','qwer','',0.000000,1,0,'IVA ES 21%',21.000,0.000000,0.000,0,'',0,'0000-00-00 00:00:00',50.000000,41.320000,50.000000,41.322314,0.000000,0.000000,0.000000,41.322314,0.000000,0.000000,0.000000),
(3,3,3,2,1,2,0,0,'PRODUCTO BBB',14,14,0,0,0,41.322314,0.00,0.000000,0.000000,0.000000,0.00,0.000000,'','','','','qwer','',0.000000,1,0,'IVA ES 21%',21.000,0.000000,0.000,0,'',0,'0000-00-00 00:00:00',700.000000,578.510000,50.000000,41.322314,0.000000,0.000000,0.000000,41.322314,0.000000,0.000000,0.000000),
(4,3,3,2,1,1,0,0,'PRODUCTO AAA',12,12,0,0,0,8.264463,0.00,0.000000,0.000000,0.000000,0.00,0.000000,'','','','','abcd','',0.000000,1,0,'IVA ES 21%',21.000,0.000000,0.000,0,'',0,'0000-00-00 00:00:00',120.000000,99.170000,10.000000,8.264463,0.000000,0.000000,0.000000,8.264463,0.000000,0.000000,0.000000),
(5,4,4,2,1,1,0,0,'PRODUCTO AAA',11,11,0,0,0,8.264463,0.00,0.000000,0.000000,0.000000,0.00,0.000000,'','','','','abcd','',0.000000,1,0,'IVA ES 21%',21.000,0.000000,0.000,0,'',0,'0000-00-00 00:00:00',110.000000,90.910000,10.000000,8.264463,0.000000,0.000000,0.000000,8.264463,0.000000,0.000000,0.000000),
(6,5,5,2,1,5,0,0,'Otro',2,2,0,0,0,0.000000,0.00,0.000000,0.000000,0.000000,0.00,0.000000,'','','','','','',0.000000,1,0,'IVA ES 21%',21.000,0.000000,0.000,0,'',0,'0000-00-00 00:00:00',0.000000,0.000000,0.000000,0.000000,0.000000,0.000000,0.000000,0.000000,0.000000,0.000000,0.000000),
(7,6,6,2,1,5,0,0,'Otro',4,4,0,0,0,0.000000,0.00,0.000000,0.000000,0.000000,0.00,0.000000,'','','','','','',0.000000,1,0,'IVA ES 21%',21.000,0.000000,0.000,0,'',0,'0000-00-00 00:00:00',0.000000,0.000000,0.000000,0.000000,0.000000,0.000000,0.000000,0.000000,0.000000,0.000000,0.000000),
(8,7,7,2,1,5,0,0,'Otro',6,6,0,0,0,0.000000,0.00,0.000000,0.000000,0.000000,0.00,0.000000,'','','','','','',0.000000,1,0,'IVA ES 21%',21.000,0.000000,0.000,0,'',0,'0000-00-00 00:00:00',0.000000,0.000000,0.000000,0.000000,0.000000,0.000000,0.000000,0.000000,0.000000,0.000000,0.000000),
(9,8,8,2,1,5,0,0,'Otro',2,2,0,0,0,0.000000,0.00,0.000000,0.000000,0.000000,0.00,0.000000,'','','','','','',0.000000,1,0,'IVA ES 21%',21.000,0.000000,0.000,0,'',0,'0000-00-00 00:00:00',0.000000,0.000000,0.000000,0.000000,0.000000,0.000000,0.000000,0.000000,0.000000,0.000000,0.000000),
(10,9,9,2,1,1,0,0,'PRODUCTO AAA',2,2,0,0,0,8.264463,0.00,0.000000,0.000000,0.000000,0.00,0.000000,'','','','','abcd','',0.000000,1,0,'IVA ES 21%',21.000,0.000000,0.000,0,'',0,'0000-00-00 00:00:00',20.000000,16.530000,10.000000,8.264463,0.000000,0.000000,0.000000,8.264463,0.000000,0.000000,0.000000),
(11,10,11,2,1,1,0,0,'PRODUCTO AAA',1,1,0,0,0,8.264463,0.00,0.000000,0.000000,0.000000,0.00,0.000000,'','','','','abcd','',0.000000,1,0,'IVA ES 21%',21.000,0.000000,0.000,0,'',0,'0000-00-00 00:00:00',10.000000,8.260000,10.000000,8.264463,0.000000,0.000000,0.000000,8.264463,0.000000,0.000000,0.000000),
(12,11,10,2,1,1,0,0,'PRODUCTO AAA',1,1,0,0,0,8.264463,0.00,0.000000,0.000000,0.000000,0.00,0.000000,'','','','','abcd','',0.000000,1,0,'IVA ES 21%',21.000,0.000000,0.000,0,'',0,'0000-00-00 00:00:00',10.000000,8.260000,10.000000,8.264463,0.000000,0.000000,0.000000,8.264463,0.000000,0.000000,0.000000),
(13,12,0,2,1,1,0,0,'PRODUCTO AAA',1,1,0,0,0,8.264463,0.00,0.000000,0.000000,0.000000,0.00,0.000000,'','','','','abcd','',0.000000,1,0,'IVA ES 21%',21.000,0.000000,0.000,0,'',0,'0000-00-00 00:00:00',10.000000,8.260000,10.000000,8.264463,0.000000,0.000000,0.000000,8.264463,0.000000,0.000000,0.000000),
(14,13,0,2,1,1,0,0,'PRODUCTO AAA',1,1,0,0,0,8.264463,0.00,0.000000,0.000000,0.000000,0.00,0.000000,'','','','','abcd','',0.000000,1,0,'IVA ES 21%',21.000,0.000000,0.000,0,'',0,'0000-00-00 00:00:00',10.000000,8.260000,10.000000,8.264463,0.000000,0.000000,0.000000,8.264463,0.000000,0.000000,0.000000),
(15,14,0,2,1,1,0,0,'PRODUCTO AAA',1,1,0,0,0,8.264463,0.00,0.000000,0.000000,0.000000,0.00,0.000000,'','','','','abcd','',0.000000,1,0,'IVA ES 21%',21.000,0.000000,0.000,0,'',0,'0000-00-00 00:00:00',10.000000,8.260000,10.000000,8.264463,0.000000,0.000000,0.000000,8.264463,0.000000,0.000000,0.000000),
(16,15,0,2,1,1,0,0,'PRODUCTO AAA',1,1,0,0,0,8.264463,0.00,0.000000,0.000000,0.000000,0.00,0.000000,'','','','','abcd','',0.000000,1,0,'IVA ES 21%',21.000,0.000000,0.000,0,'',0,'0000-00-00 00:00:00',10.000000,8.260000,10.000000,8.264463,0.000000,0.000000,0.000000,8.264463,0.000000,0.000000,0.000000),
(17,16,0,2,1,1,0,0,'PRODUCTO AAA',1,1,0,0,0,8.264463,0.00,0.000000,0.000000,0.000000,0.00,0.000000,'','','','','abcd','',0.000000,1,0,'IVA ES 21%',21.000,0.000000,0.000,0,'',0,'0000-00-00 00:00:00',10.000000,8.260000,10.000000,8.264463,0.000000,0.000000,0.000000,8.264463,0.000000,0.000000,0.000000),
(18,17,0,2,1,1,0,0,'PRODUCTO AAA',1,1,0,0,0,8.264463,0.00,0.000000,0.000000,0.000000,0.00,0.000000,'','','','','abcd','',0.000000,1,0,'IVA ES 21%',21.000,0.000000,0.000,0,'',0,'0000-00-00 00:00:00',10.000000,8.260000,10.000000,8.264463,0.000000,0.000000,0.000000,8.264463,0.000000,0.000000,0.000000),
(19,18,0,2,1,1,0,0,'PRODUCTO AAA',1,1,0,0,0,8.264463,0.00,0.000000,0.000000,0.000000,0.00,0.000000,'','','','','abcd','',0.000000,1,0,'IVA ES 21%',21.000,0.000000,0.000,0,'',0,'0000-00-00 00:00:00',10.000000,8.260000,10.000000,8.264463,0.000000,0.000000,0.000000,8.264463,0.000000,0.000000,0.000000),
(20,19,0,2,1,1,0,0,'PRODUCTO AAA',2,2,0,0,0,8.264463,0.00,0.000000,0.000000,0.000000,0.00,0.000000,'','','','','abcd','',0.000000,1,0,'IVA ES 21%',21.000,0.000000,0.000,0,'',0,'0000-00-00 00:00:00',20.000000,16.530000,10.000000,8.264463,0.000000,0.000000,0.000000,8.264463,0.000000,0.000000,0.000000),
(21,20,12,2,1,1,0,0,'PRODUCTO AAA',1,1,0,0,0,8.264463,0.00,0.000000,0.000000,0.000000,0.00,0.000000,'','','','','abcd','',0.000000,1,0,'IVA ES 21%',21.000,0.000000,0.000,0,'',0,'0000-00-00 00:00:00',10.000000,8.260000,10.000000,8.264463,0.000000,0.000000,0.000000,8.264463,0.000000,0.000000,0.000000),
(22,21,0,2,1,1,0,0,'PRODUCTO AAA',1,1,0,0,0,8.264463,0.00,0.000000,0.000000,0.000000,0.00,0.000000,'','','','','abcd','',0.000000,1,0,'IVA ES 21%',21.000,0.000000,0.000,0,'',0,'0000-00-00 00:00:00',10.000000,8.260000,10.000000,8.264463,0.000000,0.000000,0.000000,8.264463,0.000000,0.000000,0.000000),
(23,22,0,2,1,1,0,0,'PRODUCTO AAA',1,1,0,0,0,8.264463,0.00,0.000000,0.000000,0.000000,0.00,0.000000,'','','','','abcd','',0.000000,1,0,'IVA ES 21%',21.000,0.000000,0.000,0,'',0,'0000-00-00 00:00:00',10.000000,8.260000,10.000000,8.264463,0.000000,0.000000,0.000000,8.264463,0.000000,0.000000,0.000000),
(24,23,0,2,1,1,0,0,'PRODUCTO AAA',1,1,0,0,0,8.264463,0.00,0.000000,0.000000,0.000000,0.00,0.000000,'','','','','abcd','',0.000000,1,0,'IVA ES 21%',21.000,0.000000,0.000,0,'',0,'0000-00-00 00:00:00',10.000000,8.260000,10.000000,8.264463,0.000000,0.000000,0.000000,8.264463,0.000000,0.000000,0.000000),
(25,24,0,2,1,1,0,0,'PRODUCTO AAA',1,1,0,0,0,8.264463,0.00,0.000000,0.000000,0.000000,0.00,0.000000,'','','','','abcd','',0.000000,1,0,'IVA ES 21%',21.000,0.000000,0.000,0,'',0,'0000-00-00 00:00:00',10.000000,8.260000,10.000000,8.264463,0.000000,0.000000,0.000000,8.264463,0.000000,0.000000,0.000000),
(26,25,0,2,1,1,0,0,'PRODUCTO AAA',1,1,0,0,0,8.264463,0.00,0.000000,0.000000,0.000000,0.00,0.000000,'','','','','abcd','',0.000000,1,0,'IVA ES 21%',21.000,0.000000,0.000,0,'',0,'0000-00-00 00:00:00',10.000000,8.260000,10.000000,8.264463,0.000000,0.000000,0.000000,8.264463,0.000000,0.000000,0.000000),
(27,26,13,2,1,1,0,0,'PRODUCTO AAA',1,1,0,0,0,8.264463,0.00,0.000000,0.000000,0.000000,0.00,0.000000,'','','','','abcd','',0.000000,1,0,'IVA ES 21%',21.000,0.000000,0.000,0,'',0,'0000-00-00 00:00:00',10.000000,8.260000,10.000000,8.264463,0.000000,0.000000,0.000000,8.264463,0.000000,0.000000,0.000000),
(28,27,0,2,1,1,0,0,'PRODUCTO AAA',1,1,0,0,0,8.264463,0.00,0.000000,0.000000,0.000000,0.00,0.000000,'','','','','abcd','',0.000000,1,0,'IVA ES 21%',21.000,0.000000,0.000,0,'',0,'0000-00-00 00:00:00',10.000000,8.260000,10.000000,8.264463,0.000000,0.000000,0.000000,8.264463,0.000000,0.000000,0.000000),
(29,28,0,2,1,1,0,0,'PRODUCTO AAA',1,1,0,0,0,8.264463,0.00,0.000000,0.000000,0.000000,0.00,0.000000,'','','','','abcd','',0.000000,1,0,'IVA ES 21%',21.000,0.000000,0.000,0,'',0,'0000-00-00 00:00:00',10.000000,8.260000,10.000000,8.264463,0.000000,0.000000,0.000000,8.264463,0.000000,0.000000,0.000000),
(30,29,0,2,1,1,0,0,'PRODUCTO AAA',1,1,0,0,0,8.264463,0.00,0.000000,0.000000,0.000000,0.00,0.000000,'','','','','abcd','',0.000000,1,0,'IVA ES 21%',21.000,0.000000,0.000,0,'',0,'0000-00-00 00:00:00',10.000000,8.260000,10.000000,8.264463,0.000000,0.000000,0.000000,8.264463,0.000000,0.000000,0.000000),
(31,30,14,2,1,1,0,0,'PRODUCTO AAA',1,1,0,0,0,8.264463,0.00,0.000000,0.000000,0.000000,0.00,0.000000,'','','','','abcd','',0.000000,1,0,'IVA ES 21%',21.000,0.000000,0.000,0,'',0,'0000-00-00 00:00:00',10.000000,8.260000,10.000000,8.264463,0.000000,0.000000,0.000000,8.264463,0.000000,0.000000,0.000000),
(32,31,15,2,1,1,0,0,'PRODUCTO AAA',3,3,0,0,0,8.264463,0.00,0.000000,0.000000,0.000000,0.00,0.000000,'','','','','abcd','',0.000000,1,0,'IVA ES 21%',21.000,0.000000,0.000,0,'',0,'0000-00-00 00:00:00',30.000000,24.790000,10.000000,8.264463,0.000000,0.000000,0.000000,8.264463,0.000000,0.000000,0.000000),
(33,32,16,2,1,1,0,0,'PRODUCTO AAA',3,3,0,0,0,8.264463,0.00,0.000000,0.000000,0.000000,0.00,0.000000,'','','','','abcd','',0.000000,1,0,'IVA ES 21%',21.000,0.000000,0.000,0,'',0,'0000-00-00 00:00:00',30.000000,24.790000,10.000000,8.264463,0.000000,0.000000,0.000000,8.264463,0.000000,0.000000,0.000000),
(34,33,0,2,1,1,0,0,'PRODUCTO AAA',3,3,0,0,0,8.264463,0.00,0.000000,0.000000,0.000000,0.00,0.000000,'','','','','abcd','',0.000000,1,0,'IVA ES 21%',21.000,0.000000,0.000,0,'',0,'0000-00-00 00:00:00',30.000000,24.790000,10.000000,8.264463,0.000000,0.000000,0.000000,8.264463,0.000000,0.000000,0.000000),
(35,34,0,2,1,1,0,0,'PRODUCTO AAA',3,3,0,0,0,8.264463,0.00,0.000000,0.000000,0.000000,0.00,0.000000,'','','','','abcd','',0.000000,1,0,'IVA ES 21%',21.000,0.000000,0.000,0,'',0,'0000-00-00 00:00:00',30.000000,24.790000,10.000000,8.264463,0.000000,0.000000,0.000000,8.264463,0.000000,0.000000,0.000000),
(36,35,0,2,1,1,0,0,'PRODUCTO AAA',3,3,0,0,0,8.264463,0.00,0.000000,0.000000,0.000000,0.00,0.000000,'','','','','abcd','',0.000000,1,0,'IVA ES 21%',21.000,0.000000,0.000,0,'',0,'0000-00-00 00:00:00',30.000000,24.790000,10.000000,8.264463,0.000000,0.000000,0.000000,8.264463,0.000000,0.000000,0.000000),
(37,36,0,2,1,1,0,0,'PRODUCTO AAA',3,3,0,0,0,8.264463,0.00,0.000000,0.000000,0.000000,0.00,0.000000,'','','','','abcd','',0.000000,1,0,'IVA ES 21%',21.000,0.000000,0.000,0,'',0,'0000-00-00 00:00:00',30.000000,24.790000,10.000000,8.264463,0.000000,0.000000,0.000000,8.264463,0.000000,0.000000,0.000000),
(38,37,0,2,1,1,0,0,'PRODUCTO AAA',3,3,0,0,0,8.264463,0.00,0.000000,0.000000,0.000000,0.00,0.000000,'','','','','abcd','',0.000000,1,0,'IVA ES 21%',21.000,0.000000,0.000,0,'',0,'0000-00-00 00:00:00',30.000000,24.790000,10.000000,8.264463,0.000000,0.000000,0.000000,8.264463,0.000000,0.000000,0.000000),
(39,38,0,2,1,1,0,0,'PRODUCTO AAA',3,3,0,0,0,8.264463,0.00,0.000000,0.000000,0.000000,0.00,0.000000,'','','','','abcd','',0.000000,1,0,'IVA ES 21%',21.000,0.000000,0.000,0,'',0,'0000-00-00 00:00:00',30.000000,24.790000,10.000000,8.264463,0.000000,0.000000,0.000000,8.264463,0.000000,0.000000,0.000000),
(40,39,17,1,1,3,3,0,'Producto con combinaciones (color: Rojo - Talla: L)',1,1,0,0,0,10.000000,0.00,0.000000,0.000000,0.000000,0.00,0.000000,'','','','','rojol','',0.000000,1,0,'IVA ES 21%',21.000,0.000000,0.000,0,'',0,'0000-00-00 00:00:00',12.100000,10.000000,12.100000,10.000000,0.000000,0.000000,0.000000,10.000000,0.000000,0.000000,0.000000),
(41,40,18,1,1,3,3,0,'Producto con combinaciones (color: Rojo - Talla: L)',11,11,0,0,0,10.000000,0.00,0.000000,0.000000,0.000000,0.00,0.000000,'','','','','rojol','',0.000000,1,0,'IVA ES 21%',21.000,0.000000,0.000,0,'',0,'0000-00-00 00:00:00',133.100000,110.000000,12.100000,10.000000,0.000000,0.000000,0.000000,10.000000,0.000000,0.000000,0.000000),
(42,41,19,1,1,3,3,0,'Producto con combinaciones (color: Rojo - Talla: L)',100,100,0,0,0,10.000000,0.00,0.000000,0.000000,0.000000,0.00,0.000000,'','','','','rojol','',0.000000,1,0,'IVA ES 21%',21.000,0.000000,0.000,0,'',0,'0000-00-00 00:00:00',1210.000000,1000.000000,12.100000,10.000000,0.000000,0.000000,0.000000,10.000000,0.000000,0.000000,0.000000),
(43,42,0,1,1,3,4,0,'Producto con combinaciones (color: Rojo - Talla: M)',5,5,0,0,0,11.000000,0.00,0.000000,0.000000,0.000000,0.00,0.000000,'','','','','rojom','',0.000000,1,0,'IVA ES 21%',21.000,0.000000,0.000,0,'',0,'0000-00-00 00:00:00',66.550000,55.000000,13.310000,11.000000,0.000000,0.000000,0.000000,11.000000,0.000000,0.000000,0.000000),
(44,43,0,2,1,3,4,0,'Producto con combinaciones (color: Rojo - Talla: M)',5,5,0,0,0,11.000000,0.00,0.000000,0.000000,0.000000,0.00,0.000000,'','','','','rojom','',0.000000,1,0,'IVA ES 21%',21.000,0.000000,0.000,0,'',0,'0000-00-00 00:00:00',66.550000,55.000000,13.310000,11.000000,0.000000,0.000000,0.000000,11.000000,0.000000,0.000000,0.000000),
(45,44,0,2,1,3,3,0,'Producto con combinaciones (color: Rojo - Talla: L)',10,10,0,0,0,10.000000,0.00,0.000000,0.000000,0.000000,0.00,0.000000,'','','','','rojol','',0.000000,1,0,'IVA ES 21%',21.000,0.000000,0.000,0,'',0,'0000-00-00 00:00:00',121.000000,100.000000,12.100000,10.000000,0.000000,0.000000,0.000000,10.000000,0.000000,0.000000,0.000000),
(46,45,20,1,1,3,3,0,'Producto con combinaciones (color: Rojo - Talla: L)',1,1,0,0,0,10.000000,0.00,0.000000,0.000000,0.000000,0.00,0.000000,'','','','','rojol','',0.000000,1,0,'IVA ES 21%',21.000,0.000000,0.000,0,'',0,'0000-00-00 00:00:00',12.100000,10.000000,12.100000,10.000000,0.000000,0.000000,0.000000,10.000000,0.000000,0.000000,0.000000),
(47,46,0,1,1,3,3,0,'Producto con combinaciones (color: Rojo - Talla: L)',1,1,0,0,0,10.000000,0.00,0.000000,0.000000,0.000000,0.00,0.000000,'','','','','rojol','',0.000000,1,0,'IVA ES 21%',21.000,0.000000,0.000,0,'',0,'0000-00-00 00:00:00',12.100000,10.000000,12.100000,10.000000,0.000000,0.000000,0.000000,10.000000,0.000000,0.000000,0.000000),
(48,47,0,1,1,3,3,0,'Producto con combinaciones (color: Rojo - Talla: L)',2,2,0,0,0,10.000000,0.00,0.000000,0.000000,0.000000,0.00,0.000000,'','','','','rojol','',0.000000,1,0,'IVA ES 21%',21.000,0.000000,0.000,0,'',0,'0000-00-00 00:00:00',24.200000,20.000000,12.100000,10.000000,0.000000,0.000000,0.000000,10.000000,0.000000,0.000000,0.000000),
(49,48,0,1,1,3,3,0,'Producto con combinaciones (color: Rojo - Talla: L)',7,3,0,0,0,10.000000,0.00,0.000000,0.000000,0.000000,0.00,0.000000,'','','','','rojol','',0.000000,1,0,'IVA ES 21%',21.000,0.000000,0.000,0,'',0,'0000-00-00 00:00:00',36.300000,30.000000,12.100000,10.000000,0.000000,0.000000,0.000000,10.000000,0.000000,0.000000,0.000000),
(50,49,0,1,1,3,3,0,'Producto con combinaciones (color: Rojo - Talla: L)',2,2,0,0,0,10.000000,0.00,0.000000,0.000000,0.000000,0.00,0.000000,'','','','','rojol','',0.000000,1,0,'IVA ES 21%',21.000,0.000000,0.000,0,'',0,'0000-00-00 00:00:00',24.200000,20.000000,12.100000,10.000000,0.000000,0.000000,0.000000,10.000000,0.000000,0.000000,0.000000),
(51,50,0,1,1,3,3,0,'Producto con combinaciones (color: Rojo - Talla: L)',4,4,0,0,0,10.000000,0.00,0.000000,0.000000,0.000000,0.00,0.000000,'','','','','rojol','',0.000000,1,0,'IVA ES 21%',21.000,0.000000,0.000,0,'',0,'0000-00-00 00:00:00',48.400000,40.000000,12.100000,10.000000,0.000000,0.000000,0.000000,10.000000,0.000000,0.000000,0.000000),
(52,51,0,1,1,3,3,0,'Producto con combinaciones (color: Rojo - Talla: L)',1,1,0,0,0,10.000000,0.00,0.000000,0.000000,0.000000,0.00,0.000000,'','','','','rojol','',0.000000,1,0,'IVA ES 21%',21.000,0.000000,0.000,0,'',0,'0000-00-00 00:00:00',12.100000,10.000000,12.100000,10.000000,0.000000,0.000000,0.000000,10.000000,0.000000,0.000000,0.000000),
(53,52,0,1,1,3,3,0,'Producto con combinaciones (color: Rojo - Talla: L)',1,1,0,0,0,10.000000,0.00,0.000000,0.000000,0.000000,0.00,0.000000,'','','','','rojol','',0.000000,1,0,'IVA ES 21%',21.000,0.000000,0.000,0,'',0,'0000-00-00 00:00:00',12.100000,10.000000,12.100000,10.000000,0.000000,0.000000,0.000000,10.000000,0.000000,0.000000,0.000000),
(54,53,0,1,1,3,3,0,'Producto con combinaciones (color: Rojo - Talla: L)',1,1,0,0,0,10.000000,0.00,0.000000,0.000000,0.000000,0.00,0.000000,'','','','','rojol','',0.000000,1,0,'IVA ES 21%',21.000,0.000000,0.000,0,'',0,'0000-00-00 00:00:00',12.100000,10.000000,12.100000,10.000000,0.000000,0.000000,0.000000,10.000000,0.000000,0.000000,0.000000),
(55,54,0,1,1,3,3,0,'Producto con combinaciones (color: Rojo - Talla: L)',5,5,0,0,0,10.000000,0.00,0.000000,0.000000,0.000000,0.00,0.000000,'','','','','rojol','',0.000000,1,0,'IVA ES 21%',21.000,0.000000,0.000,0,'',0,'0000-00-00 00:00:00',60.500000,50.000000,12.100000,10.000000,0.000000,0.000000,0.000000,10.000000,0.000000,0.000000,0.000000),
(56,55,0,1,1,3,3,0,'Producto con combinaciones (color: Rojo - Talla: L)',1,1,0,0,0,10.000000,0.00,0.000000,0.000000,0.000000,0.00,0.000000,'','','','','rojol','',0.000000,1,0,'IVA ES 21%',21.000,0.000000,0.000,0,'',0,'0000-00-00 00:00:00',12.100000,10.000000,12.100000,10.000000,0.000000,0.000000,0.000000,10.000000,0.000000,0.000000,0.000000),
(57,56,0,1,1,3,3,0,'Producto con combinaciones (color: Rojo - Talla: L)',1,1,0,0,0,10.000000,0.00,0.000000,0.000000,0.000000,0.00,0.000000,'','','','','rojol','',0.000000,1,0,'IVA ES 21%',21.000,0.000000,0.000,0,'',0,'0000-00-00 00:00:00',12.100000,10.000000,12.100000,10.000000,0.000000,0.000000,0.000000,10.000000,0.000000,0.000000,0.000000);

--
-- Table structure for table `imaxorder_detail_tax`
--

CREATE TABLE `imaxorder_detail_tax` (
  `id_order_detail` int(11) NOT NULL,
  `id_tax` int(11) NOT NULL,
  `unit_amount` decimal(16,6) NOT NULL DEFAULT 0.000000,
  `total_amount` decimal(16,6) NOT NULL DEFAULT 0.000000,
  KEY `id_order_detail` (`id_order_detail`),
  KEY `id_tax` (`id_tax`)
) ENGINE=InnoDB DEFAULT CHARSET=utf8mb4 COLLATE=utf8mb4_general_ci;

--
-- Dumping data for table `imaxorder_detail_tax`
--

INSERT INTO `imaxorder_detail_tax` VALUES
(1,1,8.677686,8.680000),
(2,1,8.677686,8.680000),
(3,1,8.677686,121.490000),
(4,1,1.735537,20.830000),
(5,1,1.735537,19.090000),
(6,1,0.000000,0.000000),
(7,1,0.000000,0.000000),
(8,1,0.000000,0.000000),
(9,1,0.000000,0.000000),
(10,1,1.735537,3.470000),
(11,1,1.735537,1.740000),
(12,1,1.735537,1.740000),
(13,1,1.735537,1.740000),
(14,1,1.735537,1.740000),
(15,1,1.735537,1.740000),
(16,1,1.735537,1.740000),
(17,1,1.735537,1.740000),
(18,1,1.735537,1.740000),
(19,1,1.735537,1.740000),
(20,1,1.735537,3.470000),
(21,1,1.735537,1.740000),
(22,1,1.735537,1.740000),
(23,1,1.735537,1.740000),
(24,1,1.735537,1.740000),
(25,1,1.735537,1.740000),
(26,1,1.735537,1.740000),
(27,1,1.735537,1.740000),
(28,1,1.735537,1.740000),
(29,1,1.735537,1.740000),
(30,1,1.735537,1.740000),
(31,1,1.735537,1.740000),
(32,1,1.735537,5.210000),
(33,1,1.735537,5.210000),
(34,1,1.735537,5.210000),
(35,1,1.735537,5.210000),
(36,1,1.735537,5.210000),
(37,1,1.735537,5.210000),
(38,1,1.735537,5.210000),
(39,1,1.735537,5.210000),
(40,1,2.100000,2.100000),
(41,1,2.100000,23.100000),
(42,1,2.100000,210.000000),
(43,1,2.310000,11.550000),
(44,1,2.310000,11.550000),
(45,1,2.100000,21.000000),
(46,1,2.100000,2.100000),
(47,1,2.100000,2.100000),
(48,1,2.100000,4.200000),
(49,1,2.100000,6.300000),
(50,1,2.100000,4.200000),
(51,1,2.100000,8.400000),
(52,1,2.100000,2.100000),
(53,1,2.100000,2.100000),
(54,1,2.100000,2.100000),
(55,1,2.100000,10.500000),
(56,1,2.100000,2.100000),
(57,1,2.100000,2.100000);

--
-- Table structure for table `imaxorder_history`
--

CREATE TABLE `imaxorder_history` (
  `id_order_history` int(10) unsigned NOT NULL AUTO_INCREMENT,
  `id_employee` int(10) unsigned NOT NULL,
  `id_order` int(10) unsigned NOT NULL,
  `id_order_state` int(10) unsigned NOT NULL,
  `date_add` datetime NOT NULL,
  PRIMARY KEY (`id_order_history`),
  KEY `order_history_order` (`id_order`),
  KEY `id_employee` (`id_employee`),
  KEY `id_order_state` (`id_order_state`)
) ENGINE=InnoDB AUTO_INCREMENT=86 DEFAULT CHARSET=utf8mb4 COLLATE=utf8mb4_general_ci;

--
-- Dumping data for table `imaxorder_history`
--

INSERT INTO `imaxorder_history` VALUES
(1,0,1,10,'2024-05-23 13:49:20'),
(2,1,1,2,'2024-05-23 13:49:37'),
(3,1,2,2,'2024-05-24 13:43:04'),
(4,1,3,2,'2024-05-31 12:11:41'),
(5,0,4,10,'2024-06-20 10:05:13'),
(6,1,4,2,'2024-06-20 10:07:15'),
(7,1,4,4,'2024-06-20 10:08:35'),
(8,0,5,2,'2024-06-20 11:18:08'),
(9,0,6,2,'2024-06-20 11:20:33'),
(10,0,7,2,'2024-06-20 11:21:51'),
(11,0,8,2,'2024-06-20 11:22:19'),
(12,1,6,4,'2024-06-20 11:22:54'),
(13,0,9,10,'2024-06-24 10:04:22'),
(14,1,9,2,'2024-06-24 10:05:08'),
(15,0,10,10,'2024-06-24 10:19:04'),
(16,0,11,10,'2024-06-24 10:19:57'),
(17,1,11,2,'2024-06-24 10:20:19'),
(18,1,10,2,'2024-06-24 10:21:40'),
(19,0,12,10,'2024-06-24 10:28:11'),
(20,0,13,10,'2024-06-24 10:29:46'),
(21,0,14,10,'2024-06-24 10:31:19'),
(22,0,15,10,'2024-06-24 10:33:57'),
(23,0,16,10,'2024-06-24 10:35:23'),
(24,0,17,10,'2024-06-24 10:41:19'),
(25,0,18,10,'2024-06-24 10:59:33'),
(26,0,19,10,'2024-06-24 12:15:15'),
(27,0,20,10,'2024-06-24 12:21:28'),
(28,1,20,2,'2024-06-24 12:22:44'),
(29,1,20,4,'2024-06-24 12:24:20'),
(30,0,21,10,'2024-06-24 12:34:55'),
(31,0,22,10,'2024-06-24 12:39:47'),
(32,0,23,10,'2024-06-24 13:08:40'),
(33,0,26,10,'2024-06-24 13:17:18'),
(34,1,26,2,'2024-06-24 13:18:34'),
(35,1,26,4,'2024-06-24 13:18:57'),
(36,1,26,5,'2024-06-24 13:19:19'),
(37,0,27,10,'2024-06-24 13:30:59'),
(38,0,28,10,'2024-06-24 13:38:13'),
(39,0,29,10,'2024-06-24 13:43:48'),
(40,0,30,10,'2024-07-04 13:24:24'),
(41,1,30,2,'2024-07-04 13:25:16'),
(42,1,30,4,'2024-07-04 13:25:52'),
(43,1,30,5,'2024-07-04 13:25:57'),
(44,0,31,10,'2024-07-12 09:27:03'),
(45,1,31,2,'2024-07-12 09:28:04'),
(46,1,31,4,'2024-07-12 09:28:51'),
(47,1,31,5,'2024-07-12 09:29:15'),
(48,0,32,10,'2024-07-22 13:32:14'),
(49,1,32,2,'2024-07-22 13:43:37'),
(50,1,32,4,'2024-07-22 13:44:09'),
(51,1,32,5,'2024-07-22 13:44:18'),
(52,0,33,10,'2024-07-22 14:27:36'),
(53,0,34,10,'2024-07-23 12:27:43'),
(54,0,35,10,'2024-07-23 12:37:39'),
(55,0,36,10,'2024-07-23 12:42:10'),
(56,0,37,10,'2024-07-23 12:44:45'),
(57,0,38,10,'2024-07-23 12:55:02'),
(58,0,39,1,'2024-07-30 14:53:46'),
(59,1,39,2,'2024-07-30 14:54:10'),
(60,0,40,1,'2024-07-30 14:57:33'),
(61,1,40,2,'2024-07-30 14:57:51'),
(62,1,40,4,'2024-07-30 15:00:01'),
(63,1,39,4,'2024-07-30 15:00:06'),
(64,0,41,1,'2024-07-30 15:05:32'),
(65,1,41,4,'2024-07-30 15:07:30'),
(66,1,41,2,'2024-07-30 15:27:03'),
(67,1,40,2,'2024-07-30 15:27:07'),
(68,1,39,2,'2024-07-30 15:27:10'),
(69,0,42,10,'2024-07-31 11:08:50'),
(70,0,43,10,'2024-07-31 11:22:39'),
(71,0,44,10,'2024-09-17 16:53:26'),
(72,0,45,10,'2024-09-20 09:28:52'),
(73,1,45,2,'2024-09-20 09:36:45'),
(74,1,45,4,'2024-09-20 10:39:24'),
(75,0,46,10,'2024-09-20 11:33:12'),
(76,0,47,10,'2024-09-20 11:36:01'),
(77,0,48,10,'2024-09-25 08:43:07'),
(78,0,49,10,'2024-09-25 10:11:50'),
(79,0,50,10,'2024-09-25 10:17:08'),
(80,0,51,10,'2024-09-25 17:13:28'),
(81,0,52,10,'2024-09-25 17:49:13'),
(82,0,53,10,'2024-09-25 17:52:37'),
(83,0,54,10,'2024-10-02 10:30:27'),
(84,0,55,10,'2024-10-16 10:44:07'),
(85,0,56,10,'2024-10-16 11:48:13');

--
-- Table structure for table `imaxorder_invoice`
--

CREATE TABLE `imaxorder_invoice` (
  `id_order_invoice` int(11) unsigned NOT NULL AUTO_INCREMENT,
  `id_order` int(11) NOT NULL,
  `number` int(11) NOT NULL,
  `delivery_number` int(11) NOT NULL,
  `delivery_date` datetime DEFAULT NULL,
  `total_discount_tax_excl` decimal(20,6) NOT NULL DEFAULT 0.000000,
  `total_discount_tax_incl` decimal(20,6) NOT NULL DEFAULT 0.000000,
  `total_paid_tax_excl` decimal(20,6) NOT NULL DEFAULT 0.000000,
  `total_paid_tax_incl` decimal(20,6) NOT NULL DEFAULT 0.000000,
  `total_products` decimal(20,6) NOT NULL DEFAULT 0.000000,
  `total_products_wt` decimal(20,6) NOT NULL DEFAULT 0.000000,
  `total_shipping_tax_excl` decimal(20,6) NOT NULL DEFAULT 0.000000,
  `total_shipping_tax_incl` decimal(20,6) NOT NULL DEFAULT 0.000000,
  `shipping_tax_computation_method` int(10) unsigned NOT NULL,
  `total_wrapping_tax_excl` decimal(20,6) NOT NULL DEFAULT 0.000000,
  `total_wrapping_tax_incl` decimal(20,6) NOT NULL DEFAULT 0.000000,
  `shop_address` text DEFAULT NULL,
  `note` text DEFAULT NULL,
  `date_add` datetime NOT NULL,
  PRIMARY KEY (`id_order_invoice`),
  KEY `id_order` (`id_order`)
) ENGINE=InnoDB AUTO_INCREMENT=21 DEFAULT CHARSET=utf8mb4 COLLATE=utf8mb4_general_ci;

--
-- Dumping data for table `imaxorder_invoice`
--

INSERT INTO `imaxorder_invoice` VALUES
(1,1,1,0,'0000-00-00 00:00:00',0.000000,0.000000,41.320000,50.000000,41.320000,50.000000,0.000000,0.000000,0,0.000000,0.000000,'PrestaShop','','2024-05-23 13:49:37'),
(2,2,2,0,'0000-00-00 00:00:00',0.000000,0.000000,41.320000,50.000000,41.320000,50.000000,0.000000,0.000000,0,0.000000,0.000000,'PrestaShop','','2024-05-24 13:43:04'),
(3,3,3,0,'0000-00-00 00:00:00',0.000000,0.000000,677.690000,820.000000,677.680000,820.000000,0.000000,0.000000,0,0.000000,0.000000,'PrestaShop','','2024-05-31 12:11:41'),
(4,4,4,1,'2024-06-20 10:08:35',0.000000,0.000000,90.910000,110.000000,90.910000,110.000000,0.000000,0.000000,0,0.000000,0.000000,'PrestaShop','','2024-06-20 10:07:15'),
(5,5,5,0,'0000-00-00 00:00:00',0.000000,0.000000,0.000000,0.000000,0.000000,0.000000,0.000000,0.000000,0,0.000000,0.000000,'PrestaShop','','2024-06-20 11:18:08'),
(6,6,6,2,'2024-06-20 11:22:54',0.000000,0.000000,0.000000,0.000000,0.000000,0.000000,0.000000,0.000000,0,0.000000,0.000000,'PrestaShop','','2024-06-20 11:20:33'),
(7,7,7,0,'0000-00-00 00:00:00',0.000000,0.000000,0.000000,0.000000,0.000000,0.000000,0.000000,0.000000,0,0.000000,0.000000,'PrestaShop','','2024-06-20 11:21:51'),
(8,8,8,0,'0000-00-00 00:00:00',0.000000,0.000000,0.000000,0.000000,0.000000,0.000000,0.000000,0.000000,0,0.000000,0.000000,'PrestaShop','','2024-06-20 11:22:19'),
(9,9,9,0,'0000-00-00 00:00:00',0.000000,0.000000,16.530000,20.000000,16.530000,20.000000,0.000000,0.000000,0,0.000000,0.000000,'PrestaShop','','2024-06-24 10:05:08'),
(10,11,10,0,'0000-00-00 00:00:00',0.000000,0.000000,8.260000,10.000000,8.260000,10.000000,0.000000,0.000000,0,0.000000,0.000000,'PrestaShop','','2024-06-24 10:20:19'),
(11,10,11,0,'0000-00-00 00:00:00',0.000000,0.000000,8.260000,10.000000,8.260000,10.000000,0.000000,0.000000,0,0.000000,0.000000,'PrestaShop','','2024-06-24 10:21:40'),
(12,20,12,3,'2024-06-24 12:24:20',0.000000,0.000000,8.260000,10.000000,8.260000,10.000000,0.000000,0.000000,0,0.000000,0.000000,'PrestaShop','','2024-06-24 12:22:43'),
(13,26,13,4,'2024-06-24 13:18:57',0.000000,0.000000,8.260000,10.000000,8.260000,10.000000,0.000000,0.000000,0,0.000000,0.000000,'PrestaShop','','2024-06-24 13:18:34'),
(14,30,14,5,'2024-07-04 13:25:52',0.000000,0.000000,8.260000,10.000000,8.260000,10.000000,0.000000,0.000000,0,0.000000,0.000000,'PrestaShop','','2024-07-04 13:25:16'),
(15,31,15,6,'2024-07-12 09:28:51',0.000000,0.000000,24.790000,30.000000,24.790000,30.000000,0.000000,0.000000,0,0.000000,0.000000,'PrestaShop','','2024-07-12 09:28:04'),
(16,32,16,7,'2024-07-22 13:44:09',0.000000,0.000000,24.790000,30.000000,24.790000,30.000000,0.000000,0.000000,0,0.000000,0.000000,'PrestaShop','','2024-07-22 13:43:37'),
(17,39,17,9,'2024-07-30 15:00:06',0.000000,0.000000,10.000000,12.100000,10.000000,12.100000,0.000000,0.000000,0,0.000000,0.000000,'PrestaShop','','2024-07-30 14:54:10'),
(18,40,18,8,'2024-07-30 15:00:01',0.000000,0.000000,110.000000,133.100000,110.000000,133.100000,0.000000,0.000000,0,0.000000,0.000000,'PrestaShop','','2024-07-30 14:57:51'),
(19,41,19,10,'2024-07-30 15:07:30',0.000000,0.000000,1000.000000,1210.000000,1000.000000,1210.000000,0.000000,0.000000,0,0.000000,0.000000,'PrestaShop','','2024-07-30 15:07:30'),
(20,45,20,11,'2024-09-20 10:39:24',0.000000,0.000000,10.000000,12.100000,10.000000,12.100000,0.000000,0.000000,0,0.000000,0.000000,'PrestaShop','','2024-09-20 09:36:45');

--
-- Table structure for table `imaxorder_invoice_payment`
--

CREATE TABLE `imaxorder_invoice_payment` (
  `id_order_invoice` int(11) unsigned NOT NULL,
  `id_order_payment` int(11) unsigned NOT NULL,
  `id_order` int(11) unsigned NOT NULL,
  PRIMARY KEY (`id_order_invoice`,`id_order_payment`),
  KEY `order_payment` (`id_order_payment`),
  KEY `id_order` (`id_order`)
) ENGINE=InnoDB DEFAULT CHARSET=utf8mb4 COLLATE=utf8mb4_general_ci;

--
-- Dumping data for table `imaxorder_invoice_payment`
--

INSERT INTO `imaxorder_invoice_payment` VALUES
(1,1,1),
(2,2,2),
(3,3,3),
(4,4,4),
(5,5,5),
(6,6,6),
(7,7,7),
(8,8,8),
(9,9,9),
(11,11,10),
(10,10,11),
(12,12,20),
(13,13,26),
(14,14,30),
(15,15,31),
(16,16,32),
(17,17,39),
(18,18,40),
(19,19,41),
(20,20,45);

--
-- Table structure for table `imaxorder_invoice_tax`
--

CREATE TABLE `imaxorder_invoice_tax` (
  `id_order_invoice` int(11) NOT NULL,
  `type` varchar(15) NOT NULL,
  `id_tax` int(11) NOT NULL,
  `amount` decimal(10,6) NOT NULL DEFAULT 0.000000,
  KEY `id_tax` (`id_tax`)
) ENGINE=InnoDB DEFAULT CHARSET=utf8mb4 COLLATE=utf8mb4_general_ci;

--
-- Dumping data for table `imaxorder_invoice_tax`
--

INSERT INTO `imaxorder_invoice_tax` VALUES
(1,'shipping',1,0.000000),
(2,'shipping',1,0.000000),
(3,'shipping',1,0.000000),
(4,'shipping',1,0.000000),
(5,'shipping',1,0.000000),
(6,'shipping',1,0.000000),
(7,'shipping',1,0.000000),
(8,'shipping',1,0.000000),
(9,'shipping',1,0.000000),
(10,'shipping',1,0.000000),
(11,'shipping',1,0.000000),
(12,'shipping',1,0.000000),
(13,'shipping',1,0.000000),
(14,'shipping',1,0.000000),
(15,'shipping',1,0.000000),
(16,'shipping',1,0.000000),
(17,'shipping',1,0.000000),
(18,'shipping',1,0.000000),
(19,'shipping',1,0.000000),
(20,'shipping',1,0.000000);

--
-- Table structure for table `imaxorder_message`
--

CREATE TABLE `imaxorder_message` (
  `id_order_message` int(10) unsigned NOT NULL AUTO_INCREMENT,
  `date_add` datetime NOT NULL,
  PRIMARY KEY (`id_order_message`)
) ENGINE=InnoDB DEFAULT CHARSET=utf8mb4 COLLATE=utf8mb4_general_ci;

--
-- Dumping data for table `imaxorder_message`
--


--
-- Table structure for table `imaxorder_message_lang`
--

CREATE TABLE `imaxorder_message_lang` (
  `id_order_message` int(10) unsigned NOT NULL,
  `id_lang` int(10) unsigned NOT NULL,
  `name` varchar(128) NOT NULL,
  `message` text NOT NULL,
  PRIMARY KEY (`id_order_message`,`id_lang`)
) ENGINE=InnoDB DEFAULT CHARSET=utf8mb4 COLLATE=utf8mb4_general_ci;

--
-- Dumping data for table `imaxorder_message_lang`
--


--
-- Table structure for table `imaxorder_payment`
--

CREATE TABLE `imaxorder_payment` (
  `id_order_payment` int(11) NOT NULL AUTO_INCREMENT,
  `order_reference` varchar(9) DEFAULT NULL,
  `id_currency` int(10) unsigned NOT NULL,
  `amount` decimal(20,6) NOT NULL,
  `payment_method` varchar(255) NOT NULL,
  `conversion_rate` decimal(13,6) NOT NULL DEFAULT 1.000000,
  `transaction_id` varchar(254) DEFAULT NULL,
  `card_number` varchar(254) DEFAULT NULL,
  `card_brand` varchar(254) DEFAULT NULL,
  `card_expiration` char(7) DEFAULT NULL,
  `card_holder` varchar(254) DEFAULT NULL,
  `date_add` datetime NOT NULL,
  `id_employee` int(11) DEFAULT NULL,
  PRIMARY KEY (`id_order_payment`),
  KEY `order_reference` (`order_reference`)
) ENGINE=InnoDB AUTO_INCREMENT=21 DEFAULT CHARSET=utf8mb4 COLLATE=utf8mb4_general_ci;

--
-- Dumping data for table `imaxorder_payment`
--

INSERT INTO `imaxorder_payment` VALUES
(1,'XXGQQLBUN',1,50.000000,'Pagos por transferencia bancaria',1.000000,'','','','','','2024-05-23 13:49:37',NULL),
(2,'KOQOVNLVI',1,50.000000,'Pagos por transferencia bancaria',1.000000,'','','','','','2024-05-24 13:43:04',NULL),
(3,'MNLQYORBU',1,820.000000,'Pagos por transferencia bancaria',1.000000,'','','','','','2024-05-31 12:11:41',NULL),
(4,'IOTAKQUDV',1,110.000000,'Pagos por transferencia bancaria',1.000000,'','','','','','2024-06-20 10:07:15',NULL),
(5,'QMDGYWAYQ',1,0.000000,'Pedido gratuito',1.000000,'','','','','','2024-06-20 11:18:08',NULL),
(6,'BTTNRDCPC',1,0.000000,'Pedido gratuito',1.000000,'','','','','','2024-06-20 11:20:33',NULL),
(7,'ONZGNRKUC',1,0.000000,'Pedido gratuito',1.000000,'','','','','','2024-06-20 11:21:51',NULL),
(8,'DVXDWKCMZ',1,0.000000,'Pedido gratuito',1.000000,'','','','','','2024-06-20 11:22:19',NULL),
(9,'ZCALONSAU',1,20.000000,'Pagos por transferencia bancaria',1.000000,'','','','','','2024-06-24 10:05:08',NULL),
(10,'HYTKQIDXA',1,10.000000,'Pagos por transferencia bancaria',1.000000,'','','','','','2024-06-24 10:20:19',NULL),
(11,'CQRUACUFJ',1,10.000000,'Pagos por transferencia bancaria',1.000000,'','','','','','2024-06-24 10:21:40',NULL),
(12,'CZSLHMVUO',1,10.000000,'Pagos por transferencia bancaria',1.000000,'','','','','','2024-06-24 12:22:44',NULL),
(13,'LVGSISDFP',1,10.000000,'Pagos por transferencia bancaria',1.000000,'','','','','','2024-06-24 13:18:34',NULL),
(14,'AQHKYFQSH',1,10.000000,'Pagos por transferencia bancaria',1.000000,'','','','','','2024-07-04 13:25:16',NULL),
(15,'INUFJDKTM',1,30.000000,'Pagos por transferencia bancaria',1.000000,'','','','','','2024-07-12 09:28:04',NULL),
(16,'CVLVTFYNP',1,30.000000,'Pagos por transferencia bancaria',1.000000,'','','','','','2024-07-22 13:43:37',NULL),
(17,'ORGLAQSYN',1,12.100000,'Pagos por cheque',1.000000,'','','','','','2024-07-30 14:54:10',NULL),
(18,'GKBWXNBRU',1,133.100000,'Pagos por cheque',1.000000,'','','','','','2024-07-30 14:57:51',NULL),
(19,'ACDXDWYXL',1,1210.000000,'Pagos por cheque',1.000000,'','','','','','2024-07-30 15:07:30',NULL),
(20,'NEXCYUSSJ',1,12.100000,'Pagos por transferencia bancaria',1.000000,'','','','','','2024-09-20 09:36:45',NULL);

--
-- Table structure for table `imaxorder_return`
--

CREATE TABLE `imaxorder_return` (
  `id_order_return` int(10) unsigned NOT NULL AUTO_INCREMENT,
  `id_customer` int(10) unsigned NOT NULL,
  `id_order` int(10) unsigned NOT NULL,
  `state` tinyint(1) unsigned NOT NULL DEFAULT 1,
  `question` text NOT NULL,
  `date_add` datetime NOT NULL,
  `date_upd` datetime NOT NULL,
  PRIMARY KEY (`id_order_return`),
  KEY `order_return_customer` (`id_customer`),
  KEY `id_order` (`id_order`)
) ENGINE=InnoDB DEFAULT CHARSET=utf8mb4 COLLATE=utf8mb4_general_ci;

--
-- Dumping data for table `imaxorder_return`
--


--
-- Table structure for table `imaxorder_return_detail`
--

CREATE TABLE `imaxorder_return_detail` (
  `id_order_return` int(10) unsigned NOT NULL,
  `id_order_detail` int(10) unsigned NOT NULL,
  `id_customization` int(10) unsigned NOT NULL DEFAULT 0,
  `product_quantity` int(10) unsigned NOT NULL DEFAULT 0,
  PRIMARY KEY (`id_order_return`,`id_order_detail`,`id_customization`)
) ENGINE=InnoDB DEFAULT CHARSET=utf8mb4 COLLATE=utf8mb4_general_ci;

--
-- Dumping data for table `imaxorder_return_detail`
--


--
-- Table structure for table `imaxorder_return_state`
--

CREATE TABLE `imaxorder_return_state` (
  `id_order_return_state` int(10) unsigned NOT NULL AUTO_INCREMENT,
  `color` varchar(32) DEFAULT NULL,
  PRIMARY KEY (`id_order_return_state`)
) ENGINE=InnoDB AUTO_INCREMENT=6 DEFAULT CHARSET=utf8mb4 COLLATE=utf8mb4_general_ci;

--
-- Dumping data for table `imaxorder_return_state`
--

INSERT INTO `imaxorder_return_state` VALUES
(1,'#4169E1'),
(2,'#8A2BE2'),
(3,'#32CD32'),
(4,'#DC143C'),
(5,'#108510');

--
-- Table structure for table `imaxorder_return_state_lang`
--

CREATE TABLE `imaxorder_return_state_lang` (
  `id_order_return_state` int(10) unsigned NOT NULL,
  `id_lang` int(10) unsigned NOT NULL,
  `name` varchar(64) NOT NULL,
  PRIMARY KEY (`id_order_return_state`,`id_lang`)
) ENGINE=InnoDB DEFAULT CHARSET=utf8mb4 COLLATE=utf8mb4_general_ci;

--
-- Dumping data for table `imaxorder_return_state_lang`
--

INSERT INTO `imaxorder_return_state_lang` VALUES
(1,1,'A la espera de confirmación'),
(2,1,'A la espera del paquete'),
(3,1,'Paquete recibido'),
(4,1,'Devolución denegada'),
(5,1,'Devolución completada');

--
-- Table structure for table `imaxorder_slip`
--

CREATE TABLE `imaxorder_slip` (
  `id_order_slip` int(10) unsigned NOT NULL AUTO_INCREMENT,
  `conversion_rate` decimal(13,6) NOT NULL DEFAULT 1.000000,
  `id_customer` int(10) unsigned NOT NULL,
  `id_order` int(10) unsigned NOT NULL,
  `total_products_tax_excl` decimal(20,6) DEFAULT NULL,
  `total_products_tax_incl` decimal(20,6) DEFAULT NULL,
  `total_shipping_tax_excl` decimal(20,6) DEFAULT NULL,
  `total_shipping_tax_incl` decimal(20,6) DEFAULT NULL,
  `shipping_cost` tinyint(3) unsigned NOT NULL DEFAULT 0,
  `amount` decimal(20,6) NOT NULL DEFAULT 0.000000,
  `shipping_cost_amount` decimal(20,6) NOT NULL DEFAULT 0.000000,
  `partial` tinyint(1) NOT NULL,
  `order_slip_type` tinyint(1) unsigned NOT NULL DEFAULT 0,
  `date_add` datetime NOT NULL,
  `date_upd` datetime NOT NULL,
  PRIMARY KEY (`id_order_slip`),
  KEY `order_slip_customer` (`id_customer`),
  KEY `id_order` (`id_order`)
) ENGINE=InnoDB DEFAULT CHARSET=utf8mb4 COLLATE=utf8mb4_general_ci;

--
-- Dumping data for table `imaxorder_slip`
--


--
-- Table structure for table `imaxorder_slip_detail`
--

CREATE TABLE `imaxorder_slip_detail` (
  `id_order_slip` int(10) unsigned NOT NULL,
  `id_order_detail` int(10) unsigned NOT NULL,
  `product_quantity` int(10) unsigned NOT NULL DEFAULT 0,
  `unit_price_tax_excl` decimal(20,6) DEFAULT NULL,
  `unit_price_tax_incl` decimal(20,6) DEFAULT NULL,
  `total_price_tax_excl` decimal(20,6) DEFAULT NULL,
  `total_price_tax_incl` decimal(20,6) DEFAULT NULL,
  `amount_tax_excl` decimal(20,6) DEFAULT NULL,
  `amount_tax_incl` decimal(20,6) DEFAULT NULL,
  PRIMARY KEY (`id_order_slip`,`id_order_detail`)
) ENGINE=InnoDB DEFAULT CHARSET=utf8mb4 COLLATE=utf8mb4_general_ci;

--
-- Dumping data for table `imaxorder_slip_detail`
--


--
-- Table structure for table `imaxorder_state`
--

CREATE TABLE `imaxorder_state` (
  `id_order_state` int(10) unsigned NOT NULL AUTO_INCREMENT,
  `invoice` tinyint(1) unsigned DEFAULT 0,
  `send_email` tinyint(1) unsigned NOT NULL DEFAULT 0,
  `module_name` varchar(255) DEFAULT NULL,
  `color` varchar(32) DEFAULT NULL,
  `unremovable` tinyint(1) unsigned NOT NULL,
  `hidden` tinyint(1) unsigned NOT NULL DEFAULT 0,
  `logable` tinyint(1) NOT NULL DEFAULT 0,
  `delivery` tinyint(1) unsigned NOT NULL DEFAULT 0,
  `shipped` tinyint(1) unsigned NOT NULL DEFAULT 0,
  `paid` tinyint(1) unsigned NOT NULL DEFAULT 0,
  `pdf_invoice` tinyint(1) unsigned NOT NULL DEFAULT 0,
  `pdf_delivery` tinyint(1) unsigned NOT NULL DEFAULT 0,
  `deleted` tinyint(1) unsigned NOT NULL DEFAULT 0,
  PRIMARY KEY (`id_order_state`),
  KEY `module_name` (`module_name`)
) ENGINE=InnoDB AUTO_INCREMENT=14 DEFAULT CHARSET=utf8mb4 COLLATE=utf8mb4_general_ci;

--
-- Dumping data for table `imaxorder_state`
--

INSERT INTO `imaxorder_state` VALUES
(1,0,1,'ps_checkpayment','#34209E',1,0,0,0,0,0,0,0,0),
(2,1,1,'','#3498D8',1,0,1,0,0,1,1,0,0),
(3,1,1,'','#3498D8',1,0,1,1,0,1,0,0,0),
(4,1,1,'','#01B887',1,0,1,1,1,1,0,0,0),
(5,1,0,'','#01B887',1,0,1,1,1,1,0,0,0),
(6,0,1,'','#2C3E50',1,0,0,0,0,0,0,0,0),
(7,1,1,'','#01B887',1,0,0,0,0,0,0,0,0),
(8,0,1,'','#E74C3C',1,0,0,0,0,0,0,0,0),
(9,1,1,'','#3498D8',1,0,0,0,0,1,0,0,0),
(10,0,1,'ps_wirepayment','#34209E',1,0,0,0,0,0,0,0,0),
(11,1,1,'','#3498D8',1,0,1,0,0,1,0,0,0),
(12,0,1,'','#34209E',1,0,0,0,0,0,0,0,0),
(13,0,0,'ps_cashondelivery','#34209E',1,0,0,0,0,0,0,0,0);

--
-- Table structure for table `imaxorder_state_lang`
--

CREATE TABLE `imaxorder_state_lang` (
  `id_order_state` int(10) unsigned NOT NULL,
  `id_lang` int(10) unsigned NOT NULL,
  `name` varchar(64) NOT NULL,
  `template` varchar(64) NOT NULL,
  PRIMARY KEY (`id_order_state`,`id_lang`)
) ENGINE=InnoDB DEFAULT CHARSET=utf8mb4 COLLATE=utf8mb4_general_ci;

--
-- Dumping data for table `imaxorder_state_lang`
--

INSERT INTO `imaxorder_state_lang` VALUES
(0,1,'-',''),
(1,1,'En espera de pago por cheque','cheque'),
(2,1,'Pago aceptado','payment'),
(3,1,'Preparación en curso','preparation'),
(4,1,'Enviado','shipped'),
(5,1,'Entregado',''),
(6,1,'Cancelado','order_canceled'),
(7,1,'Reembolsado','refund'),
(8,1,'Error en pago','payment_error'),
(9,1,'Pedido pendiente por falta de stock (pagado)','outofstock'),
(10,1,'En espera de pago por transferencia bancaria','bankwire'),
(11,1,'Pago remoto aceptado','payment'),
(12,1,'Pedido pendiente por falta de stock (no pagado)','outofstock'),
(13,1,'En espera de validación por contra reembolso.','cashondelivery');

--
-- Table structure for table `imaxorders`
--

CREATE TABLE `imaxorders` (
  `id_order` int(10) unsigned NOT NULL AUTO_INCREMENT,
  `reference` varchar(9) DEFAULT NULL,
  `id_shop_group` int(11) unsigned NOT NULL DEFAULT 1,
  `id_shop` int(11) unsigned NOT NULL DEFAULT 1,
  `id_carrier` int(10) unsigned NOT NULL,
  `id_lang` int(10) unsigned NOT NULL,
  `id_customer` int(10) unsigned NOT NULL,
  `id_cart` int(10) unsigned NOT NULL,
  `id_currency` int(10) unsigned NOT NULL,
  `id_address_delivery` int(10) unsigned NOT NULL,
  `id_address_invoice` int(10) unsigned NOT NULL,
  `current_state` int(10) unsigned NOT NULL,
  `secure_key` varchar(32) NOT NULL DEFAULT '-1',
  `payment` varchar(255) NOT NULL,
  `conversion_rate` decimal(13,6) NOT NULL DEFAULT 1.000000,
  `module` varchar(255) DEFAULT NULL,
  `recyclable` tinyint(1) unsigned NOT NULL DEFAULT 0,
  `gift` tinyint(1) unsigned NOT NULL DEFAULT 0,
  `gift_message` text DEFAULT NULL,
  `mobile_theme` tinyint(1) NOT NULL DEFAULT 0,
  `total_discounts` decimal(20,6) NOT NULL DEFAULT 0.000000,
  `total_discounts_tax_incl` decimal(20,6) NOT NULL DEFAULT 0.000000,
  `total_discounts_tax_excl` decimal(20,6) NOT NULL DEFAULT 0.000000,
  `total_paid` decimal(20,6) NOT NULL DEFAULT 0.000000,
  `total_paid_tax_incl` decimal(20,6) NOT NULL DEFAULT 0.000000,
  `total_paid_tax_excl` decimal(20,6) NOT NULL DEFAULT 0.000000,
  `total_paid_real` decimal(20,6) NOT NULL DEFAULT 0.000000,
  `total_products` decimal(20,6) NOT NULL DEFAULT 0.000000,
  `total_products_wt` decimal(20,6) NOT NULL DEFAULT 0.000000,
  `total_shipping` decimal(20,6) NOT NULL DEFAULT 0.000000,
  `total_shipping_tax_incl` decimal(20,6) NOT NULL DEFAULT 0.000000,
  `total_shipping_tax_excl` decimal(20,6) NOT NULL DEFAULT 0.000000,
  `carrier_tax_rate` decimal(10,3) NOT NULL DEFAULT 0.000,
  `total_wrapping` decimal(20,6) NOT NULL DEFAULT 0.000000,
  `total_wrapping_tax_incl` decimal(20,6) NOT NULL DEFAULT 0.000000,
  `total_wrapping_tax_excl` decimal(20,6) NOT NULL DEFAULT 0.000000,
  `round_mode` tinyint(1) NOT NULL DEFAULT 2,
  `round_type` tinyint(1) NOT NULL DEFAULT 1,
  `invoice_number` int(10) unsigned NOT NULL DEFAULT 0,
  `delivery_number` int(10) unsigned NOT NULL DEFAULT 0,
  `invoice_date` datetime NOT NULL,
  `delivery_date` datetime NOT NULL,
  `valid` int(1) unsigned NOT NULL DEFAULT 0,
  `date_add` datetime NOT NULL,
  `date_upd` datetime NOT NULL,
  `note` text DEFAULT NULL,
  PRIMARY KEY (`id_order`),
  KEY `reference` (`reference`),
  KEY `id_customer` (`id_customer`),
  KEY `id_cart` (`id_cart`),
  KEY `invoice_number` (`invoice_number`),
  KEY `id_carrier` (`id_carrier`),
  KEY `id_lang` (`id_lang`),
  KEY `id_currency` (`id_currency`),
  KEY `id_address_delivery` (`id_address_delivery`),
  KEY `id_address_invoice` (`id_address_invoice`),
  KEY `id_shop_group` (`id_shop_group`),
  KEY `current_state` (`current_state`),
  KEY `id_shop` (`id_shop`),
  KEY `date_add` (`date_add`)
) ENGINE=InnoDB AUTO_INCREMENT=57 DEFAULT CHARSET=utf8mb4 COLLATE=utf8mb4_general_ci;

--
-- Dumping data for table `imaxorders`
--

INSERT INTO `imaxorders` VALUES
(1,'XXGQQLBUN',1,1,1,1,2,1,1,3,3,2,'f30ac0f7798a26a63a6a34ed3ab4da1e','Pagos por transferencia bancaria',1.000000,'ps_wirepayment',0,0,'',0,0.000000,0.000000,0.000000,50.000000,50.000000,41.320000,50.000000,41.320000,50.000000,0.000000,0.000000,0.000000,21.000,0.000000,0.000000,0.000000,2,2,1,0,'2024-05-23 13:49:37','0000-00-00 00:00:00',1,'2024-05-23 13:49:20','2024-05-23 13:49:37',''),
(2,'KOQOVNLVI',1,1,1,1,2,3,1,3,3,2,'f30ac0f7798a26a63a6a34ed3ab4da1e','Pagos por transferencia bancaria',1.000000,'ps_wirepayment',0,0,'',0,0.000000,0.000000,0.000000,50.000000,50.000000,41.320000,50.000000,41.320000,50.000000,0.000000,0.000000,0.000000,21.000,0.000000,0.000000,0.000000,2,2,2,0,'2024-05-24 13:43:04','0000-00-00 00:00:00',1,'2024-05-24 13:43:04','2024-05-24 13:43:04',''),
(3,'MNLQYORBU',1,1,1,1,2,2,1,3,3,2,'f30ac0f7798a26a63a6a34ed3ab4da1e','Pagos por transferencia bancaria',1.000000,'ps_wirepayment',0,0,'',0,0.000000,0.000000,0.000000,820.000000,820.000000,677.690000,820.000000,677.680000,820.000000,0.000000,0.000000,0.000000,21.000,0.000000,0.000000,0.000000,2,2,3,0,'2024-05-31 12:11:41','0000-00-00 00:00:00',1,'2024-05-31 12:11:41','2024-05-31 12:11:41',''),
(4,'IOTAKQUDV',1,1,1,1,3,5,1,4,4,4,'d882fb1ea699451737e14dff21e04886','Pagos por transferencia bancaria',1.000000,'ps_wirepayment',0,0,'',0,0.000000,0.000000,0.000000,110.000000,110.000000,90.910000,110.000000,90.910000,110.000000,0.000000,0.000000,0.000000,21.000,0.000000,0.000000,0.000000,2,2,4,1,'2024-06-20 10:07:15','2024-06-20 10:08:35',1,'2024-06-20 10:05:13','2024-06-20 10:08:35',''),
(5,'QMDGYWAYQ',1,1,1,1,4,6,1,5,5,2,'a9bcc3e6753302a933b940139140824c','Pedido gratuito',1.000000,'free_order',0,0,'',0,0.000000,0.000000,0.000000,0.000000,0.000000,0.000000,0.000000,0.000000,0.000000,0.000000,0.000000,0.000000,21.000,0.000000,0.000000,0.000000,2,2,5,0,'2024-06-20 11:18:08','0000-00-00 00:00:00',1,'2024-06-20 11:18:08','2024-06-20 11:18:08',''),
(6,'BTTNRDCPC',1,1,1,1,4,7,1,5,5,4,'a9bcc3e6753302a933b940139140824c','Pedido gratuito',1.000000,'free_order',0,0,'',0,0.000000,0.000000,0.000000,0.000000,0.000000,0.000000,0.000000,0.000000,0.000000,0.000000,0.000000,0.000000,21.000,0.000000,0.000000,0.000000,2,2,6,2,'2024-06-20 11:20:33','2024-06-20 11:22:54',1,'2024-06-20 11:20:33','2024-06-20 11:22:54',''),
(7,'ONZGNRKUC',1,1,1,1,4,8,1,5,5,2,'a9bcc3e6753302a933b940139140824c','Pedido gratuito',1.000000,'free_order',0,0,'',0,0.000000,0.000000,0.000000,0.000000,0.000000,0.000000,0.000000,0.000000,0.000000,0.000000,0.000000,0.000000,21.000,0.000000,0.000000,0.000000,2,2,7,0,'2024-06-20 11:21:51','0000-00-00 00:00:00',1,'2024-06-20 11:21:51','2024-06-20 11:21:51',''),
(8,'DVXDWKCMZ',1,1,1,1,4,9,1,5,5,2,'a9bcc3e6753302a933b940139140824c','Pedido gratuito',1.000000,'free_order',0,0,'',0,0.000000,0.000000,0.000000,0.000000,0.000000,0.000000,0.000000,0.000000,0.000000,0.000000,0.000000,0.000000,21.000,0.000000,0.000000,0.000000,2,2,8,0,'2024-06-20 11:22:19','0000-00-00 00:00:00',1,'2024-06-20 11:22:19','2024-06-20 11:22:19',''),
(9,'ZCALONSAU',1,1,1,1,4,10,1,5,5,2,'a9bcc3e6753302a933b940139140824c','Pagos por transferencia bancaria',1.000000,'ps_wirepayment',0,0,'',0,0.000000,0.000000,0.000000,20.000000,20.000000,16.530000,20.000000,16.530000,20.000000,0.000000,0.000000,0.000000,21.000,0.000000,0.000000,0.000000,2,2,9,0,'2024-06-24 10:05:08','0000-00-00 00:00:00',1,'2024-06-24 10:04:22','2024-06-24 10:05:08',''),
(10,'CQRUACUFJ',1,1,1,1,4,11,1,5,5,2,'a9bcc3e6753302a933b940139140824c','Pagos por transferencia bancaria',1.000000,'ps_wirepayment',0,0,'',0,0.000000,0.000000,0.000000,10.000000,10.000000,8.260000,10.000000,8.260000,10.000000,0.000000,0.000000,0.000000,21.000,0.000000,0.000000,0.000000,2,2,11,0,'2024-06-24 10:21:40','0000-00-00 00:00:00',1,'2024-06-24 10:19:04','2024-06-24 10:21:40',''),
(11,'HYTKQIDXA',1,1,1,1,4,12,1,5,5,2,'a9bcc3e6753302a933b940139140824c','Pagos por transferencia bancaria',1.000000,'ps_wirepayment',0,0,'',0,0.000000,0.000000,0.000000,10.000000,10.000000,8.260000,10.000000,8.260000,10.000000,0.000000,0.000000,0.000000,21.000,0.000000,0.000000,0.000000,2,2,10,0,'2024-06-24 10:20:19','0000-00-00 00:00:00',1,'2024-06-24 10:19:57','2024-06-24 10:20:19',''),
(12,'QWWERNWWP',1,1,1,1,4,13,1,5,5,10,'a9bcc3e6753302a933b940139140824c','Pagos por transferencia bancaria',1.000000,'ps_wirepayment',0,0,'',0,0.000000,0.000000,0.000000,10.000000,10.000000,8.260000,0.000000,8.260000,10.000000,0.000000,0.000000,0.000000,21.000,0.000000,0.000000,0.000000,2,2,0,0,'0000-00-00 00:00:00','0000-00-00 00:00:00',0,'2024-06-24 10:28:11','2024-06-24 10:28:11',''),
(13,'XUWENVWPI',1,1,1,1,4,14,1,5,5,10,'a9bcc3e6753302a933b940139140824c','Pagos por transferencia bancaria',1.000000,'ps_wirepayment',0,0,'',0,0.000000,0.000000,0.000000,10.000000,10.000000,8.260000,0.000000,8.260000,10.000000,0.000000,0.000000,0.000000,21.000,0.000000,0.000000,0.000000,2,2,0,0,'0000-00-00 00:00:00','0000-00-00 00:00:00',0,'2024-06-24 10:29:46','2024-06-24 10:29:46',''),
(14,'DHJPAQBVY',1,1,1,1,4,15,1,5,5,10,'a9bcc3e6753302a933b940139140824c','Pagos por transferencia bancaria',1.000000,'ps_wirepayment',0,0,'',0,0.000000,0.000000,0.000000,10.000000,10.000000,8.260000,0.000000,8.260000,10.000000,0.000000,0.000000,0.000000,21.000,0.000000,0.000000,0.000000,2,2,0,0,'0000-00-00 00:00:00','0000-00-00 00:00:00',0,'2024-06-24 10:31:19','2024-06-24 10:31:19',''),
(15,'VCPRGEDIP',1,1,1,1,4,16,1,5,5,10,'a9bcc3e6753302a933b940139140824c','Pagos por transferencia bancaria',1.000000,'ps_wirepayment',0,0,'',0,0.000000,0.000000,0.000000,10.000000,10.000000,8.260000,0.000000,8.260000,10.000000,0.000000,0.000000,0.000000,21.000,0.000000,0.000000,0.000000,2,2,0,0,'0000-00-00 00:00:00','0000-00-00 00:00:00',0,'2024-06-24 10:33:57','2024-06-24 10:33:57',''),
(16,'QMCDLRFIJ',1,1,1,1,4,17,1,5,5,10,'a9bcc3e6753302a933b940139140824c','Pagos por transferencia bancaria',1.000000,'ps_wirepayment',0,0,'',0,0.000000,0.000000,0.000000,10.000000,10.000000,8.260000,0.000000,8.260000,10.000000,0.000000,0.000000,0.000000,21.000,0.000000,0.000000,0.000000,2,2,0,0,'0000-00-00 00:00:00','0000-00-00 00:00:00',0,'2024-06-24 10:35:23','2024-06-24 10:35:23',''),
(17,'HPROHKDOS',1,1,1,1,4,18,1,5,5,10,'a9bcc3e6753302a933b940139140824c','Pagos por transferencia bancaria',1.000000,'ps_wirepayment',0,0,'',0,0.000000,0.000000,0.000000,10.000000,10.000000,8.260000,0.000000,8.260000,10.000000,0.000000,0.000000,0.000000,21.000,0.000000,0.000000,0.000000,2,2,0,0,'0000-00-00 00:00:00','0000-00-00 00:00:00',0,'2024-06-24 10:41:19','2024-06-24 10:41:19',''),
(18,'AFGKGVUHV',1,1,1,1,4,19,1,5,5,10,'a9bcc3e6753302a933b940139140824c','Pagos por transferencia bancaria',1.000000,'ps_wirepayment',0,0,'',0,0.000000,0.000000,0.000000,10.000000,10.000000,8.260000,0.000000,8.260000,10.000000,0.000000,0.000000,0.000000,21.000,0.000000,0.000000,0.000000,2,2,0,0,'0000-00-00 00:00:00','0000-00-00 00:00:00',0,'2024-06-24 10:59:33','2024-06-24 10:59:33',''),
(19,'EKVOSBRDK',1,1,1,1,3,20,1,4,4,10,'d882fb1ea699451737e14dff21e04886','Pagos por transferencia bancaria',1.000000,'ps_wirepayment',0,0,'',0,0.000000,0.000000,0.000000,20.000000,20.000000,16.530000,0.000000,16.530000,20.000000,0.000000,0.000000,0.000000,21.000,0.000000,0.000000,0.000000,2,2,0,0,'0000-00-00 00:00:00','0000-00-00 00:00:00',0,'2024-06-24 12:15:15','2024-06-24 12:15:15',''),
(20,'CZSLHMVUO',1,1,1,1,3,21,1,4,4,4,'d882fb1ea699451737e14dff21e04886','Pagos por transferencia bancaria',1.000000,'ps_wirepayment',0,0,'',0,0.000000,0.000000,0.000000,10.000000,10.000000,8.260000,10.000000,8.260000,10.000000,0.000000,0.000000,0.000000,21.000,0.000000,0.000000,0.000000,2,2,12,3,'2024-06-24 12:22:43','2024-06-24 12:24:20',1,'2024-06-24 12:21:28','2024-06-24 12:24:20',''),
(21,'COKAXLYAE',1,1,1,1,3,22,1,4,4,10,'d882fb1ea699451737e14dff21e04886','Pagos por transferencia bancaria',1.000000,'ps_wirepayment',0,0,'',0,0.000000,0.000000,0.000000,10.000000,10.000000,8.260000,0.000000,8.260000,10.000000,0.000000,0.000000,0.000000,21.000,0.000000,0.000000,0.000000,2,2,0,0,'0000-00-00 00:00:00','0000-00-00 00:00:00',0,'2024-06-24 12:34:55','2024-06-24 12:34:55',''),
(22,'QZEUCIVFI',1,1,1,1,3,23,1,4,4,10,'d882fb1ea699451737e14dff21e04886','Pagos por transferencia bancaria',1.000000,'ps_wirepayment',0,0,'',0,0.000000,0.000000,0.000000,10.000000,10.000000,8.260000,0.000000,8.260000,10.000000,0.000000,0.000000,0.000000,21.000,0.000000,0.000000,0.000000,2,2,0,0,'0000-00-00 00:00:00','0000-00-00 00:00:00',0,'2024-06-24 12:39:47','2024-06-24 12:39:47',''),
(23,'KQWYETWXM',1,1,1,1,3,24,1,4,4,10,'d882fb1ea699451737e14dff21e04886','Pagos por transferencia bancaria',1.000000,'ps_wirepayment',0,0,'',0,0.000000,0.000000,0.000000,10.000000,10.000000,8.260000,0.000000,8.260000,10.000000,0.000000,0.000000,0.000000,21.000,0.000000,0.000000,0.000000,2,2,0,0,'0000-00-00 00:00:00','0000-00-00 00:00:00',0,'2024-06-24 13:08:40','2024-06-24 13:08:40',''),
(24,'SWNPWNENF',1,1,1,1,3,25,1,4,4,10,'d882fb1ea699451737e14dff21e04886','Pagos por transferencia bancaria',1.000000,'ps_wirepayment',0,0,'',0,0.000000,0.000000,0.000000,10.000000,10.000000,8.260000,0.000000,8.260000,10.000000,0.000000,0.000000,0.000000,21.000,0.000000,0.000000,0.000000,2,2,0,0,'0000-00-00 00:00:00','0000-00-00 00:00:00',0,'2024-06-24 13:11:47','2024-06-24 13:11:47',''),
(25,'GGJHKLXCA',1,1,1,1,3,26,1,4,4,10,'d882fb1ea699451737e14dff21e04886','Pagos por transferencia bancaria',1.000000,'ps_wirepayment',0,0,'',0,0.000000,0.000000,0.000000,10.000000,10.000000,8.260000,0.000000,8.260000,10.000000,0.000000,0.000000,0.000000,21.000,0.000000,0.000000,0.000000,2,2,0,0,'0000-00-00 00:00:00','0000-00-00 00:00:00',0,'2024-06-24 13:13:50','2024-06-24 13:13:50',''),
(26,'LVGSISDFP',1,1,1,1,3,27,1,4,4,5,'d882fb1ea699451737e14dff21e04886','Pagos por transferencia bancaria',1.000000,'ps_wirepayment',0,0,'',0,0.000000,0.000000,0.000000,10.000000,10.000000,8.260000,10.000000,8.260000,10.000000,0.000000,0.000000,0.000000,21.000,0.000000,0.000000,0.000000,2,2,13,4,'2024-06-24 13:18:34','2024-06-24 13:19:19',1,'2024-06-24 13:17:18','2024-06-24 13:19:19',''),
(27,'NDYBASUGM',1,1,1,1,3,28,1,4,4,10,'d882fb1ea699451737e14dff21e04886','Pagos por transferencia bancaria',1.000000,'ps_wirepayment',0,0,'',0,0.000000,0.000000,0.000000,10.000000,10.000000,8.260000,0.000000,8.260000,10.000000,0.000000,0.000000,0.000000,21.000,0.000000,0.000000,0.000000,2,2,0,0,'0000-00-00 00:00:00','0000-00-00 00:00:00',0,'2024-06-24 13:30:58','2024-06-24 13:30:59',''),
(28,'LVZBFBRYD',1,1,1,1,3,29,1,4,4,10,'d882fb1ea699451737e14dff21e04886','Pagos por transferencia bancaria',1.000000,'ps_wirepayment',0,0,'',0,0.000000,0.000000,0.000000,10.000000,10.000000,8.260000,0.000000,8.260000,10.000000,0.000000,0.000000,0.000000,21.000,0.000000,0.000000,0.000000,2,2,0,0,'0000-00-00 00:00:00','0000-00-00 00:00:00',0,'2024-06-24 13:38:13','2024-06-24 13:38:13',''),
(29,'WPTKLNSGW',1,1,1,1,3,30,1,4,4,10,'d882fb1ea699451737e14dff21e04886','Pagos por transferencia bancaria',1.000000,'ps_wirepayment',0,0,'',0,0.000000,0.000000,0.000000,10.000000,10.000000,8.260000,0.000000,8.260000,10.000000,0.000000,0.000000,0.000000,21.000,0.000000,0.000000,0.000000,2,2,0,0,'0000-00-00 00:00:00','0000-00-00 00:00:00',0,'2024-06-24 13:43:48','2024-06-24 13:43:48',''),
(30,'AQHKYFQSH',1,1,1,1,3,31,1,4,4,5,'d882fb1ea699451737e14dff21e04886','Pagos por transferencia bancaria',1.000000,'ps_wirepayment',0,0,'',0,0.000000,0.000000,0.000000,10.000000,10.000000,8.260000,10.000000,8.260000,10.000000,0.000000,0.000000,0.000000,21.000,0.000000,0.000000,0.000000,2,2,14,5,'2024-07-04 13:25:16','2024-07-04 13:25:56',1,'2024-07-04 13:24:24','2024-07-04 13:25:57',''),
(31,'INUFJDKTM',1,1,1,1,3,32,1,4,4,5,'d882fb1ea699451737e14dff21e04886','Pagos por transferencia bancaria',1.000000,'ps_wirepayment',0,0,'',0,0.000000,0.000000,0.000000,30.000000,30.000000,24.790000,30.000000,24.790000,30.000000,0.000000,0.000000,0.000000,21.000,0.000000,0.000000,0.000000,2,2,15,6,'2024-07-12 09:28:04','2024-07-12 09:29:15',1,'2024-07-12 09:27:03','2024-07-12 09:29:15',''),
(32,'CVLVTFYNP',1,1,1,1,3,34,1,4,4,5,'d882fb1ea699451737e14dff21e04886','Pagos por transferencia bancaria',1.000000,'ps_wirepayment',0,0,'',0,0.000000,0.000000,0.000000,30.000000,30.000000,24.790000,30.000000,24.790000,30.000000,0.000000,0.000000,0.000000,21.000,0.000000,0.000000,0.000000,2,2,16,7,'2024-07-22 13:43:37','2024-07-22 13:44:18',1,'2024-07-22 13:32:14','2024-07-22 13:44:18',''),
(33,'ZVWBHYRLB',1,1,1,1,3,35,1,4,4,10,'d882fb1ea699451737e14dff21e04886','Pagos por transferencia bancaria',1.000000,'ps_wirepayment',0,0,'',0,0.000000,0.000000,0.000000,30.000000,30.000000,24.790000,0.000000,24.790000,30.000000,0.000000,0.000000,0.000000,21.000,0.000000,0.000000,0.000000,2,2,0,0,'0000-00-00 00:00:00','0000-00-00 00:00:00',0,'2024-07-22 14:27:36','2024-07-22 14:27:36',''),
(34,'KGOQRWUKZ',1,1,1,1,3,36,1,4,4,10,'d882fb1ea699451737e14dff21e04886','Pagos por transferencia bancaria',1.000000,'ps_wirepayment',0,0,'',0,0.000000,0.000000,0.000000,30.000000,30.000000,24.790000,0.000000,24.790000,30.000000,0.000000,0.000000,0.000000,21.000,0.000000,0.000000,0.000000,2,2,0,0,'0000-00-00 00:00:00','0000-00-00 00:00:00',0,'2024-07-23 12:27:43','2024-07-23 12:27:43',''),
(35,'IDJBVJIYU',1,1,1,1,3,37,1,4,4,10,'d882fb1ea699451737e14dff21e04886','Pagos por transferencia bancaria',1.000000,'ps_wirepayment',0,0,'',0,0.000000,0.000000,0.000000,30.000000,30.000000,24.790000,0.000000,24.790000,30.000000,0.000000,0.000000,0.000000,21.000,0.000000,0.000000,0.000000,2,2,0,0,'0000-00-00 00:00:00','0000-00-00 00:00:00',0,'2024-07-23 12:37:39','2024-07-23 12:37:39',''),
(36,'FMIDTUSHO',1,1,1,1,3,38,1,4,4,10,'d882fb1ea699451737e14dff21e04886','Pagos por transferencia bancaria',1.000000,'ps_wirepayment',0,0,'',0,0.000000,0.000000,0.000000,30.000000,30.000000,24.790000,0.000000,24.790000,30.000000,0.000000,0.000000,0.000000,21.000,0.000000,0.000000,0.000000,2,2,0,0,'0000-00-00 00:00:00','0000-00-00 00:00:00',0,'2024-07-23 12:42:09','2024-07-23 12:42:10',''),
(37,'BTLVFJNLC',1,1,1,1,3,39,1,4,4,10,'d882fb1ea699451737e14dff21e04886','Pagos por transferencia bancaria',1.000000,'ps_wirepayment',0,0,'',0,0.000000,0.000000,0.000000,30.000000,30.000000,24.790000,0.000000,24.790000,30.000000,0.000000,0.000000,0.000000,21.000,0.000000,0.000000,0.000000,2,2,0,0,'0000-00-00 00:00:00','0000-00-00 00:00:00',0,'2024-07-23 12:44:45','2024-07-23 12:44:45',''),
(38,'CBEJWPVJH',1,1,1,1,3,40,1,4,4,10,'d882fb1ea699451737e14dff21e04886','Pagos por transferencia bancaria',1.000000,'ps_wirepayment',0,0,'',0,0.000000,0.000000,0.000000,30.000000,30.000000,24.790000,0.000000,24.790000,30.000000,0.000000,0.000000,0.000000,21.000,0.000000,0.000000,0.000000,2,2,0,0,'0000-00-00 00:00:00','0000-00-00 00:00:00',0,'2024-07-23 12:55:02','2024-07-23 12:55:02',''),
(39,'ORGLAQSYN',1,1,1,1,2,41,1,3,3,2,'f30ac0f7798a26a63a6a34ed3ab4da1e','Pagos por cheque',1.000000,'ps_checkpayment',0,0,'',0,0.000000,0.000000,0.000000,12.100000,12.100000,10.000000,12.100000,10.000000,12.100000,0.000000,0.000000,0.000000,21.000,0.000000,0.000000,0.000000,2,2,17,9,'2024-07-30 14:54:10','2024-07-30 15:00:06',1,'2024-07-30 14:53:46','2024-07-30 15:27:10',''),
(40,'GKBWXNBRU',1,1,1,1,2,42,1,3,3,2,'f30ac0f7798a26a63a6a34ed3ab4da1e','Pagos por cheque',1.000000,'ps_checkpayment',0,0,'',0,0.000000,0.000000,0.000000,133.100000,133.100000,110.000000,133.100000,110.000000,133.100000,0.000000,0.000000,0.000000,21.000,0.000000,0.000000,0.000000,2,2,18,8,'2024-07-30 14:57:51','2024-07-30 15:00:01',1,'2024-07-30 14:57:33','2024-07-30 15:27:07',''),
(41,'ACDXDWYXL',1,1,1,1,2,43,1,3,3,2,'f30ac0f7798a26a63a6a34ed3ab4da1e','Pagos por cheque',1.000000,'ps_checkpayment',0,0,'',0,0.000000,0.000000,0.000000,1210.000000,1210.000000,1000.000000,1210.000000,1000.000000,1210.000000,0.000000,0.000000,0.000000,21.000,0.000000,0.000000,0.000000,2,2,19,10,'2024-07-30 15:07:30','2024-07-30 15:07:30',1,'2024-07-30 15:05:31','2024-07-30 15:27:03',''),
(42,'VPBUBZOCO',1,1,1,1,3,45,1,4,4,10,'d882fb1ea699451737e14dff21e04886','Pagos por transferencia bancaria',1.000000,'ps_wirepayment',0,0,'',0,0.000000,0.000000,0.000000,66.550000,66.550000,55.000000,0.000000,55.000000,66.550000,0.000000,0.000000,0.000000,21.000,0.000000,0.000000,0.000000,2,2,0,0,'0000-00-00 00:00:00','0000-00-00 00:00:00',0,'2024-07-31 11:08:50','2024-07-31 11:08:50',''),
(43,'HNXOQBZKL',1,1,1,1,3,46,1,4,4,10,'d882fb1ea699451737e14dff21e04886','Pagos por transferencia bancaria',1.000000,'ps_wirepayment',0,0,'',0,0.000000,0.000000,0.000000,66.550000,66.550000,55.000000,0.000000,55.000000,66.550000,0.000000,0.000000,0.000000,21.000,0.000000,0.000000,0.000000,2,2,0,0,'0000-00-00 00:00:00','0000-00-00 00:00:00',0,'2024-07-31 11:22:39','2024-07-31 11:22:39',''),
(44,'VFNEOWHYY',1,1,1,1,3,48,1,4,4,10,'d882fb1ea699451737e14dff21e04886','Pagos por transferencia bancaria',1.000000,'ps_wirepayment',0,0,'',0,0.000000,0.000000,0.000000,121.000000,121.000000,100.000000,0.000000,100.000000,121.000000,0.000000,0.000000,0.000000,21.000,0.000000,0.000000,0.000000,2,2,0,0,'0000-00-00 00:00:00','0000-00-00 00:00:00',0,'2024-09-17 16:53:26','2024-09-17 16:53:26',''),
(45,'NEXCYUSSJ',1,1,1,1,4,49,1,5,5,4,'a9bcc3e6753302a933b940139140824c','Pagos por transferencia bancaria',1.000000,'ps_wirepayment',0,0,'',0,0.000000,0.000000,0.000000,12.100000,12.100000,10.000000,12.100000,10.000000,12.100000,0.000000,0.000000,0.000000,21.000,0.000000,0.000000,0.000000,2,2,20,11,'2024-09-20 09:36:45','2024-09-20 10:39:24',1,'2024-09-20 09:28:52','2024-09-20 10:39:24',''),
(46,'ESEDZSIPB',1,1,1,1,4,50,1,5,5,10,'a9bcc3e6753302a933b940139140824c','Pagos por transferencia bancaria',1.000000,'ps_wirepayment',0,0,'',0,0.000000,0.000000,0.000000,12.100000,12.100000,10.000000,0.000000,10.000000,12.100000,0.000000,0.000000,0.000000,21.000,0.000000,0.000000,0.000000,2,2,0,0,'0000-00-00 00:00:00','0000-00-00 00:00:00',0,'2024-09-20 11:33:12','2024-09-20 11:33:12',''),
(47,'NXIXGBQUE',1,1,1,1,4,51,1,5,5,10,'a9bcc3e6753302a933b940139140824c','Pagos por transferencia bancaria',1.000000,'ps_wirepayment',0,0,'',0,0.000000,0.000000,0.000000,24.200000,24.200000,20.000000,0.000000,20.000000,24.200000,0.000000,0.000000,0.000000,21.000,0.000000,0.000000,0.000000,2,2,0,0,'0000-00-00 00:00:00','0000-00-00 00:00:00',0,'2024-09-20 11:36:00','2024-09-20 11:36:01',''),
(48,'JRHWJZZYY',1,1,1,1,3,52,1,4,4,10,'d882fb1ea699451737e14dff21e04886','Pagos por transferencia bancaria',1.000000,'ps_wirepayment',0,0,'',0,0.000000,0.000000,0.000000,36.300000,36.300000,30.000000,0.000000,30.000000,36.300000,0.000000,0.000000,0.000000,21.000,0.000000,0.000000,0.000000,2,2,0,0,'0000-00-00 00:00:00','0000-00-00 00:00:00',0,'2024-09-25 08:43:07','2024-09-25 08:43:07',''),
(49,'UZEVVZKXA',1,1,1,1,4,53,1,5,5,10,'a9bcc3e6753302a933b940139140824c','Pagos por transferencia bancaria',1.000000,'ps_wirepayment',0,0,'',0,0.000000,0.000000,0.000000,24.200000,24.200000,20.000000,0.000000,20.000000,24.200000,0.000000,0.000000,0.000000,21.000,0.000000,0.000000,0.000000,2,2,0,0,'0000-00-00 00:00:00','0000-00-00 00:00:00',0,'2024-09-25 10:11:50','2024-09-25 10:11:50',''),
(50,'ASLBUWHIZ',1,1,1,1,4,54,1,5,5,10,'a9bcc3e6753302a933b940139140824c','Pagos por transferencia bancaria',1.000000,'ps_wirepayment',0,0,'',0,0.000000,0.000000,0.000000,48.400000,48.400000,40.000000,0.000000,40.000000,48.400000,0.000000,0.000000,0.000000,21.000,0.000000,0.000000,0.000000,2,2,0,0,'0000-00-00 00:00:00','0000-00-00 00:00:00',0,'2024-09-25 10:17:08','2024-09-25 10:17:08',''),
(51,'JOIXRLVUI',1,1,1,1,4,55,1,5,5,10,'a9bcc3e6753302a933b940139140824c','Pagos por transferencia bancaria',1.000000,'ps_wirepayment',0,0,'',0,0.000000,0.000000,0.000000,12.100000,12.100000,10.000000,0.000000,10.000000,12.100000,0.000000,0.000000,0.000000,21.000,0.000000,0.000000,0.000000,2,2,0,0,'0000-00-00 00:00:00','0000-00-00 00:00:00',0,'2024-09-25 17:13:28','2024-09-25 17:13:28',''),
(52,'HQYGZBMRC',1,1,1,1,4,56,1,5,5,10,'a9bcc3e6753302a933b940139140824c','Pagos por transferencia bancaria',1.000000,'ps_wirepayment',0,0,'',0,0.000000,0.000000,0.000000,12.100000,12.100000,10.000000,0.000000,10.000000,12.100000,0.000000,0.000000,0.000000,21.000,0.000000,0.000000,0.000000,2,2,0,0,'0000-00-00 00:00:00','0000-00-00 00:00:00',0,'2024-09-25 17:49:13','2024-09-25 17:49:13',''),
(53,'NDOSIZUCM',1,1,1,1,4,57,1,5,5,10,'a9bcc3e6753302a933b940139140824c','Pagos por transferencia bancaria',1.000000,'ps_wirepayment',0,0,'',0,0.000000,0.000000,0.000000,12.100000,12.100000,10.000000,0.000000,10.000000,12.100000,0.000000,0.000000,0.000000,21.000,0.000000,0.000000,0.000000,2,2,0,0,'0000-00-00 00:00:00','0000-00-00 00:00:00',0,'2024-09-25 17:52:37','2024-09-25 17:52:37',''),
(54,'IOIITOTCX',1,1,1,1,3,58,1,4,4,10,'d882fb1ea699451737e14dff21e04886','Pagos por transferencia bancaria',1.000000,'ps_wirepayment',0,0,'',0,0.000000,0.000000,0.000000,60.500000,60.500000,50.000000,0.000000,50.000000,60.500000,0.000000,0.000000,0.000000,21.000,0.000000,0.000000,0.000000,2,2,0,0,'0000-00-00 00:00:00','0000-00-00 00:00:00',0,'2024-10-02 10:30:27','2024-10-02 10:30:27',''),
(55,'PCGRLGFCB',1,1,1,1,4,59,1,5,5,10,'a9bcc3e6753302a933b940139140824c','Pagos por transferencia bancaria',1.000000,'ps_wirepayment',0,0,'',0,0.000000,0.000000,0.000000,12.100000,12.100000,10.000000,0.000000,10.000000,12.100000,0.000000,0.000000,0.000000,21.000,0.000000,0.000000,0.000000,2,2,0,0,'0000-00-00 00:00:00','0000-00-00 00:00:00',0,'2024-10-16 10:44:06','2024-10-16 10:44:07',''),
(56,'RUHHQUQOT',1,1,1,1,4,60,1,5,5,10,'a9bcc3e6753302a933b940139140824c','Pagos por transferencia bancaria',1.000000,'ps_wirepayment',0,0,'',0,0.000000,0.000000,0.000000,12.100000,12.100000,10.000000,0.000000,10.000000,12.100000,0.000000,0.000000,0.000000,21.000,0.000000,0.000000,0.000000,2,2,0,0,'0000-00-00 00:00:00','0000-00-00 00:00:00',0,'2024-10-16 11:48:12','2024-10-16 11:48:13','');

--
