-- Table structure for table `imaxpack`
--

CREATE TABLE `imaxpack` (
  `id_product_pack` int(10) unsigned NOT NULL,
  `id_product_item` int(10) unsigned NOT NULL,
  `id_product_attribute_item` int(10) unsigned NOT NULL,
  `quantity` int(10) unsigned NOT NULL DEFAULT 1,
  PRIMARY KEY (`id_product_pack`,`id_product_item`,`id_product_attribute_item`),
  KEY `product_item` (`id_product_item`,`id_product_attribute_item`)
) ENGINE=InnoDB DEFAULT CHARSET=utf8mb4 COLLATE=utf8mb4_general_ci;

--
-- Dumping data for table `imaxpack`
--


--
-- Table structure for table `imaxpage`
--

CREATE TABLE `imaxpage` (
  `id_page` int(10) unsigned NOT NULL AUTO_INCREMENT,
  `id_page_type` int(10) unsigned NOT NULL,
  `id_object` int(10) unsigned DEFAULT NULL,
  PRIMARY KEY (`id_page`),
  KEY `id_page_type` (`id_page_type`),
  KEY `id_object` (`id_object`)
) ENGINE=InnoDB AUTO_INCREMENT=7 DEFAULT CHARSET=utf8mb4 COLLATE=utf8mb4_general_ci;

--
-- Dumping data for table `imaxpage`
--

INSERT INTO `imaxpage` VALUES
(1,1,NULL),
(2,2,NULL),
(3,3,1),
(4,3,2),
(5,4,NULL),
(6,3,3);

--
-- Table structure for table `imaxpage_type`
--

CREATE TABLE `imaxpage_type` (
  `id_page_type` int(10) unsigned NOT NULL AUTO_INCREMENT,
  `name` varchar(255) NOT NULL,
  PRIMARY KEY (`id_page_type`),
  KEY `name` (`name`)
) ENGINE=InnoDB AUTO_INCREMENT=5 DEFAULT CHARSET=utf8mb4 COLLATE=utf8mb4_general_ci;

--
-- Dumping data for table `imaxpage_type`
--

INSERT INTO `imaxpage_type` VALUES
(4,'cart'),
(1,'index'),
(2,'pagenotfound'),
(3,'product');

--
-- Table structure for table `imaxpage_viewed`
--

CREATE TABLE `imaxpage_viewed` (
  `id_page` int(10) unsigned NOT NULL,
  `id_shop_group` int(10) unsigned NOT NULL DEFAULT 1,
  `id_shop` int(10) unsigned NOT NULL DEFAULT 1,
  `id_date_range` int(10) unsigned NOT NULL,
  `counter` int(10) unsigned NOT NULL,
  PRIMARY KEY (`id_page`,`id_date_range`,`id_shop`)
) ENGINE=InnoDB DEFAULT CHARSET=utf8mb4 COLLATE=utf8mb4_general_ci;

--
-- Dumping data for table `imaxpage_viewed`
--


--
-- Table structure for table `imaxpagenotfound`
--

CREATE TABLE `imaxpagenotfound` (
  `id_pagenotfound` int(10) unsigned NOT NULL AUTO_INCREMENT,
  `id_shop` int(10) unsigned NOT NULL DEFAULT 1,
  `id_shop_group` int(10) unsigned NOT NULL DEFAULT 1,
  `request_uri` varchar(256) NOT NULL,
  `http_referer` varchar(256) NOT NULL,
  `date_add` datetime NOT NULL,
  PRIMARY KEY (`id_pagenotfound`),
  KEY `date_add` (`date_add`)
) ENGINE=InnoDB AUTO_INCREMENT=1090 DEFAULT CHARSET=utf8mb3 COLLATE=utf8mb3_general_ci;

--
-- Dumping data for table `imaxpagenotfound`
--

INSERT INTO `imaxpagenotfound` VALUES
(1,1,1,'/server','','2024-05-15 12:00:09'),
(2,1,1,'/.vscode/sftp.json','','2024-05-15 12:00:10'),
(3,1,1,'/about','','2024-05-15 12:00:10'),
(4,1,1,'/debug/default/view?panel=config','','2024-05-15 12:00:11'),
(5,1,1,'/ecp/Current/exporttool/microsoft.exchange.ediscovery.exporttool.application','','2024-05-15 12:00:12'),
(6,1,1,'/login.action','','2024-05-15 12:00:13'),
(7,1,1,'/_all_dbs','','2024-05-15 12:00:14'),
(8,1,1,'/.DS_Store','','2024-05-15 12:00:15'),
(9,1,1,'/.env','','2024-05-15 12:00:15'),
(10,1,1,'/.git/config','','2024-05-15 12:00:16'),
(11,1,1,'/config.json','','2024-05-15 12:00:17'),
(12,1,1,'/telescope/requests','','2024-05-15 12:00:18'),
(13,1,1,'/cgi-sys/defaultwebpage.cgi','','2024-05-15 12:00:30'),
(14,1,1,'/favicon.ico','https://multialmacen.nodo10.informaxdns.es/adminTienda/index.php?controller=GestAvdStockMvt&token=3b7999619498120ee6bc1bf5f1dd3b90','2024-05-15 12:01:25'),
(15,1,1,'/js/jquery/jquery-migrate.min.map','','2024-05-15 12:04:10'),
(16,1,1,'/favicon.ico','https://multialmacen.nodo10.informaxdns.es/adminTienda/index.php?controller=GestAvdStockMvt&token=3b7999619498120ee6bc1bf5f1dd3b90','2024-05-15 12:05:05'),
(17,1,1,'/favicon.ico','https://multialmacen.nodo10.informaxdns.es/adminTienda/index.php?controller=GestAvdStockMvt&token=3b7999619498120ee6bc1bf5f1dd3b90','2024-05-15 12:05:38'),
(18,1,1,'/favicon.ico','https://multialmacen.nodo10.informaxdns.es/adminTienda/index.php?controller=GestAvdStockMvt&token=3b7999619498120ee6bc1bf5f1dd3b90','2024-05-15 12:08:24'),
(19,1,1,'/js/jquery/jquery-migrate.min.map','','2024-05-15 12:09:44'),
(20,1,1,'/js/jquery/jquery-migrate.min.map','','2024-05-15 12:22:16'),
(21,1,1,'/js/jquery/jquery-migrate.min.map','','2024-05-15 12:23:50'),
(22,1,1,'/js/jquery/jquery-migrate.min.map','','2024-05-15 12:23:59'),
(23,1,1,'/js/jquery/jquery-migrate.min.map','','2024-05-15 12:24:32'),
(24,1,1,'/js/jquery/jquery-migrate.min.map','','2024-05-15 12:26:07'),
(25,1,1,'/favicon.ico','https://multialmacen.nodo10.informaxdns.es/adminTienda/index.php?controller=GestAvdStock&token=de203395115f82c7aa5ba9fa2012f042','2024-05-15 12:26:22'),
(26,1,1,'/js/jquery/jquery-migrate.min.map','','2024-05-15 12:31:07'),
(27,1,1,'/js/jquery/jquery-migrate.min.map','','2024-05-15 12:34:53'),
(28,1,1,'/js/jquery/jquery-migrate.min.map','','2024-05-15 12:35:26'),
(29,1,1,'/js/jquery/jquery-migrate.min.map','','2024-05-15 12:36:13'),
(30,1,1,'/js/jquery/jquery-migrate.min.map','','2024-05-15 12:36:36'),
(31,1,1,'/js/jquery/jquery-migrate.min.map','','2024-05-15 12:36:51'),
(32,1,1,'/js/jquery/jquery-migrate.min.map','','2024-05-15 12:37:31'),
(33,1,1,'/js/jquery/jquery-migrate.min.map','','2024-05-15 12:39:47'),
(34,1,1,'/js/jquery/jquery-migrate.min.map','','2024-05-15 12:39:51'),
(35,1,1,'/js/jquery/jquery-migrate.min.map','','2024-05-15 12:39:52'),
(36,1,1,'/js/jquery/jquery-migrate.min.map','','2024-05-15 12:42:37'),
(37,1,1,'/js/jquery/jquery-migrate.min.map','','2024-05-15 12:42:40'),
(38,1,1,'/js/jquery/jquery-migrate.min.map','','2024-05-15 12:42:46'),
(39,1,1,'/js/jquery/jquery-migrate.min.map','','2024-05-15 12:42:52'),
(40,1,1,'/js/jquery/jquery-migrate.min.map','','2024-05-15 12:44:13'),
(41,1,1,'/js/jquery/jquery-migrate.min.map','','2024-05-15 12:45:05'),
(42,1,1,'/js/jquery/jquery-migrate.min.map','','2024-05-15 12:46:07'),
(43,1,1,'/js/jquery/jquery-migrate.min.map','','2024-05-15 12:46:24'),
(44,1,1,'/favicon.ico','','2024-05-15 14:59:07'),
(45,1,1,'/js/jquery/jquery-migrate.min.map','','2024-05-15 16:11:38'),
(46,1,1,'/js/jquery/jquery-migrate.min.map','','2024-05-15 16:13:45'),
(47,1,1,'/favicon.ico','https://multialmacen.nodo10.informaxdns.es/adminTienda/index.php?controller=GestAvdStock&token=de203395115f82c7aa5ba9fa2012f042&searchMovimientos','2024-05-15 16:15:23'),
(48,1,1,'/js/jquery/jquery-migrate.min.map','','2024-05-15 16:26:56'),
(49,1,1,'/js/jquery/jquery-migrate.min.map','','2024-05-15 16:28:29'),
(50,1,1,'/js/jquery/jquery-migrate.min.map','','2024-05-15 16:30:21'),
(51,1,1,'/js/jquery/jquery-migrate.min.map','','2024-05-15 16:30:29'),
(52,1,1,'/js/jquery/jquery-migrate.min.map','','2024-05-15 16:31:04'),
(53,1,1,'/js/jquery/jquery-migrate.min.map','','2024-05-15 16:31:24'),
(54,1,1,'/js/jquery/jquery-migrate.min.map','','2024-05-15 16:32:50'),
(55,1,1,'/js/jquery/jquery-migrate.min.map','','2024-05-15 16:34:38'),
(56,1,1,'/config.php','','2024-05-15 21:29:04'),
(57,1,1,'/etc/ssl/private/server.key','','2024-05-15 21:29:04'),
(58,1,1,'/.ssh/id_ecdsa','','2024-05-15 21:29:04'),
(59,1,1,'/backup.sql','','2024-05-15 21:29:04'),
(60,1,1,'/.ssh/id_ed25519','','2024-05-15 21:29:04'),
(61,1,1,'/secrets.json','','2024-05-15 21:29:04'),
(62,1,1,'/config.xml','','2024-05-15 21:29:04'),
(63,1,1,'/.kube/config','','2024-05-15 21:29:04'),
(64,1,1,'/backup.tar.gz','','2024-05-15 21:29:04'),
(65,1,1,'/config.json','','2024-05-15 21:29:04'),
(66,1,1,'/web.config','','2024-05-15 21:29:05'),
(67,1,1,'/server.key','','2024-05-15 21:29:05'),
(68,1,1,'/.ssh/id_rsa','','2024-05-15 21:29:05'),
(69,1,1,'/wp-admin/setup-config.php','','2024-05-15 21:29:05'),
(70,1,1,'/config.yml','','2024-05-15 21:29:05'),
(71,1,1,'/config.yaml','','2024-05-15 21:29:05'),
(72,1,1,'/.git/HEAD','','2024-05-15 21:29:05'),
(73,1,1,'/phpinfo.php','','2024-05-15 21:29:05'),
(74,1,1,'/dump.sql','','2024-05-15 21:29:05'),
(75,1,1,'/database.sql','','2024-05-15 21:29:05'),
(76,1,1,'/backup.zip','','2024-05-15 21:29:05'),
(77,1,1,'/feed','','2024-05-15 21:29:05'),
(78,1,1,'/.env','','2024-05-15 21:29:05'),
(79,1,1,'/.svn/wc.db','','2024-05-15 21:29:05'),
(80,1,1,'/.aws/credentials','','2024-05-15 21:29:05'),
(81,1,1,'/wp-config.php','','2024-05-15 21:29:05'),
(82,1,1,'/docker-compose.yml','','2024-05-15 21:29:05'),
(83,1,1,'/.env.production','','2024-05-15 21:29:05'),
(84,1,1,'/etc/shadow','','2024-05-15 21:29:05'),
(85,1,1,'/Public/home/js/check.js','','2024-05-16 03:54:47'),
(86,1,1,'/static/admin/javascript/hetong.js','','2024-05-16 03:54:49'),
(87,1,1,'/favicon.ico','','2024-05-16 15:34:36'),
(88,1,1,'/favicon.ico','','2024-05-16 15:34:36'),
(89,1,1,'/favicon.ico','','2024-05-16 15:34:37'),
(90,1,1,'/favicon.ico','','2024-05-17 05:54:27'),
(91,1,1,'/favicon.ico','','2024-05-17 12:39:54'),
(92,1,1,'/favicon.ico','','2024-05-17 12:56:00'),
(93,1,1,'/.git/config','','2024-05-19 00:25:57'),
(94,1,1,'//multialmacen.nodo10.informaxdns.es/modules/blockwishlist/public/product.bundle.js','','2024-05-20 02:38:57'),
(95,1,1,'//multialmacen.nodo10.informaxdns.es/modules/blockwishlist/public/graphql.js','','2024-05-20 02:38:57'),
(96,1,1,'//multialmacen.nodo10.informaxdns.es/modules/ps_imageslider/js/homeslider.js','','2024-05-20 02:38:57'),
(97,1,1,'//multialmacen.nodo10.informaxdns.es/modules/productcomments/views/js/productListingComments.js','','2024-05-20 02:38:57'),
(98,1,1,'//multialmacen.nodo10.informaxdns.es/modules/productcomments/views/js/jquery.rating.plugin.js','','2024-05-20 02:38:57'),
(99,1,1,'//multialmacen.nodo10.informaxdns.es/themes/core.js','','2024-05-20 02:38:58'),
(100,1,1,'//multialmacen.nodo10.informaxdns.es/js/jquery/ui/jquery-ui.min.js','','2024-05-20 02:38:58'),
(101,1,1,'//multialmacen.nodo10.informaxdns.es/modules/ps_emailalerts/js/mailalerts.js','','2024-05-20 02:38:58'),
(102,1,1,'//multialmacen.nodo10.informaxdns.es/themes/classic/assets/js/theme.js','','2024-05-20 02:38:58'),
(103,1,1,'//multialmacen.nodo10.informaxdns.es/modules/ps_imageslider/js/responsiveslides.min.js','','2024-05-20 02:38:58'),
(104,1,1,'//multialmacen.nodo10.informaxdns.es/modules/ps_searchbar/ps_searchbar.js','','2024-05-20 02:38:59'),
(105,1,1,'//multialmacen.nodo10.informaxdns.es/modules/ps_emailsubscription/views/js/ps_emailsubscription.js','','2024-05-20 02:38:59'),
(106,1,1,'//multialmacen.nodo10.informaxdns.es/modules/blockwishlist/public/vendors.js','','2024-05-20 02:39:00'),
(107,1,1,'//multialmacen.nodo10.informaxdns.es/modules/blockwishlist/public/graphql.js','','2024-05-20 02:39:18'),
(108,1,1,'//multialmacen.nodo10.informaxdns.es/modules/ps_shoppingcart/ps_shoppingcart.js','','2024-05-20 02:39:18'),
(109,1,1,'//multialmacen.nodo10.informaxdns.es/themes/classic/assets/js/theme.js','','2024-05-20 02:39:18'),
(110,1,1,'//multialmacen.nodo10.informaxdns.es/modules/productcomments/views/js/jquery.rating.plugin.js','','2024-05-20 02:39:18'),
(111,1,1,'//multialmacen.nodo10.informaxdns.es/modules/ps_emailalerts/js/mailalerts.js','','2024-05-20 02:39:18'),
(112,1,1,'//multialmacen.nodo10.informaxdns.es/modules/productcomments/views/js/productListingComments.js','','2024-05-20 02:39:18'),
(113,1,1,'//multialmacen.nodo10.informaxdns.es/modules/blockwishlist/public/vendors.js','','2024-05-20 02:39:18'),
(114,1,1,'//multialmacen.nodo10.informaxdns.es/modules/ps_emailsubscription/views/js/ps_emailsubscription.js','','2024-05-20 02:39:19'),
(115,1,1,'//multialmacen.nodo10.informaxdns.es/modules/ps_imageslider/js/homeslider.js','','2024-05-20 02:39:19'),
(116,1,1,'//multialmacen.nodo10.informaxdns.es/modules/ps_searchbar/ps_searchbar.js','','2024-05-20 02:39:19'),
(117,1,1,'//multialmacen.nodo10.informaxdns.es/themes/core.js','','2024-05-20 02:39:19'),
(118,1,1,'//multialmacen.nodo10.informaxdns.es/modules/ps_imageslider/js/responsiveslides.min.js','','2024-05-20 02:39:19'),
(119,1,1,'//multialmacen.nodo10.informaxdns.es/modules/blockwishlist/public/product.bundle.js','','2024-05-20 02:39:19'),
(120,1,1,'//multialmacen.nodo10.informaxdns.es/modules/blockreassurance/views/dist/front.js','','2024-05-20 02:39:20'),
(121,1,1,'//multialmacen.nodo10.informaxdns.es/js/jquery/ui/jquery-ui.min.js','','2024-05-20 02:39:21'),
(122,1,1,'//multialmacen.nodo10.informaxdns.es/modules/productcomments/views/js/jquery.rating.plugin.js','','2024-05-20 02:39:37'),
(123,1,1,'//multialmacen.nodo10.informaxdns.es/modules/ps_imageslider/js/homeslider.js','','2024-05-20 02:39:37'),
(124,1,1,'//multialmacen.nodo10.informaxdns.es/modules/blockwishlist/public/vendors.js','','2024-05-20 02:39:37'),
(125,1,1,'//multialmacen.nodo10.informaxdns.es/modules/ps_emailalerts/js/mailalerts.js','','2024-05-20 02:39:37'),
(126,1,1,'//multialmacen.nodo10.informaxdns.es/js/jquery/ui/jquery-ui.min.js','','2024-05-20 02:39:37'),
(127,1,1,'//multialmacen.nodo10.informaxdns.es/modules/blockwishlist/public/product.bundle.js','','2024-05-20 02:39:37'),
(128,1,1,'//multialmacen.nodo10.informaxdns.es/modules/blockwishlist/public/graphql.js','','2024-05-20 02:39:38'),
(129,1,1,'//multialmacen.nodo10.informaxdns.es/modules/productcomments/views/js/productListingComments.js','','2024-05-20 02:39:38'),
(130,1,1,'//multialmacen.nodo10.informaxdns.es/modules/ps_emailsubscription/views/js/ps_emailsubscription.js','','2024-05-20 02:39:38'),
(131,1,1,'//multialmacen.nodo10.informaxdns.es/themes/classic/assets/js/theme.js','','2024-05-20 02:39:38'),
(132,1,1,'//multialmacen.nodo10.informaxdns.es/modules/ps_shoppingcart/ps_shoppingcart.js','','2024-05-20 02:39:38'),
(133,1,1,'//multialmacen.nodo10.informaxdns.es/themes/core.js','','2024-05-20 02:39:39'),
(134,1,1,'//multialmacen.nodo10.informaxdns.es/modules/ps_searchbar/ps_searchbar.js','','2024-05-20 02:39:39'),
(135,1,1,'//multialmacen.nodo10.informaxdns.es/modules/blockreassurance/views/dist/front.js','','2024-05-20 02:39:39'),
(136,1,1,'//multialmacen.nodo10.informaxdns.es/modules/ps_imageslider/js/responsiveslides.min.js','','2024-05-20 02:39:39'),
(137,1,1,'//multialmacen.nodo10.informaxdns.es/modules/blockwishlist/public/vendors.js','','2024-05-20 02:39:55'),
(138,1,1,'//multialmacen.nodo10.informaxdns.es/modules/ps_emailalerts/js/mailalerts.js','','2024-05-20 02:39:55'),
(139,1,1,'//multialmacen.nodo10.informaxdns.es/modules/productcomments/views/js/productListingComments.js','','2024-05-20 02:39:55'),
(140,1,1,'//multialmacen.nodo10.informaxdns.es/modules/productcomments/views/js/jquery.rating.plugin.js','','2024-05-20 02:39:56'),
(141,1,1,'//multialmacen.nodo10.informaxdns.es/themes/classic/assets/js/theme.js','','2024-05-20 02:39:56'),
(142,1,1,'//multialmacen.nodo10.informaxdns.es/modules/ps_shoppingcart/ps_shoppingcart.js','','2024-05-20 02:39:56'),
(143,1,1,'//multialmacen.nodo10.informaxdns.es/modules/ps_emailsubscription/views/js/ps_emailsubscription.js','','2024-05-20 02:39:56'),
(144,1,1,'//multialmacen.nodo10.informaxdns.es/modules/ps_imageslider/js/responsiveslides.min.js','','2024-05-20 02:39:56'),
(145,1,1,'//multialmacen.nodo10.informaxdns.es/modules/ps_imageslider/js/homeslider.js','','2024-05-20 02:39:56'),
(146,1,1,'//multialmacen.nodo10.informaxdns.es/modules/blockwishlist/public/graphql.js','','2024-05-20 02:39:56'),
(147,1,1,'//multialmacen.nodo10.informaxdns.es/themes/core.js','','2024-05-20 02:39:56'),
(148,1,1,'//multialmacen.nodo10.informaxdns.es/modules/blockwishlist/public/product.bundle.js','','2024-05-20 02:39:57'),
(149,1,1,'//multialmacen.nodo10.informaxdns.es/modules/ps_searchbar/ps_searchbar.js','','2024-05-20 02:39:57'),
(150,1,1,'//multialmacen.nodo10.informaxdns.es/modules/blockreassurance/views/dist/front.js','','2024-05-20 02:39:57'),
(151,1,1,'//multialmacen.nodo10.informaxdns.es/js/jquery/ui/jquery-ui.min.js','','2024-05-20 02:39:58'),
(152,1,1,'/.git/config','','2024-05-20 11:01:16'),
(153,1,1,'/adminTienda/server.phpbootgrid/js/index.php?controller=AdminDashboard&token=e53d52a9c8947a46b0aad8b7ce4928ab','https://multialmacen.nodo10.informaxdns.es/adminTienda/index.php?controller=AdminImaxImprimePedidosOrder&token=d6470b6bbbd8409dce496fae0e558ee3','2024-05-21 10:30:07'),
(154,1,1,'/adminTienda/server.phpbootgrid/css/index.php?controller=AdminDashboard&token=e53d52a9c8947a46b0aad8b7ce4928ab','https://multialmacen.nodo10.informaxdns.es/adminTienda/index.php?controller=AdminImaxImprimePedidosOrder&token=d6470b6bbbd8409dce496fae0e558ee3','2024-05-21 10:30:07'),
(155,1,1,'/adminTienda/server.phpbootgrid/css/index.php?controller=AdminDashboard&token=e53d52a9c8947a46b0aad8b7ce4928ab','https://multialmacen.nodo10.informaxdns.es/adminTienda/index.php?controller=AdminImaxImprimePedidosOrder&token=d6470b6bbbd8409dce496fae0e558ee3','2024-05-21 10:30:13'),
(156,1,1,'/adminTienda/server.phpbootgrid/js/index.php?controller=AdminDashboard&token=e53d52a9c8947a46b0aad8b7ce4928ab','https://multialmacen.nodo10.informaxdns.es/adminTienda/index.php?controller=AdminImaxImprimePedidosOrder&token=d6470b6bbbd8409dce496fae0e558ee3','2024-05-21 10:30:13'),
(157,1,1,'/adminTienda/server.phpbootgrid/css/index.php?controller=AdminDashboard&token=e53d52a9c8947a46b0aad8b7ce4928ab','https://multialmacen.nodo10.informaxdns.es/adminTienda/index.php?controller=AdminImaxImprimePedidosOrder&token=d6470b6bbbd8409dce496fae0e558ee3','2024-05-21 11:38:36'),
(158,1,1,'/adminTienda/server.phpbootgrid/js/index.php?controller=AdminDashboard&token=e53d52a9c8947a46b0aad8b7ce4928ab','https://multialmacen.nodo10.informaxdns.es/adminTienda/index.php?controller=AdminImaxImprimePedidosOrder&token=d6470b6bbbd8409dce496fae0e558ee3','2024-05-21 11:38:37'),
(159,1,1,'/improve/modules/manage?_token=YAqUEPpvF6JTCw4a_pePsSbrfWgMBSd3TH9w0TYqssw','https://multialmacen.nodo10.informaxdns.es/adminTienda/index.php?controller=AdminImaxImprimePedidosOrder&token=d6470b6bbbd8409dce496fae0e558ee3','2024-05-21 11:44:04'),
(160,1,1,'/js/jquery/jquery-migrate.min.map','','2024-05-21 11:54:41'),
(161,1,1,'//','','2024-05-21 12:13:00'),
(162,1,1,'/favicon.ico','https://multialmacen.nodo10.informaxdns.es/modules/support_phpmyadmin/pma/db_structure.php?db=multialmacen','2024-05-21 12:53:17'),
(163,1,1,'/favicon.ico','https://multialmacen.nodo10.informaxdns.es/modules/support_phpmyadmin/pma/db_structure.php?db=multialmacen','2024-05-21 12:53:20'),
(164,1,1,'/favicon.ico','','2024-05-21 13:01:03'),
(165,1,1,'/favicon.ico','https://multialmacen.nodo10.informaxdns.es/modules/support_phpmyadmin/pma/db_structure.php?db=multialmacen','2024-05-21 13:13:06'),
(166,1,1,'/.git/config','','2024-05-21 14:19:41'),
(167,1,1,'/.git/config','','2024-05-22 07:47:36'),
(168,1,1,'/favicon.ico','https://multialmacen.nodo10.informaxdns.es/adminTienda/index.php/sell/catalog/products-v2/1/index.php?controller=AdminProducts','2024-05-22 14:18:33'),
(169,1,1,'/favicon.ico','https://multialmacen.nodo10.informaxdns.es/modules/imaximprimepedidosservidor/pda/principal.php','2024-05-22 14:37:15'),
(170,1,1,'/.git/config','','2024-05-22 20:08:17'),
(171,1,1,'/favicon.ico','https://multialmacen.nodo10.informaxdns.es/modules/imaxmultialmacen/imaxmultialmacen_cron.php?accion=sincronizarStockVirtual&token=ef9c8bb0db229eb13c5cbe678485dc33','2024-05-23 13:00:23'),
(172,1,1,'/favicon.ico','https://multialmacen.nodo10.informaxdns.es/modules/imaximprimepedidosservidor/pda/principal.php','2024-05-23 13:01:09'),
(173,1,1,'/favicon.ico','https://multialmacen.nodo10.informaxdns.es/modules/imaxmultialmacen/imaxmultialmacen_cron.php?accion=sincronizarStockVirtual&token=ef9c8bb0db229eb13c5cbe678485dc33','2024-05-23 13:01:41'),
(174,1,1,'/favicon.ico','https://multialmacen.nodo10.informaxdns.es/modules/imaxmultialmacen/imaxmultialmacen_cron.php?accion=sincronizarStockVirtual&token=ef9c8bb0db229eb13c5cbe678485dc33','2024-05-23 13:01:49'),
(175,1,1,'/favicon.ico','https://multialmacen.nodo10.informaxdns.es/modules/imaxmultialmacen/imaxmultialmacen_cron.php?accion=sincronizarStockVirtual&token=ef9c8bb0db229eb13c5cbe678485dc33','2024-05-23 13:02:49'),
(176,1,1,'/favicon.ico','https://multialmacen.nodo10.informaxdns.es/modules/imaxmultialmacen/imaxmultialmacen_cron.php?accion=sincronizarStockVirtual&token=ef9c8bb0db229eb13c5cbe678485dc33','2024-05-23 13:02:51'),
(177,1,1,'/favicon.ico','https://multialmacen.nodo10.informaxdns.es/modules/imaxmultialmacen/imaxmultialmacen_cron.php?accion=sincronizarStockVirtual&token=ef9c8bb0db229eb13c5cbe678485dc33','2024-05-23 13:07:06'),
(178,1,1,'/favicon.ico','https://multialmacen.nodo10.informaxdns.es/modules/imaxmultialmacen/imaxmultialmacen_cron.php?accion=sincronizarStockVirtual&token=ef9c8bb0db229eb13c5cbe678485dc33','2024-05-23 13:07:08'),
(179,1,1,'/favicon.ico','https://multialmacen.nodo10.informaxdns.es/modules/imaxmultialmacen/imaxmultialmacen_cron.php?accion=sincronizarStockVirtual&token=ef9c8bb0db229eb13c5cbe678485dc33','2024-05-23 13:08:08'),
(180,1,1,'/favicon.ico','https://multialmacen.nodo10.informaxdns.es/modules/imaxmultialmacen/imaxmultialmacen_cron.php?accion=sincronizarStockVirtual&token=ef9c8bb0db229eb13c5cbe678485dc33','2024-05-23 13:08:09'),
(181,1,1,'/favicon.ico','https://multialmacen.nodo10.informaxdns.es/modules/imaxmultialmacen/imaxmultialmacen_cron.php?accion=sincronizarStockVirtual&token=ef9c8bb0db229eb13c5cbe678485dc33','2024-05-23 13:28:40'),
(182,1,1,'/favicon.ico','https://multialmacen.nodo10.informaxdns.es/modules/imaximprimepedidosservidor/pda/principal.php','2024-05-23 13:52:36'),
(183,1,1,'/favicon.ico','https://multialmacen.nodo10.informaxdns.es/modules/imaximprimepedidosservidor/pda/principal.php','2024-05-23 13:54:06'),
(184,1,1,'/favicon.ico','https://multialmacen.nodo10.informaxdns.es/modules/imaxmovimientospda/pda/principal.php','2024-05-23 14:02:56'),
(185,1,1,'/favicon.ico','https://multialmacen.nodo10.informaxdns.es/modules/imaxmovimientospda/pda/principal.php','2024-05-23 14:04:36'),
(186,1,1,'/favicon.ico','https://multialmacen.nodo10.informaxdns.es/modules/imaximprimepedidosservidor/menu/','2024-05-23 14:08:16'),
(187,1,1,'/favicon.ico','https://multialmacen.nodo10.informaxdns.es/modules/imaxmovimientospda/pda/principal.php','2024-05-23 14:11:55'),
(188,1,1,'/favicon.ico','https://multialmacen.nodo10.informaxdns.es/modules/imaximprimepedidosservidor/menu/','2024-05-23 14:14:30'),
(189,1,1,'/sell/catalog/products?_token=0BraAMKUC428I_y2D_Fz06s3Y8sfttOOichjrVyc2gs','https://multialmacen.nodo10.informaxdns.es/adminTienda/index.php?controller=AdminImaxImprimePedidosOrder&token=d6470b6bbbd8409dce496fae0e558ee3','2024-05-23 14:22:55'),
(190,1,1,'/favicon.ico','https://multialmacen.nodo10.informaxdns.es/modules/imaximprimepedidosservidor/menu/','2024-05-23 14:38:26'),
(191,1,1,'/favicon.ico','https://multialmacen.nodo10.informaxdns.es/modules/imaximprimepedidosservidor/pdaEntrada/principal.php','2024-05-24 11:09:02'),
(192,1,1,'/favicon.ico','https://multialmacen.nodo10.informaxdns.es/modules/imaximprimepedidosservidor/pda/principal.php','2024-05-24 11:09:42'),
(193,1,1,'/favicon.ico','https://multialmacen.nodo10.informaxdns.es/modules/imaximprimepedidosservidor/menu/','2024-05-24 11:09:56'),
(194,1,1,'/favicon.ico','https://multialmacen.nodo10.informaxdns.es/modules/imaximprimepedidosservidor/pdaEntrada/principal.php','2024-05-24 11:10:22'),
(195,1,1,'/favicon.ico','https://multialmacen.nodo10.informaxdns.es/modules/imaximprimepedidosservidor/pdaEntrada/principal.php','2024-05-24 11:14:46'),
(196,1,1,'/favicon.ico','https://multialmacen.nodo10.informaxdns.es/modules/imaximprimepedidosservidor/pdaEntrada/principal.php','2024-05-24 11:14:59'),
(197,1,1,'/modules/imaximprimepedidosservidor/comun/js/jquery-1.12.1.min.js','https://multialmacen.nodo10.informaxdns.es/modules/imaximprimepedidosservidor/menu/','2024-05-24 11:15:06'),
(198,1,1,'/modules/imaximprimepedidosservidor/menu/','https://multialmacen.nodo10.informaxdns.es/modules/imaximprimepedidosservidor/pda/principal.php','2024-05-24 11:15:08'),
(199,1,1,'/modules/imaximprimepedidosservidor/pda/ajax.php?callback=jQuery112102959860592792225_1716465246236&accion=bloquear&idPedido=1&uniq=664f2e04a26c50.74337669&_=1716465248219','https://multialmacen.nodo10.informaxdns.es/modules/imaximprimepedidosservidor/pda/principal.php','2024-05-24 11:17:03'),
(200,1,1,'/modules/imaximprimepedidosservidor/pdaEntrada/ajax.php?callback=jQuery1121038250919039624975_1716541742149&accion=obtenerListaPedidos&fechaDesde=&fechaHasta=&_=1716541742176','https://multialmacen.nodo10.informaxdns.es/modules/imaximprimepedidosservidor/pdaEntrada/principal.php','2024-05-24 11:17:04'),
(201,1,1,'/modules/imaximprimepedidosservidor/pda/ajax.php?callback=jQuery112102959860592792225_1716465246236&accion=obtenerListaPedidos&fechaDesde=&fechaHasta=&formaPagoVisible=&transportistaVisible=&modoSinTerminar=0&estadoVisible=&uniq=664f2e04a26c50.74337669&_=1','https://multialmacen.nodo10.informaxdns.es/modules/imaximprimepedidosservidor/pda/principal.php','2024-05-24 11:17:04'),
(202,1,1,'/modules/imaximprimepedidosservidor/pdaEntrada/ajax.php?callback=jQuery1121038250919039624975_1716541742149&accion=obtenerListaPedidos&fechaDesde=&fechaHasta=&_=1716541742177','https://multialmacen.nodo10.informaxdns.es/modules/imaximprimepedidosservidor/pdaEntrada/principal.php','2024-05-24 11:17:34'),
(203,1,1,'/modules/imaximprimepedidosservidor/pda/ajax.php?callback=jQuery112102959860592792225_1716465246236&accion=obtenerListaPedidos&fechaDesde=&fechaHasta=&formaPagoVisible=&transportistaVisible=&modoSinTerminar=0&estadoVisible=&uniq=664f2e04a26c50.74337669&_=1','https://multialmacen.nodo10.informaxdns.es/modules/imaximprimepedidosservidor/pda/principal.php','2024-05-24 11:17:35'),
(204,1,1,'/modules/imaximprimepedidosservidor/pdaEntrada/ajax.php?callback=jQuery1121038250919039624975_1716541742149&accion=bloquear&idPedido=2&_=1716541742178','https://multialmacen.nodo10.informaxdns.es/modules/imaximprimepedidosservidor/pdaEntrada/principal.php','2024-05-24 11:18:04'),
(205,1,1,'/modules/imaximprimepedidosservidor/pda/ajax.php?callback=jQuery112102959860592792225_1716465246236&accion=bloquear&idPedido=1&uniq=664f2e04a26c50.74337669&_=1716465248222','https://multialmacen.nodo10.informaxdns.es/modules/imaximprimepedidosservidor/pda/principal.php','2024-05-24 11:18:04'),
(206,1,1,'/modules/imaximprimepedidosservidor/pdaEntrada/ajax.php?callback=jQuery1121038250919039624975_1716541742149&accion=obtenerListaPedidos&fechaDesde=&fechaHasta=&_=1716541742179','https://multialmacen.nodo10.informaxdns.es/modules/imaximprimepedidosservidor/pdaEntrada/principal.php','2024-05-24 11:18:05'),
(207,1,1,'/modules/imaximprimepedidosservidor/pda/ajax.php?callback=jQuery112102959860592792225_1716465246236&accion=obtenerListaPedidos&fechaDesde=&fechaHasta=&formaPagoVisible=&transportistaVisible=&modoSinTerminar=0&estadoVisible=&uniq=664f2e04a26c50.74337669&_=1','https://multialmacen.nodo10.informaxdns.es/modules/imaximprimepedidosservidor/pda/principal.php','2024-05-24 11:18:05'),
(208,1,1,'/modules/imaximprimepedidosservidor/pdaEntrada/ajax.php?callback=jQuery1121038250919039624975_1716541742149&accion=obtenerListaPedidos&fechaDesde=&fechaHasta=&_=1716541742180','https://multialmacen.nodo10.informaxdns.es/modules/imaximprimepedidosservidor/pdaEntrada/principal.php','2024-05-24 11:18:35'),
(209,1,1,'/modules/imaximprimepedidosservidor/pda/ajax.php?callback=jQuery112102959860592792225_1716465246236&accion=obtenerListaPedidos&fechaDesde=&fechaHasta=&formaPagoVisible=&transportistaVisible=&modoSinTerminar=0&estadoVisible=&uniq=664f2e04a26c50.74337669&_=1','https://multialmacen.nodo10.informaxdns.es/modules/imaximprimepedidosservidor/pda/principal.php','2024-05-24 11:18:35'),
(210,1,1,'/modules/imaximprimepedidosservidor/pdaEntrada/ajax.php?callback=jQuery1121038250919039624975_1716541742149&accion=bloquear&idPedido=2&_=1716541742181','https://multialmacen.nodo10.informaxdns.es/modules/imaximprimepedidosservidor/pdaEntrada/principal.php','2024-05-24 11:19:04'),
(211,1,1,'/modules/imaximprimepedidosservidor/pdaEntrada/ajax.php?callback=jQuery1121038250919039624975_1716541742149&accion=obtenerListaPedidos&fechaDesde=&fechaHasta=&_=1716541742182','https://multialmacen.nodo10.informaxdns.es/modules/imaximprimepedidosservidor/pdaEntrada/principal.php','2024-05-24 11:19:05'),
(212,1,1,'/modules/imaximprimepedidosservidor/pda/ajax.php?callback=jQuery112102959860592792225_1716465246236&accion=bloquear&idPedido=1&uniq=664f2e04a26c50.74337669&_=1716465248225','https://multialmacen.nodo10.informaxdns.es/modules/imaximprimepedidosservidor/pda/principal.php','2024-05-24 11:19:05'),
(213,1,1,'/modules/imaximprimepedidosservidor/pda/ajax.php?callback=jQuery112102959860592792225_1716465246236&accion=obtenerListaPedidos&fechaDesde=&fechaHasta=&formaPagoVisible=&transportistaVisible=&modoSinTerminar=0&estadoVisible=&uniq=664f2e04a26c50.74337669&_=1','https://multialmacen.nodo10.informaxdns.es/modules/imaximprimepedidosservidor/pda/principal.php','2024-05-24 11:19:06'),
(214,1,1,'/modules/imaximprimepedidosservidor/menu/','https://multialmacen.nodo10.informaxdns.es/modules/imaximprimepedidosservidor/pda/principal.php','2024-05-24 11:19:07'),
(215,1,1,'/favicon.ico','https://multialmacen.nodo10.informaxdns.es/modules/imaximprimepedidosservidor/pdaEntrada/index.php','2024-05-24 11:38:14'),
(216,1,1,'/favicon.ico','https://multialmacen.nodo10.informaxdns.es/modules/imaximprimepedidosservidor/pdaEntrada/principal.php','2024-05-24 11:38:18'),
(217,1,1,'/favicon.ico','https://multialmacen.nodo10.informaxdns.es/modules/imaximprimepedidosservidor/menu/','2024-05-24 11:48:37'),
(218,1,1,'/favicon.ico','https://multialmacen.nodo10.informaxdns.es/modules/imaximprimepedidosservidor/pdaEntrada/principal.php','2024-05-24 11:50:28'),
(219,1,1,'/favicon.ico','https://multialmacen.nodo10.informaxdns.es/modules/imaxmovimientospda/pda/principal.php','2024-05-24 12:47:05'),
(220,1,1,'/-cart_default/producto-aaa.jpg','https://multialmacen.nodo10.informaxdns.es/modules/imaxmovimientospda/pda/principal.php','2024-05-24 12:47:26'),
(221,1,1,'/favicon.ico','https://multialmacen.nodo10.informaxdns.es/modules/imaxmovimientospda/pda/principal.php','2024-05-24 12:50:56'),
(222,1,1,'/-cart_default/producto-aaa.jpg','https://multialmacen.nodo10.informaxdns.es/modules/imaxmovimientospda/pda/principal.php','2024-05-24 12:51:00'),
(223,1,1,'/favicon.ico','https://multialmacen.nodo10.informaxdns.es/modules/imaximprimepedidosservidor/menu/','2024-05-24 12:55:00'),
(224,1,1,'/favicon.ico','https://multialmacen.nodo10.informaxdns.es/modules/imaximprimepedidosservidor/menu/','2024-05-24 12:55:36'),
(225,1,1,'/favicon.ico','https://multialmacen.nodo10.informaxdns.es/modules/imaximprimepedidosservidor/pdaEntrada/principal.php','2024-05-27 07:54:51'),
(226,1,1,'/.git/config','','2024-05-28 02:09:39'),
(227,1,1,'/favicon.ico','https://multialmacen.nodo10.informaxdns.es/modules/imaximprimepedidosservidor/pdaEntrada/principal.php','2024-05-28 08:00:14'),
(228,1,1,'/favicon.ico','','2024-05-30 12:18:34'),
(229,1,1,'//','','2024-05-30 12:41:09'),
(230,1,1,'/favicon.ico','https://multialmacen.nodo10.informaxdns.es/modules/imaxmovimientospda/pda/principal.php','2024-05-31 10:20:12'),
(231,1,1,'/favicon.ico','https://multialmacen.nodo10.informaxdns.es/modules/imaxmovimientospda/pda/principal.php','2024-05-31 11:01:13'),
(232,1,1,'/-cart_default/producto-aaa.jpg','https://multialmacen.nodo10.informaxdns.es/modules/imaxmovimientospda/pda/principal.php','2024-05-31 11:01:20'),
(233,1,1,'/favicon.ico','https://multialmacen.nodo10.informaxdns.es/modules/imaximprimepedidosservidor/pda/principal.php','2024-05-31 11:02:20'),
(234,1,1,'/favicon.ico','https://multialmacen.nodo10.informaxdns.es/modules/imaxmovimientospda/pda/principal.php','2024-05-31 11:09:35'),
(235,1,1,'/favicon.ico','https://multialmacen.nodo10.informaxdns.es/modules/imaximprimepedidosservidor/pda/principal.php','2024-05-31 12:10:17'),
(236,1,1,'/favicon.ico','https://multialmacen.nodo10.informaxdns.es/modules/imaximprimepedidosservidor/menu/','2024-05-31 12:12:15'),
(237,1,1,'/favicon.ico','https://multialmacen.nodo10.informaxdns.es/modules/imaximprimepedidosservidor/pda/principal.php','2024-05-31 12:12:43'),
(238,1,1,'/favicon.ico','https://multialmacen.nodo10.informaxdns.es/modules/imaximprimepedidosservidor/pda/principal.php','2024-05-31 12:13:32'),
(239,1,1,'/favicon.ico','https://multialmacen.nodo10.informaxdns.es/modules/imaximprimepedidosservidor/menu/','2024-05-31 12:37:07'),
(240,1,1,'/favicon.ico','','2024-05-31 12:38:29'),
(241,1,1,'/favicon.ico','https://multialmacen.nodo10.informaxdns.es/modules/imaximprimepedidosservidor/pda/principal.php','2024-05-31 12:41:40'),
(242,1,1,'//','','2024-05-31 14:12:17'),
(243,1,1,'/favicon.ico','https://multialmacen.nodo10.informaxdns.es/modules/imaximprimepedidosservidor/pda/principal.php','2024-06-05 10:59:39'),
(244,1,1,'/favicon.ico','https://multialmacen.nodo10.informaxdns.es/modules/imaximprimepedidosservidor/pda/index.php','2024-06-05 10:59:45'),
(245,1,1,'/favicon.ico','https://multialmacen.nodo10.informaxdns.es/modules/imaximprimepedidosservidor/pda/principal.php','2024-06-05 11:00:26'),
(246,1,1,'/favicon.ico','https://multialmacen.nodo10.informaxdns.es/modules/imaximprimepedidosservidor/pda/principal.php','2024-06-05 11:03:16'),
(247,1,1,'/modules/menu','','2024-06-05 11:03:16'),
(248,1,1,'/favicon.ico','https://multialmacen.nodo10.informaxdns.es/modules/imaximprimepedidosservidor/pda/principal.php','2024-06-05 11:07:29'),
(249,1,1,'/favicon.ico','https://multialmacen.nodo10.informaxdns.es/modules/imaximprimepedidosservidor/pda/principal.php','2024-06-05 11:07:32'),
(250,1,1,'/favicon.ico','https://multialmacen.nodo10.informaxdns.es/modules/imaximprimepedidosservidor/pda/principal.php','2024-06-05 11:07:40'),
(251,1,1,'/favicon.ico','https://multialmacen.nodo10.informaxdns.es/modules/imaximprimepedidosservidor/menu/','2024-06-05 11:07:44'),
(252,1,1,'/favicon.ico','https://multialmacen.nodo10.informaxdns.es/modules/imaximprimepedidosservidor/menu/','2024-06-05 11:13:42'),
(253,1,1,'/favicon.ico','https://multialmacen.nodo10.informaxdns.es/modules/imaximprimepedidosservidor/pda/principal.php','2024-06-05 13:31:18'),
(254,1,1,'/favicon.ico','https://multialmacen.nodo10.informaxdns.es/modules/imaximprimepedidosservidor/menu/','2024-06-05 14:03:54'),
(255,1,1,'/favicon.ico','https://multialmacen.nodo10.informaxdns.es/modules/imaximprimepedidosservidor/pdaEntrada/principal.php','2024-06-05 14:03:56'),
(256,1,1,'/favicon.ico','https://multialmacen.nodo10.informaxdns.es/modules/imaximprimepedidosservidor/menu/','2024-06-05 14:06:40'),
(257,1,1,'/favicon.ico','https://multialmacen.nodo10.informaxdns.es/modules/imaximprimepedidosservidor/pda/principal.php','2024-06-07 12:20:29'),
(258,1,1,'/favicon.ico','https://multialmacen.nodo10.informaxdns.es/modules/imaximprimepedidosservidor/menu/','2024-06-07 12:29:14'),
(259,1,1,'/favicon.ico','https://multialmacen.nodo10.informaxdns.es/modules/imaximprimepedidosservidor/pdaEntrada/principal.php','2024-06-07 12:29:21'),
(260,1,1,'/favicon.ico','https://multialmacen.nodo10.informaxdns.es/modules/imaximprimepedidosservidor/pdaEntrada/principal.php','2024-06-07 12:42:21'),
(261,1,1,'/favicon.ico','https://multialmacen.nodo10.informaxdns.es/adminTienda/index.php?controller=AdminModules&configure=rawsqltool&token=142932c1c84e262e6721b327b9e002f2','2024-06-11 14:23:57'),
(262,1,1,'/favicon.ico','https://multialmacen.nodo10.informaxdns.es/adminTienda/index.php?controller=AdminModules&configure=rawsqltool&token=142932c1c84e262e6721b327b9e002f2','2024-06-11 14:24:00'),
(263,1,1,'/favicon.ico','https://multialmacen.nodo10.informaxdns.es/adminTienda/index.php?controller=AdminModules&configure=rawsqltool&token=142932c1c84e262e6721b327b9e002f2','2024-06-11 14:24:41'),
(264,1,1,'/favicon.ico','https://multialmacen.nodo10.informaxdns.es/modules/imaximprimepedidosservidor/pdaEntrada/principal.php','2024-06-11 14:28:30'),
(265,1,1,'/favicon.ico','https://multialmacen.nodo10.informaxdns.es/modules/imaximprimepedidosservidor/pda/principal.php','2024-06-12 13:52:22'),
(266,1,1,'/favicon.ico','https://multialmacen.nodo10.informaxdns.es/modules/imaxscanean/pda/principal.php','2024-06-12 13:54:10'),
(267,1,1,'/favicon.ico','https://multialmacen.nodo10.informaxdns.es/modules/imaxinventariodiferido/pda/principal.php','2024-06-12 13:55:50'),
(268,1,1,'/favicon.ico','https://multialmacen.nodo10.informaxdns.es/modules/imaximprimepedidosservidor/pda/principal.php','2024-06-12 13:57:30'),
(269,1,1,'/favicon.ico','https://multialmacen.nodo10.informaxdns.es/modules/imaximprimepedidosservidor/menu/','2024-06-12 14:00:11'),
(270,1,1,'/favicon.ico','https://multialmacen.nodo10.informaxdns.es/modules/imaximprimepedidosservidor/pdaEntrada/principal.php','2024-06-12 14:00:30'),
(271,1,1,'/favicon.ico','https://multialmacen.nodo10.informaxdns.es/modules/imaximprimepedidosservidor/pda/principal.php','2024-06-12 14:07:23'),
(272,1,1,'/favicon.ico','https://multialmacen.nodo10.informaxdns.es/modules/imaximprimepedidosservidor/pdaEntrada/principal.php','2024-06-12 14:10:15'),
(273,1,1,'//multialmacen.nodo10.informaxdns.es/js/jquery/ui/jquery-ui.min.js','','2024-06-17 07:48:44'),
(274,1,1,'//multialmacen.nodo10.informaxdns.es/modules/blockwishlist/public/product.bundle.js','','2024-06-17 07:48:44'),
(275,1,1,'//multialmacen.nodo10.informaxdns.es/modules/blockwishlist/public/vendors.js','','2024-06-17 07:48:44'),
(276,1,1,'//multialmacen.nodo10.informaxdns.es/modules/blockwishlist/public/graphql.js','','2024-06-17 07:48:44'),
(277,1,1,'//multialmacen.nodo10.informaxdns.es/modules/ps_imageslider/js/responsiveslides.min.js','','2024-06-17 07:48:44'),
(278,1,1,'//multialmacen.nodo10.informaxdns.es/modules/ps_searchbar/ps_searchbar.js','','2024-06-17 07:48:45'),
(279,1,1,'//multialmacen.nodo10.informaxdns.es/modules/ps_imageslider/js/homeslider.js','','2024-06-17 07:48:45'),
(280,1,1,'//multialmacen.nodo10.informaxdns.es/modules/ps_emailsubscription/views/js/ps_emailsubscription.js','','2024-06-17 07:48:45'),
(281,1,1,'//multialmacen.nodo10.informaxdns.es/themes/classic/assets/js/theme.js','','2024-06-17 07:48:45'),
(282,1,1,'//multialmacen.nodo10.informaxdns.es/modules/ps_emailalerts/js/mailalerts.js','','2024-06-17 07:48:45'),
(283,1,1,'//multialmacen.nodo10.informaxdns.es/modules/ps_shoppingcart/ps_shoppingcart.js','','2024-06-17 07:48:45'),
(284,1,1,'//multialmacen.nodo10.informaxdns.es/modules/productcomments/views/js/productListingComments.js','','2024-06-17 07:48:46'),
(285,1,1,'//multialmacen.nodo10.informaxdns.es/themes/core.js','','2024-06-17 07:48:46'),
(286,1,1,'//multialmacen.nodo10.informaxdns.es/modules/productcomments/views/js/jquery.rating.plugin.js','','2024-06-17 07:48:46'),
(287,1,1,'//multialmacen.nodo10.informaxdns.es/modules/ps_imageslider/js/responsiveslides.min.js','','2024-06-17 07:50:43'),
(288,1,1,'//multialmacen.nodo10.informaxdns.es/modules/blockwishlist/public/graphql.js','','2024-06-17 07:50:43'),
(289,1,1,'//multialmacen.nodo10.informaxdns.es/modules/blockreassurance/views/dist/front.js','','2024-06-17 07:50:43'),
(290,1,1,'//multialmacen.nodo10.informaxdns.es/modules/productcomments/views/js/productListingComments.js','','2024-06-17 07:50:43'),
(291,1,1,'//multialmacen.nodo10.informaxdns.es/modules/blockwishlist/public/vendors.js','','2024-06-17 07:50:44'),
(292,1,1,'//multialmacen.nodo10.informaxdns.es/modules/ps_emailalerts/js/mailalerts.js','','2024-06-17 07:50:44'),
(293,1,1,'//multialmacen.nodo10.informaxdns.es/modules/ps_imageslider/js/homeslider.js','','2024-06-17 07:50:44'),
(294,1,1,'//multialmacen.nodo10.informaxdns.es/modules/ps_emailsubscription/views/js/ps_emailsubscription.js','','2024-06-17 07:50:44'),
(295,1,1,'//multialmacen.nodo10.informaxdns.es/modules/ps_searchbar/ps_searchbar.js','','2024-06-17 07:50:44'),
(296,1,1,'//multialmacen.nodo10.informaxdns.es/themes/classic/assets/js/theme.js','','2024-06-17 07:50:44'),
(297,1,1,'//multialmacen.nodo10.informaxdns.es/modules/productcomments/views/js/jquery.rating.plugin.js','','2024-06-17 07:50:44'),
(298,1,1,'//multialmacen.nodo10.informaxdns.es/themes/core.js','','2024-06-17 07:50:44'),
(299,1,1,'//multialmacen.nodo10.informaxdns.es/modules/blockwishlist/public/product.bundle.js','','2024-06-17 07:50:45'),
(300,1,1,'//multialmacen.nodo10.informaxdns.es/modules/ps_shoppingcart/ps_shoppingcart.js','','2024-06-17 07:50:45'),
(301,1,1,'//multialmacen.nodo10.informaxdns.es/modules/blockwishlist/public/vendors.js','','2024-06-17 07:51:42'),
(302,1,1,'//multialmacen.nodo10.informaxdns.es/modules/ps_emailsubscription/views/js/ps_emailsubscription.js','','2024-06-17 07:51:43'),
(303,1,1,'//multialmacen.nodo10.informaxdns.es/js/jquery/ui/jquery-ui.min.js','','2024-06-17 07:51:43'),
(304,1,1,'//multialmacen.nodo10.informaxdns.es/modules/blockreassurance/views/dist/front.js','','2024-06-17 07:51:43'),
(305,1,1,'//multialmacen.nodo10.informaxdns.es/modules/ps_searchbar/ps_searchbar.js','','2024-06-17 07:51:44'),
(306,1,1,'//multialmacen.nodo10.informaxdns.es/modules/ps_imageslider/js/responsiveslides.min.js','','2024-06-17 07:51:44'),
(307,1,1,'//multialmacen.nodo10.informaxdns.es/modules/blockwishlist/public/graphql.js','','2024-06-17 07:51:44'),
(308,1,1,'//multialmacen.nodo10.informaxdns.es/modules/productcomments/views/js/productListingComments.js','','2024-06-17 07:51:44'),
(309,1,1,'//multialmacen.nodo10.informaxdns.es/modules/ps_shoppingcart/ps_shoppingcart.js','','2024-06-17 07:51:44'),
(310,1,1,'//multialmacen.nodo10.informaxdns.es/modules/ps_imageslider/js/homeslider.js','','2024-06-17 07:51:44'),
(311,1,1,'//multialmacen.nodo10.informaxdns.es/themes/core.js','','2024-06-17 07:51:44'),
(312,1,1,'//multialmacen.nodo10.informaxdns.es/themes/classic/assets/js/theme.js','','2024-06-17 07:51:44'),
(313,1,1,'//multialmacen.nodo10.informaxdns.es/modules/ps_emailalerts/js/mailalerts.js','','2024-06-17 07:51:44'),
(314,1,1,'//multialmacen.nodo10.informaxdns.es/modules/blockwishlist/public/product.bundle.js','','2024-06-17 07:51:46'),
(315,1,1,'//multialmacen.nodo10.informaxdns.es/modules/productcomments/views/js/jquery.rating.plugin.js','','2024-06-17 07:51:46'),
(316,1,1,'/.git/config','','2024-06-18 01:11:20'),
(317,1,1,'/favicon.ico','','2024-06-18 17:21:59'),
(318,1,1,'//multialmacen.nodo10.informaxdns.es/modules/ps_emailalerts/js/mailalerts.js','','2024-06-19 03:46:50'),
(319,1,1,'//multialmacen.nodo10.informaxdns.es/modules/ps_emailsubscription/views/js/ps_emailsubscription.js','','2024-06-19 03:46:50'),
(320,1,1,'//multialmacen.nodo10.informaxdns.es/modules/ps_imageslider/js/homeslider.js','','2024-06-19 03:46:50'),
(321,1,1,'//multialmacen.nodo10.informaxdns.es/modules/ps_searchbar/ps_searchbar.js','','2024-06-19 03:46:50'),
(322,1,1,'//multialmacen.nodo10.informaxdns.es/modules/ps_shoppingcart/ps_shoppingcart.js','','2024-06-19 03:46:50'),
(323,1,1,'//multialmacen.nodo10.informaxdns.es/modules/ps_imageslider/js/responsiveslides.min.js','','2024-06-19 03:46:50'),
(324,1,1,'//multialmacen.nodo10.informaxdns.es/themes/classic/assets/js/theme.js','','2024-06-19 03:46:50'),
(325,1,1,'//multialmacen.nodo10.informaxdns.es/themes/core.js','','2024-06-19 03:46:50'),
(326,1,1,'//multialmacen.nodo10.informaxdns.es/modules/blockreassurance/views/dist/front.js','','2024-06-19 03:46:50'),
(327,1,1,'//multialmacen.nodo10.informaxdns.es/modules/blockwishlist/public/vendors.js','','2024-06-19 03:46:50'),
(328,1,1,'//multialmacen.nodo10.informaxdns.es/modules/blockwishlist/public/graphql.js','','2024-06-19 03:46:50'),
(329,1,1,'//multialmacen.nodo10.informaxdns.es/js/jquery/ui/jquery-ui.min.js','','2024-06-19 03:46:51'),
(330,1,1,'//multialmacen.nodo10.informaxdns.es/modules/productcomments/views/js/productListingComments.js','','2024-06-19 03:46:52'),
(331,1,1,'//multialmacen.nodo10.informaxdns.es/modules/productcomments/views/js/jquery.rating.plugin.js','','2024-06-19 03:46:52'),
(332,1,1,'//multialmacen.nodo10.informaxdns.es/modules/blockwishlist/public/product.bundle.js','','2024-06-19 03:46:54'),
(333,1,1,'//multialmacen.nodo10.informaxdns.es/modules/productcomments/views/js/productListingComments.js','','2024-06-19 03:47:39'),
(334,1,1,'//multialmacen.nodo10.informaxdns.es/modules/productcomments/views/js/jquery.rating.plugin.js','','2024-06-19 03:47:39'),
(335,1,1,'//multialmacen.nodo10.informaxdns.es/modules/ps_emailalerts/js/mailalerts.js','','2024-06-19 03:47:39'),
(336,1,1,'//multialmacen.nodo10.informaxdns.es/modules/ps_emailsubscription/views/js/ps_emailsubscription.js','','2024-06-19 03:47:39'),
(337,1,1,'//multialmacen.nodo10.informaxdns.es/modules/ps_searchbar/ps_searchbar.js','','2024-06-19 03:47:39'),
(338,1,1,'//multialmacen.nodo10.informaxdns.es/modules/ps_imageslider/js/homeslider.js','','2024-06-19 03:47:39'),
(339,1,1,'//multialmacen.nodo10.informaxdns.es/modules/ps_imageslider/js/responsiveslides.min.js','','2024-06-19 03:47:39'),
(340,1,1,'//multialmacen.nodo10.informaxdns.es/modules/ps_shoppingcart/ps_shoppingcart.js','','2024-06-19 03:47:40'),
(341,1,1,'//multialmacen.nodo10.informaxdns.es/themes/classic/assets/js/theme.js','','2024-06-19 03:47:40'),
(342,1,1,'//multialmacen.nodo10.informaxdns.es/themes/core.js','','2024-06-19 03:47:40'),
(343,1,1,'//multialmacen.nodo10.informaxdns.es/modules/blockreassurance/views/dist/front.js','','2024-06-19 03:47:41'),
(344,1,1,'//multialmacen.nodo10.informaxdns.es/modules/blockwishlist/public/graphql.js','','2024-06-19 03:47:41'),
(345,1,1,'//multialmacen.nodo10.informaxdns.es/js/jquery/ui/jquery-ui.min.js','','2024-06-19 03:47:41'),
(346,1,1,'//multialmacen.nodo10.informaxdns.es/modules/blockwishlist/public/vendors.js','','2024-06-19 03:47:43'),
(347,1,1,'//multialmacen.nodo10.informaxdns.es/modules/blockwishlist/public/product.bundle.js','','2024-06-19 03:47:43'),
(348,1,1,'//multialmacen.nodo10.informaxdns.es/modules/blockwishlist/public/graphql.js','','2024-06-19 03:48:24'),
(349,1,1,'//multialmacen.nodo10.informaxdns.es/modules/blockwishlist/public/vendors.js','','2024-06-19 03:48:24'),
(350,1,1,'//multialmacen.nodo10.informaxdns.es/modules/blockwishlist/public/product.bundle.js','','2024-06-19 03:48:24'),
(351,1,1,'//multialmacen.nodo10.informaxdns.es/modules/productcomments/views/js/jquery.rating.plugin.js','','2024-06-19 03:48:25'),
(352,1,1,'//multialmacen.nodo10.informaxdns.es/modules/ps_emailalerts/js/mailalerts.js','','2024-06-19 03:48:25'),
(353,1,1,'//multialmacen.nodo10.informaxdns.es/modules/productcomments/views/js/productListingComments.js','','2024-06-19 03:48:25'),
(354,1,1,'//multialmacen.nodo10.informaxdns.es/modules/ps_emailsubscription/views/js/ps_emailsubscription.js','','2024-06-19 03:48:25'),
(355,1,1,'//multialmacen.nodo10.informaxdns.es/modules/ps_imageslider/js/responsiveslides.min.js','','2024-06-19 03:48:25'),
(356,1,1,'//multialmacen.nodo10.informaxdns.es/modules/ps_imageslider/js/homeslider.js','','2024-06-19 03:48:25'),
(357,1,1,'//multialmacen.nodo10.informaxdns.es/modules/ps_shoppingcart/ps_shoppingcart.js','','2024-06-19 03:48:25'),
(358,1,1,'//multialmacen.nodo10.informaxdns.es/themes/core.js','','2024-06-19 03:48:25'),
(359,1,1,'//multialmacen.nodo10.informaxdns.es/modules/ps_searchbar/ps_searchbar.js','','2024-06-19 03:48:25'),
(360,1,1,'//multialmacen.nodo10.informaxdns.es/themes/classic/assets/js/theme.js','','2024-06-19 03:48:25'),
(361,1,1,'//multialmacen.nodo10.informaxdns.es/modules/blockreassurance/views/dist/front.js','','2024-06-19 03:48:26'),
(362,1,1,'//multialmacen.nodo10.informaxdns.es/js/jquery/ui/jquery-ui.min.js','','2024-06-19 03:48:26'),
(363,1,1,'/favicon.ico','https://multialmacen.nodo10.informaxdns.es/modules/imaxmultialmacen/imaxmultialmacen_cron.php?accion=sincronizarStockVirtual&token=ef9c8bb0db229eb13c5cbe678485dc33','2024-06-20 10:06:06'),
(364,1,1,'/favicon.ico','https://multialmacen.nodo10.informaxdns.es/modules/imaxmultialmacen/imaxmultialmacen_cron.php?accion=sincronizarStockVirtual&token=ef9c8bb0db229eb13c5cbe678485dc33','2024-06-20 10:08:57'),
(365,1,1,'/favicon.ico','https://multialmacen.nodo10.informaxdns.es/adminTienda/index.php?controller=AdminModules&configure=rawsqltool&token=142932c1c84e262e6721b327b9e002f2','2024-06-20 10:22:44'),
(366,1,1,'/favicon.ico','https://multialmacen.nodo10.informaxdns.es/adminTienda/index.php/sell/catalog/products-v2/4/edit?_token=JCqiFgvwsPgDi0IY521xzapb_E4dZSLhVurcGgi_ccQ','2024-06-20 10:33:00'),
(367,1,1,'/favicon.ico','https://multialmacen.nodo10.informaxdns.es/adminTienda/index.php/sell/catalog/products-v2/4/edit?_token=JCqiFgvwsPgDi0IY521xzapb_E4dZSLhVurcGgi_ccQ','2024-06-20 10:33:55'),
(368,1,1,'/favicon.ico','https://multialmacen.nodo10.informaxdns.es/adminTienda/index.php/sell/catalog/products-v2/4/edit?_token=JCqiFgvwsPgDi0IY521xzapb_E4dZSLhVurcGgi_ccQ','2024-06-20 10:40:17'),
(369,1,1,'/favicon.ico','https://multialmacen.nodo10.informaxdns.es/modules/imaxmultialmacen/imaxmultialmacen_cron.php?accion=sincronizarStockVirtual&token=ef9c8bb0db229eb13c5cbe678485dc33','2024-06-20 11:24:02'),
(370,1,1,'/sell/catalog/products?_token=LpktzXEqdHnIqCC_ws6xgTmKZen8ZVRR1oQ40KKw4DQ','https://multialmacen.nodo10.informaxdns.es/adminTienda/index.php?controller=AdminImaxImprimePedidosOrder&token=d6470b6bbbd8409dce496fae0e558ee3','2024-06-20 12:32:05'),
(371,1,1,'/favicon.ico','https://multialmacen.nodo10.informaxdns.es/modules/imaximprimepedidosservidor/pda/principal.php','2024-06-20 12:35:34'),
(372,1,1,'/favicon.ico','https://multialmacen.nodo10.informaxdns.es/modules/imaximprimepedidosservidor/pdaEntrada/principal.php','2024-06-20 12:35:49'),
(373,1,1,'/favicon.ico','https://multialmacen.nodo10.informaxdns.es/modules/imaximprimepedidosservidor/pdaEntrada/principal.php','2024-06-20 12:36:22'),
(374,1,1,'/improve/modules/manage?_token=LpktzXEqdHnIqCC_ws6xgTmKZen8ZVRR1oQ40KKw4DQ','https://multialmacen.nodo10.informaxdns.es/adminTienda/index.php?controller=AdminImaxImprimePedidosOrder&token=d6470b6bbbd8409dce496fae0e558ee3','2024-06-20 12:45:57'),
(375,1,1,'/favicon.ico','https://multialmacen.nodo10.informaxdns.es/modules/imaxrecoleccionpda/pda/principal.php','2024-06-20 12:56:08'),
(376,1,1,'/favicon.ico','https://multialmacen.nodo10.informaxdns.es/modules/imaxrecoleccionpda/pda/principal.php','2024-06-20 12:56:21'),
(377,1,1,'/favicon.ico','https://multialmacen.nodo10.informaxdns.es/modules/imaxmovimientospda/pda/principal.php','2024-06-20 12:57:37'),
(378,1,1,'/sell/catalog/products?_token=LpktzXEqdHnIqCC_ws6xgTmKZen8ZVRR1oQ40KKw4DQ','https://multialmacen.nodo10.informaxdns.es/adminTienda/index.php?controller=AdminImaxImprimePedidosOrder&token=d6470b6bbbd8409dce496fae0e558ee3','2024-06-20 12:57:43'),
(379,1,1,'//multialmacen.nodo10.informaxdns.es/js/jquery/ui/jquery-ui.min.js','','2024-06-20 14:16:24'),
(380,1,1,'//multialmacen.nodo10.informaxdns.es/modules/blockwishlist/public/product.bundle.js','','2024-06-20 14:16:24'),
(381,1,1,'//multialmacen.nodo10.informaxdns.es/modules/blockwishlist/public/graphql.js','','2024-06-20 14:16:24'),
(382,1,1,'//multialmacen.nodo10.informaxdns.es/modules/blockwishlist/public/vendors.js','','2024-06-20 14:16:25'),
(383,1,1,'//multialmacen.nodo10.informaxdns.es/modules/imaxmultialmacen/views/templates/js/selector.js','','2024-06-20 14:16:25'),
(384,1,1,'//multialmacen.nodo10.informaxdns.es/modules/blockreassurance/views/dist/front.js','','2024-06-20 14:16:25'),
(385,1,1,'//multialmacen.nodo10.informaxdns.es/modules/productcomments/views/js/jquery.rating.plugin.js','','2024-06-20 14:16:25'),
(386,1,1,'//multialmacen.nodo10.informaxdns.es/modules/productcomments/views/js/productListingComments.js','','2024-06-20 14:16:25'),
(387,1,1,'//multialmacen.nodo10.informaxdns.es/modules/ps_emailalerts/js/mailalerts.js','','2024-06-20 14:16:25'),
(388,1,1,'//multialmacen.nodo10.informaxdns.es/js/jquery/plugins/fancybox/jquery.fancybox.js','','2024-06-20 14:16:25'),
(389,1,1,'//multialmacen.nodo10.informaxdns.es/modules/ps_emailsubscription/views/js/ps_emailsubscription.js','','2024-06-20 14:16:25'),
(390,1,1,'//multialmacen.nodo10.informaxdns.es/modules/ps_imageslider/js/homeslider.js','','2024-06-20 14:16:25'),
(391,1,1,'//multialmacen.nodo10.informaxdns.es/modules/ps_imageslider/js/responsiveslides.min.js','','2024-06-20 14:16:25'),
(392,1,1,'//multialmacen.nodo10.informaxdns.es/modules/ps_searchbar/ps_searchbar.js','','2024-06-20 14:16:25'),
(393,1,1,'//multialmacen.nodo10.informaxdns.es/modules/ps_shoppingcart/ps_shoppingcart.js','','2024-06-20 14:16:25'),
(394,1,1,'//multialmacen.nodo10.informaxdns.es/themes/classic/assets/js/theme.js','','2024-06-20 14:16:25'),
(395,1,1,'//multialmacen.nodo10.informaxdns.es/themes/core.js','','2024-06-20 14:16:25'),
(396,1,1,'//multialmacen.nodo10.informaxdns.es/modules/productcomments/views/js/jquery.rating.plugin.js','','2024-06-20 14:17:12'),
(397,1,1,'//multialmacen.nodo10.informaxdns.es/modules/imaxmultialmacen/views/templates/js/selector.js','','2024-06-20 14:17:12'),
(398,1,1,'//multialmacen.nodo10.informaxdns.es/modules/productcomments/views/js/productListingComments.js','','2024-06-20 14:17:12'),
(399,1,1,'//multialmacen.nodo10.informaxdns.es/modules/ps_emailsubscription/views/js/ps_emailsubscription.js','','2024-06-20 14:17:12'),
(400,1,1,'//multialmacen.nodo10.informaxdns.es/modules/ps_emailalerts/js/mailalerts.js','','2024-06-20 14:17:12'),
(401,1,1,'//multialmacen.nodo10.informaxdns.es/modules/blockwishlist/public/vendors.js','','2024-06-20 14:17:12'),
(402,1,1,'//multialmacen.nodo10.informaxdns.es/modules/ps_imageslider/js/homeslider.js','','2024-06-20 14:17:12'),
(403,1,1,'//multialmacen.nodo10.informaxdns.es/modules/ps_imageslider/js/responsiveslides.min.js','','2024-06-20 14:17:12'),
(404,1,1,'//multialmacen.nodo10.informaxdns.es/modules/ps_searchbar/ps_searchbar.js','','2024-06-20 14:17:12'),
(405,1,1,'//multialmacen.nodo10.informaxdns.es/themes/classic/assets/js/theme.js','','2024-06-20 14:17:12'),
(406,1,1,'//multialmacen.nodo10.informaxdns.es/modules/ps_shoppingcart/ps_shoppingcart.js','','2024-06-20 14:17:12'),
(407,1,1,'//multialmacen.nodo10.informaxdns.es/themes/core.js','','2024-06-20 14:17:13'),
(408,1,1,'//multialmacen.nodo10.informaxdns.es/js/jquery/ui/jquery-ui.min.js','','2024-06-20 14:17:13'),
(409,1,1,'//multialmacen.nodo10.informaxdns.es/js/jquery/plugins/fancybox/jquery.fancybox.js','','2024-06-20 14:17:13'),
(410,1,1,'//multialmacen.nodo10.informaxdns.es/modules/blockreassurance/views/dist/front.js','','2024-06-20 14:17:13'),
(411,1,1,'//multialmacen.nodo10.informaxdns.es/modules/blockwishlist/public/product.bundle.js','','2024-06-20 14:17:14'),
(412,1,1,'//multialmacen.nodo10.informaxdns.es/modules/blockwishlist/public/graphql.js','','2024-06-20 14:17:16'),
(413,1,1,'//multialmacen.nodo10.informaxdns.es/js/jquery/ui/jquery-ui.min.js','','2024-06-20 14:18:00'),
(414,1,1,'//multialmacen.nodo10.informaxdns.es/js/jquery/plugins/fancybox/jquery.fancybox.js','','2024-06-20 14:18:00'),
(415,1,1,'//multialmacen.nodo10.informaxdns.es/modules/blockreassurance/views/dist/front.js','','2024-06-20 14:18:00'),
(416,1,1,'//multialmacen.nodo10.informaxdns.es/modules/blockwishlist/public/graphql.js','','2024-06-20 14:18:00'),
(417,1,1,'//multialmacen.nodo10.informaxdns.es/modules/blockwishlist/public/product.bundle.js','','2024-06-20 14:18:00'),
(418,1,1,'//multialmacen.nodo10.informaxdns.es/modules/blockwishlist/public/vendors.js','','2024-06-20 14:18:00'),
(419,1,1,'//multialmacen.nodo10.informaxdns.es/modules/imaxmultialmacen/views/templates/js/selector.js','','2024-06-20 14:18:00'),
(420,1,1,'//multialmacen.nodo10.informaxdns.es/modules/productcomments/views/js/jquery.rating.plugin.js','','2024-06-20 14:18:00'),
(421,1,1,'//multialmacen.nodo10.informaxdns.es/modules/productcomments/views/js/productListingComments.js','','2024-06-20 14:18:00'),
(422,1,1,'//multialmacen.nodo10.informaxdns.es/modules/ps_emailalerts/js/mailalerts.js','','2024-06-20 14:18:00'),
(423,1,1,'//multialmacen.nodo10.informaxdns.es/modules/ps_emailsubscription/views/js/ps_emailsubscription.js','','2024-06-20 14:18:01'),
(424,1,1,'//multialmacen.nodo10.informaxdns.es/modules/ps_imageslider/js/homeslider.js','','2024-06-20 14:18:01'),
(425,1,1,'//multialmacen.nodo10.informaxdns.es/modules/ps_imageslider/js/responsiveslides.min.js','','2024-06-20 14:18:01'),
(426,1,1,'//multialmacen.nodo10.informaxdns.es/modules/ps_searchbar/ps_searchbar.js','','2024-06-20 14:18:01'),
(427,1,1,'//multialmacen.nodo10.informaxdns.es/modules/ps_shoppingcart/ps_shoppingcart.js','','2024-06-20 14:18:01'),
(428,1,1,'//multialmacen.nodo10.informaxdns.es/themes/classic/assets/js/theme.js','','2024-06-20 14:18:01'),
(429,1,1,'//multialmacen.nodo10.informaxdns.es/themes/core.js','','2024-06-20 14:18:01'),
(430,1,1,'/favicon.ico','https://multialmacen.nodo10.informaxdns.es/modules/imaximprimepedidosservidor/pdaEntrada/principal.php','2024-06-21 09:53:15'),
(431,1,1,'/favicon.ico','https://multialmacen.nodo10.informaxdns.es/modules/imaxmovimientospda/pda/principal.php','2024-06-21 09:59:29'),
(432,1,1,'/favicon.ico','https://multialmacen.nodo10.informaxdns.es/modules/imaximprimepedidosservidor/menu/','2024-06-21 10:03:47'),
(433,1,1,'/favicon.ico','https://multialmacen.nodo10.informaxdns.es/modules/imaxmultialmacen/imaxmultialmacen_cron.php?accion=sincronizarStockVirtual&token=ef9c8bb0db229eb13c5cbe678485dc33','2024-06-21 10:04:20'),
(434,1,1,'/favicon.ico','https://multialmacen.nodo10.informaxdns.es/modules/imaximprimepedidosservidor/menu/','2024-06-21 10:39:59'),
(435,1,1,'/favicon.ico','https://multialmacen.nodo10.informaxdns.es/modules/imaximprimepedidosservidor/pdaEntrada/principal.php','2024-06-21 10:40:02'),
(436,1,1,'/favicon.ico','https://multialmacen.nodo10.informaxdns.es/adminTienda/index.php?controller=AdminImaxImprimePedidosOrder&token=d6470b6bbbd8409dce496fae0e558ee3','2024-06-21 11:11:57'),
(437,1,1,'/favicon.ico','https://multialmacen.nodo10.informaxdns.es/adminTienda/index.php?controller=AdminImaxImprimePedidosOrder&token=d6470b6bbbd8409dce496fae0e558ee3','2024-06-21 11:12:55'),
(438,1,1,'/favicon.ico','https://multialmacen.nodo10.informaxdns.es/adminTienda/index.php?controller=AdminImaxImprimePedidosOrder&token=d6470b6bbbd8409dce496fae0e558ee3','2024-06-21 11:15:07'),
(439,1,1,'/favicon.ico','https://multialmacen.nodo10.informaxdns.es/adminTienda/index.php?controller=AdminImaxImprimePedidosOrder&token=d6470b6bbbd8409dce496fae0e558ee3','2024-06-21 11:15:15'),
(440,1,1,'/favicon.ico','https://multialmacen.nodo10.informaxdns.es/adminTienda/index.php?controller=AdminImaxImprimePedidosOrder&token=d6470b6bbbd8409dce496fae0e558ee3','2024-06-21 11:22:17'),
(441,1,1,'/favicon.ico','https://multialmacen.nodo10.informaxdns.es/adminTienda/index.php?controller=AdminImaxImprimePedidosOrder&token=d6470b6bbbd8409dce496fae0e558ee3','2024-06-21 11:22:53'),
(442,1,1,'/favicon.ico','https://multialmacen.nodo10.informaxdns.es/adminTienda/index.php?controller=AdminImaxImprimePedidosOrder&token=d6470b6bbbd8409dce496fae0e558ee3','2024-06-21 11:23:03'),
(443,1,1,'/favicon.ico','https://multialmacen.nodo10.informaxdns.es/modules/imaximprimepedidosservidor/pdaEntrada/principal.php','2024-06-21 12:58:31'),
(444,1,1,'/favicon.ico','https://multialmacen.nodo10.informaxdns.es/modules/imaximprimepedidosservidor/pdaEntrada/principal.php','2024-06-21 13:00:46'),
(445,1,1,'/favicon.ico','https://multialmacen.nodo10.informaxdns.es/modules/imaximprimepedidosservidor/pdaEntrada/principal.php','2024-06-21 13:06:41'),
(446,1,1,'/favicon.ico','https://multialmacen.nodo10.informaxdns.es/modules/imaximprimepedidosservidor/pdaEntrada/principal.php','2024-06-21 13:11:36'),
(447,1,1,'/favicon.ico','https://multialmacen.nodo10.informaxdns.es/modules/imaximprimepedidosservidor/pdaEntrada/principal.php','2024-06-21 13:14:17'),
(448,1,1,'/favicon.ico','https://multialmacen.nodo10.informaxdns.es/modules/imaximprimepedidosservidor/pdaEntrada/principal.php','2024-06-21 13:16:55'),
(449,1,1,'/favicon.ico','https://multialmacen.nodo10.informaxdns.es/modules/imaximprimepedidosservidor/pdaEntrada/principal.php','2024-06-21 13:20:17'),
(450,1,1,'/favicon.ico','https://multialmacen.nodo10.informaxdns.es/modules/imaximprimepedidosservidor/pdaEntrada/principal.php','2024-06-21 13:28:09'),
(451,1,1,'/favicon.ico','https://multialmacen.nodo10.informaxdns.es/modules/imaximprimepedidosservidor/pdaEntrada/principal.php','2024-06-21 13:37:43'),
(452,1,1,'/favicon.ico','https://multialmacen.nodo10.informaxdns.es/modules/imaximprimepedidosservidor/menu/','2024-06-21 13:42:48'),
(453,1,1,'/modules/blockreassurance/views/dist/front.js.map','http://ghost-rider/','2024-06-22 11:30:38'),
(454,1,1,'/favicon.ico','https://multialmacen.nodo10.informaxdns.es/modules/imaxmovimientospda/pda/principal.php','2024-06-24 08:17:50'),
(455,1,1,'/favicon.ico','https://multialmacen.nodo10.informaxdns.es/modules/imaxmovimientospda/pda/principal.php','2024-06-24 08:19:49'),
(456,1,1,'/pdaEntrada','','2024-06-24 11:25:17'),
(457,1,1,'/favicon.ico','https://multialmacen.nodo10.informaxdns.es/modules/imaximprimepedidosservidor/pda/principal.php','2024-06-24 11:25:23'),
(458,1,1,'/favicon.ico','https://multialmacen.nodo10.informaxdns.es/module/ps_wirepayment/validation','2024-06-24 13:11:48'),
(459,1,1,'/favicon.ico','https://multialmacen.nodo10.informaxdns.es/module/ps_wirepayment/validation','2024-06-24 13:12:13'),
(460,1,1,'/favicon.ico','https://multialmacen.nodo10.informaxdns.es/module/ps_wirepayment/validation','2024-06-24 13:13:51'),
(461,1,1,'/favicon.ico','https://multialmacen.nodo10.informaxdns.es/modules/imaxmovimientospda/pda/principal.php','2024-06-25 09:35:33'),
(462,1,1,'/favicon.ico','https://multialmacen.nodo10.informaxdns.es/modules/imaxscanean/pda/principal.php','2024-06-26 14:04:37'),
(463,1,1,'/favicon.ico','https://multialmacen.nodo10.informaxdns.es/modules/imaximprimepedidosservidor/pda/principal.php','2024-06-26 15:33:58'),
(464,1,1,'/favicon.ico','https://multialmacen.nodo10.informaxdns.es/adminTienda/index.php/sell/catalog/products-v2/1/edit?_token=6MRGhryWMjabx3x3DtoBGXN3LZLl1yKWnYyR-irCALM','2024-06-26 18:11:55'),
(465,1,1,'/favicon.ico','https://multialmacen.nodo10.informaxdns.es/adminTienda/index.php/sell/catalog/products-v2/1/edit?_token=6MRGhryWMjabx3x3DtoBGXN3LZLl1yKWnYyR-irCALM','2024-06-26 18:19:52'),
(466,1,1,'/favicon.ico','https://multialmacen.nodo10.informaxdns.es/adminTienda/index.php/sell/catalog/products-v2/1/edit?_token=6MRGhryWMjabx3x3DtoBGXN3LZLl1yKWnYyR-irCALM','2024-06-26 18:24:19'),
(467,1,1,'/favicon.ico','https://multialmacen.nodo10.informaxdns.es/modules/imaxscanean/pda/principal.php','2024-06-27 12:22:14'),
(468,1,1,'/favicon.ico','https://multialmacen.nodo10.informaxdns.es/modules/imaxrecoleccionpda/pda/principal.php','2024-06-27 13:35:09'),
(469,1,1,'/favicon.ico','https://multialmacen.nodo10.informaxdns.es/modules/imaxrecoleccionpda/pda/principal.php','2024-06-27 13:40:53'),
(470,1,1,'/-medium_default/otro.jpg','https://multialmacen.nodo10.informaxdns.es/modules/imaxrecoleccionpda/pda/principal.php','2024-06-27 13:48:28'),
(471,1,1,'/favicon.ico','https://multialmacen.nodo10.informaxdns.es/modules/imaxrecoleccionpda/pda/principal.php','2024-06-27 13:53:19'),
(472,1,1,'/favicon.ico','https://multialmacen.nodo10.informaxdns.es/modules/imaxrecoleccionpda/pda/principal.php','2024-06-27 13:53:41'),
(473,1,1,'/-medium_default/otro.jpg','https://multialmacen.nodo10.informaxdns.es/modules/imaxrecoleccionpda/pda/principal.php','2024-06-27 13:54:20'),
(474,1,1,'/favicon.ico','https://multialmacen.nodo10.informaxdns.es/modules/imaxmovimientospda/pda/principal.php','2024-06-27 17:57:44'),
(475,1,1,'/favicon.ico','https://multialmacen.nodo10.informaxdns.es/modules/imaxrecoleccionpda/pda/principal.php','2024-06-28 08:08:42'),
(476,1,1,'/favicon.ico','https://multialmacen.nodo10.informaxdns.es/modules/imaxrecoleccionpda/pda/principal.php','2024-07-01 10:55:04'),
(477,1,1,'/favicon.ico','https://multialmacen.nodo10.informaxdns.es/adminTienda/index.php/sell/catalog/products-v2/1/edit?_token=nEYQbCqU2N9FbhAkxBHexJc2tXHD-JdGSlKhHOOjk_U','2024-07-01 11:48:54'),
(478,1,1,'/favicon.ico','https://multialmacen.nodo10.informaxdns.es/adminTienda/index.php/sell/catalog/products-v2/1/edit?_token=nEYQbCqU2N9FbhAkxBHexJc2tXHD-JdGSlKhHOOjk_U','2024-07-01 11:49:51'),
(479,1,1,'/favicon.ico','https://multialmacen.nodo10.informaxdns.es/adminTienda/index.php/sell/catalog/products-v2/1/edit?_token=nEYQbCqU2N9FbhAkxBHexJc2tXHD-JdGSlKhHOOjk_U','2024-07-01 12:07:39'),
(480,1,1,'/favicon.ico','https://multialmacen.nodo10.informaxdns.es/adminTienda/index.php/sell/catalog/products-v2/1/edit?_token=nEYQbCqU2N9FbhAkxBHexJc2tXHD-JdGSlKhHOOjk_U','2024-07-01 12:36:57'),
(481,1,1,'/favicon.ico','https://multialmacen.nodo10.informaxdns.es/adminTienda/index.php/sell/catalog/products-v2/1/edit?_token=nEYQbCqU2N9FbhAkxBHexJc2tXHD-JdGSlKhHOOjk_U','2024-07-01 12:37:25'),
(482,1,1,'/favicon.ico','https://multialmacen.nodo10.informaxdns.es/adminTienda/index.php/sell/catalog/products-v2/1/edit?_token=nEYQbCqU2N9FbhAkxBHexJc2tXHD-JdGSlKhHOOjk_U','2024-07-01 13:11:15'),
(483,1,1,'/favicon.ico','https://multialmacen.nodo10.informaxdns.es/adminTienda/index.php/sell/catalog/products-v2/1/edit?_token=nEYQbCqU2N9FbhAkxBHexJc2tXHD-JdGSlKhHOOjk_U','2024-07-01 13:11:53'),
(484,1,1,'/favicon.ico','https://multialmacen.nodo10.informaxdns.es/adminTienda/index.php/sell/catalog/products-v2/1/edit?_token=nEYQbCqU2N9FbhAkxBHexJc2tXHD-JdGSlKhHOOjk_U','2024-07-01 13:12:28'),
(485,1,1,'/favicon.ico','https://multialmacen.nodo10.informaxdns.es/adminTienda/index.php/sell/catalog/products-v2/1/edit?_token=nEYQbCqU2N9FbhAkxBHexJc2tXHD-JdGSlKhHOOjk_U','2024-07-01 13:13:45'),
(486,1,1,'/favicon.ico','https://multialmacen.nodo10.informaxdns.es/adminTienda/index.php/sell/catalog/products-v2/1/edit?_token=nEYQbCqU2N9FbhAkxBHexJc2tXHD-JdGSlKhHOOjk_U','2024-07-01 13:15:28'),
(487,1,1,'/favicon.ico','https://multialmacen.nodo10.informaxdns.es/adminTienda/index.php/sell/catalog/products-v2/1/edit?_token=p2kkiBT0vj0G6ASL44T1UI7yp9eWp0sfjxs2adjKJYI','2024-07-03 08:38:20'),
(488,1,1,'/favicon.ico','https://multialmacen.nodo10.informaxdns.es/adminTienda/index.php/sell/catalog/products-v2/1/edit?_token=p2kkiBT0vj0G6ASL44T1UI7yp9eWp0sfjxs2adjKJYI','2024-07-03 09:08:37'),
(489,1,1,'/favicon.ico','https://multialmacen.nodo10.informaxdns.es/adminTienda/index.php/sell/catalog/products-v2/1/edit?_token=p2kkiBT0vj0G6ASL44T1UI7yp9eWp0sfjxs2adjKJYI','2024-07-03 09:14:04'),
(490,1,1,'/favicon.ico','https://multialmacen.nodo10.informaxdns.es/adminTienda/index.php/sell/catalog/products-v2/1/edit?_token=p2kkiBT0vj0G6ASL44T1UI7yp9eWp0sfjxs2adjKJYI','2024-07-03 09:19:30'),
(491,1,1,'/favicon.ico','https://multialmacen.nodo10.informaxdns.es/adminTienda/index.php/sell/catalog/products-v2/1/edit?_token=p2kkiBT0vj0G6ASL44T1UI7yp9eWp0sfjxs2adjKJYI','2024-07-03 09:21:12'),
(492,1,1,'/favicon.ico','https://multialmacen.nodo10.informaxdns.es/adminTienda/index.php/sell/catalog/products-v2/1/edit?_token=p2kkiBT0vj0G6ASL44T1UI7yp9eWp0sfjxs2adjKJYI','2024-07-03 09:21:39'),
(493,1,1,'/favicon.ico','https://multialmacen.nodo10.informaxdns.es/adminTienda/index.php/sell/catalog/products-v2/1/edit?_token=p2kkiBT0vj0G6ASL44T1UI7yp9eWp0sfjxs2adjKJYI','2024-07-03 09:22:08'),
(494,1,1,'/favicon.ico','https://multialmacen.nodo10.informaxdns.es/adminTienda/index.php/sell/catalog/products-v2/1/edit?_token=p2kkiBT0vj0G6ASL44T1UI7yp9eWp0sfjxs2adjKJYI','2024-07-03 09:23:00'),
(495,1,1,'/favicon.ico','https://multialmacen.nodo10.informaxdns.es/adminTienda/index.php/sell/catalog/products-v2/1/edit?_token=p2kkiBT0vj0G6ASL44T1UI7yp9eWp0sfjxs2adjKJYI','2024-07-03 15:37:24'),
(496,1,1,'/favicon.ico','https://multialmacen.nodo10.informaxdns.es/adminTienda/index.php/sell/catalog/products-v2/1/edit?_token=p2kkiBT0vj0G6ASL44T1UI7yp9eWp0sfjxs2adjKJYI','2024-07-03 15:38:02'),
(497,1,1,'/favicon.ico','https://multialmacen.nodo10.informaxdns.es/modules/imaxrecoleccionpda/pda/principal.php','2024-07-04 12:54:59'),
(498,1,1,'/favicon.ico','https://multialmacen.nodo10.informaxdns.es/modules/imaxrecoleccionpda/pda/principal.php','2024-07-04 13:30:13'),
(499,1,1,'/favicon.ico','https://multialmacen.nodo10.informaxdns.es/modules/imaxrecoleccionpda/pda/principal.php','2024-07-11 09:36:30'),
(500,1,1,'/favicon.ico','https://multialmacen.nodo10.informaxdns.es/modules/imaxscanean/pda/principal.php','2024-07-11 10:42:38'),
(501,1,1,'/favicon.ico','https://multialmacen.nodo10.informaxdns.es/modules/imaxscanean/pda/principal.php','2024-07-11 10:46:33'),
(502,1,1,'/favicon.ico','https://multialmacen.nodo10.informaxdns.es/adminTienda/index.php/sell/catalog/products-v2/2/edit?_token=o8LCz7G7i-OS00CxH-wgA3-m2apWCDs_v761Vyw1cps','2024-07-11 11:59:01'),
(503,1,1,'/favicon.ico','https://multialmacen.nodo10.informaxdns.es/adminTienda/index.php/sell/catalog/products-v2/2/edit?_token=o8LCz7G7i-OS00CxH-wgA3-m2apWCDs_v761Vyw1cps','2024-07-11 12:01:07'),
(504,1,1,'/favicon.ico','https://multialmacen.nodo10.informaxdns.es/adminTienda/index.php?configure=imaxmultialmacen&tab_module=administration&module_name=imaxmultialmacen&controller=AdminModules&token=142932c1c84e262e6721b327b9e002f2','2024-07-12 11:08:39'),
(505,1,1,'/favicon.ico','https://multialmacen.nodo10.informaxdns.es/adminTienda/index.php?configure=imaxmultialmacen&tab_module=administration&module_name=imaxmultialmacen&controller=AdminModules&token=142932c1c84e262e6721b327b9e002f2','2024-07-12 11:10:48'),
(506,1,1,'/favicon.ico','https://multialmacen.nodo10.informaxdns.es/adminTienda/index.php/sell/catalog/products-v2/3/edit?_token=wJQQnYQpaSC5QCzUjVHE8caXfO8emch95uN5Dp-j_Ow','2024-07-12 11:24:56'),
(507,1,1,'/server','','2024-07-14 20:58:25'),
(508,1,1,'/.vscode/sftp.json','','2024-07-14 20:58:26'),
(509,1,1,'/about','','2024-07-14 20:58:26'),
(510,1,1,'/debug/default/view?panel=config','','2024-07-14 20:58:27'),
(511,1,1,'/ecp/Current/exporttool/microsoft.exchange.ediscovery.exporttool.application','','2024-07-14 20:58:28'),
(512,1,1,'/login.action','','2024-07-14 20:58:29'),
(513,1,1,'/_all_dbs','','2024-07-14 20:58:30'),
(514,1,1,'/.DS_Store','','2024-07-14 20:58:30'),
(515,1,1,'/.env','','2024-07-14 20:58:31'),
(516,1,1,'/.git/config','','2024-07-14 20:58:32'),
(517,1,1,'/config.json','','2024-07-14 20:58:33'),
(518,1,1,'/telescope/requests','','2024-07-14 20:58:33'),
(519,1,1,'/dns-query?dns=gYkBAAABAAAAAAAAA3d3dwVhcHBsZQNjb20AAAEAAQ','','2024-07-14 21:00:23'),
(520,1,1,'/.git/config','','2024-07-14 21:00:30'),
(521,1,1,'/dns-query?dns=jP4BAAABAAAAAAAAA3d3dwNlZmYDb3JnAAABAAE','','2024-07-14 21:01:12'),
(522,1,1,'/.git/config','','2024-07-14 21:01:41'),
(523,1,1,'//multialmacen.nodo10.informaxdns.es/modules/productcomments/views/js/jquery.rating.plugin.js','','2024-07-15 04:26:01'),
(524,1,1,'//multialmacen.nodo10.informaxdns.es/modules/blockwishlist/public/graphql.js','','2024-07-15 04:26:01'),
(525,1,1,'//multialmacen.nodo10.informaxdns.es/modules/ps_emailsubscription/views/js/ps_emailsubscription.js','','2024-07-15 04:26:01'),
(526,1,1,'//multialmacen.nodo10.informaxdns.es/modules/blockreassurance/views/dist/front.js','','2024-07-15 04:26:01'),
(527,1,1,'//multialmacen.nodo10.informaxdns.es/modules/ps_imageslider/js/homeslider.js','','2024-07-15 04:26:02'),
(528,1,1,'//multialmacen.nodo10.informaxdns.es/modules/ps_imageslider/js/responsiveslides.min.js','','2024-07-15 04:26:02'),
(529,1,1,'//multialmacen.nodo10.informaxdns.es/modules/ps_searchbar/ps_searchbar.js','','2024-07-15 04:26:02'),
(530,1,1,'//multialmacen.nodo10.informaxdns.es/modules/ps_shoppingcart/ps_shoppingcart.js','','2024-07-15 04:26:02'),
(531,1,1,'//multialmacen.nodo10.informaxdns.es/themes/classic/assets/js/theme.js','','2024-07-15 04:26:02'),
(532,1,1,'//multialmacen.nodo10.informaxdns.es/themes/core.js','','2024-07-15 04:26:02'),
(533,1,1,'//multialmacen.nodo10.informaxdns.es/modules/blockwishlist/public/vendors.js','','2024-07-15 04:26:03'),
(534,1,1,'//multialmacen.nodo10.informaxdns.es/modules/blockwishlist/public/product.bundle.js','','2024-07-15 04:26:03'),
(535,1,1,'//multialmacen.nodo10.informaxdns.es/modules/ps_emailalerts/js/mailalerts.js','','2024-07-15 04:26:03'),
(536,1,1,'//multialmacen.nodo10.informaxdns.es/modules/productcomments/views/js/productListingComments.js','','2024-07-15 04:26:05'),
(537,1,1,'/Public/home/js/check.js','','2024-07-15 09:08:19'),
(538,1,1,'/static/admin/javascript/hetong.js','','2024-07-15 09:08:22'),
(539,1,1,'/.well-known/security.txt','','2024-07-15 11:14:27'),
(540,1,1,'/security.txt','','2024-07-15 11:14:27'),
(541,1,1,'/.env','','2024-07-15 14:21:32'),
(542,1,1,'/core/.env','','2024-07-15 14:21:33'),
(543,1,1,'/public/.env','','2024-07-15 14:21:34'),
(544,1,1,'/laravel/.env','','2024-07-15 14:21:34'),
(545,1,1,'/sendgrid.env','','2024-07-15 14:21:34'),
(546,1,1,'/.aws/credentials','','2024-07-15 14:21:35'),
(547,1,1,'/.env.example','','2024-07-15 14:21:40'),
(548,1,1,'/phpinfo.php','','2024-07-15 14:21:41'),
(549,1,1,'/phpinfo','','2024-07-15 14:21:41'),
(550,1,1,'/info','','2024-07-15 14:21:42'),
(551,1,1,'/php_info','','2024-07-15 14:21:42'),
(552,1,1,'/php_info.php','','2024-07-15 14:21:42'),
(553,1,1,'/info.php','','2024-07-15 14:21:43'),
(554,1,1,'/_profiler/phpinfo.php','','2024-07-15 14:21:43'),
(555,1,1,'/_profiler/phpinfo','','2024-07-15 14:21:43'),
(556,1,1,'/dns-query?dns=3yoBAAABAAAAAAAAA3d3dwNlZmYDb3JnAAABAAE','','2024-07-15 21:00:26'),
(557,1,1,'/dns-query?dns=wXwBAAABAAAAAAAAA3d3dwd5b3V0dWJlA2NvbQAAAQAB','','2024-07-15 21:01:13'),
(558,1,1,'/favicon.ico','','2024-07-20 04:20:18'),
(559,1,1,'//multialmacen.nodo10.informaxdns.es/modules/blockwishlist/public/product.bundle.js','','2024-07-21 17:22:35'),
(560,1,1,'//multialmacen.nodo10.informaxdns.es/modules/ps_emailalerts/js/mailalerts.js','','2024-07-21 17:22:35'),
(561,1,1,'//multialmacen.nodo10.informaxdns.es/modules/blockreassurance/views/dist/front.js','','2024-07-21 17:22:35'),
(562,1,1,'//multialmacen.nodo10.informaxdns.es/js/jquery/ui/jquery-ui.min.js','','2024-07-21 17:22:35'),
(563,1,1,'//multialmacen.nodo10.informaxdns.es/modules/blockwishlist/public/vendors.js','','2024-07-21 17:22:35'),
(564,1,1,'//multialmacen.nodo10.informaxdns.es/modules/ps_imageslider/js/responsiveslides.min.js','','2024-07-21 17:22:35'),
(565,1,1,'//multialmacen.nodo10.informaxdns.es/modules/ps_shoppingcart/ps_shoppingcart.js','','2024-07-21 17:22:35'),
(566,1,1,'//multialmacen.nodo10.informaxdns.es/themes/classic/assets/js/theme.js','','2024-07-21 17:22:35'),
(567,1,1,'//multialmacen.nodo10.informaxdns.es/themes/core.js','','2024-07-21 17:22:36'),
(568,1,1,'//multialmacen.nodo10.informaxdns.es/modules/blockwishlist/public/graphql.js','','2024-07-21 17:22:36'),
(569,1,1,'//multialmacen.nodo10.informaxdns.es/modules/productcomments/views/js/jquery.rating.plugin.js','','2024-07-21 17:22:36'),
(570,1,1,'//multialmacen.nodo10.informaxdns.es/modules/productcomments/views/js/productListingComments.js','','2024-07-21 17:22:37'),
(571,1,1,'//multialmacen.nodo10.informaxdns.es/modules/ps_imageslider/js/homeslider.js','','2024-07-21 17:22:37'),
(572,1,1,'//multialmacen.nodo10.informaxdns.es/modules/ps_emailsubscription/views/js/ps_emailsubscription.js','','2024-07-21 17:22:37'),
(573,1,1,'//multialmacen.nodo10.informaxdns.es/modules/ps_searchbar/ps_searchbar.js','','2024-07-21 17:22:37'),
(574,1,1,'//multialmacen.nodo10.informaxdns.es/modules/blockreassurance/views/dist/front.js','','2024-07-21 17:22:57'),
(575,1,1,'//multialmacen.nodo10.informaxdns.es/modules/blockwishlist/public/product.bundle.js','','2024-07-21 17:22:57'),
(576,1,1,'//multialmacen.nodo10.informaxdns.es/modules/blockwishlist/public/graphql.js','','2024-07-21 17:22:58'),
(577,1,1,'//multialmacen.nodo10.informaxdns.es/modules/productcomments/views/js/jquery.rating.plugin.js','','2024-07-21 17:22:58'),
(578,1,1,'//multialmacen.nodo10.informaxdns.es/modules/ps_shoppingcart/ps_shoppingcart.js','','2024-07-21 17:22:58'),
(579,1,1,'//multialmacen.nodo10.informaxdns.es/modules/ps_emailalerts/js/mailalerts.js','','2024-07-21 17:22:58'),
(580,1,1,'//multialmacen.nodo10.informaxdns.es/modules/ps_emailsubscription/views/js/ps_emailsubscription.js','','2024-07-21 17:22:58'),
(581,1,1,'//multialmacen.nodo10.informaxdns.es/modules/productcomments/views/js/productListingComments.js','','2024-07-21 17:22:58'),
(582,1,1,'//multialmacen.nodo10.informaxdns.es/themes/classic/assets/js/theme.js','','2024-07-21 17:22:58'),
(583,1,1,'//multialmacen.nodo10.informaxdns.es/modules/ps_imageslider/js/homeslider.js','','2024-07-21 17:22:58'),
(584,1,1,'//multialmacen.nodo10.informaxdns.es/themes/core.js','','2024-07-21 17:22:59'),
(585,1,1,'//multialmacen.nodo10.informaxdns.es/modules/ps_imageslider/js/responsiveslides.min.js','','2024-07-21 17:22:59'),
(586,1,1,'//multialmacen.nodo10.informaxdns.es/modules/ps_searchbar/ps_searchbar.js','','2024-07-21 17:22:59'),
(587,1,1,'//multialmacen.nodo10.informaxdns.es/modules/blockwishlist/public/vendors.js','','2024-07-21 17:22:59'),
(588,1,1,'//multialmacen.nodo10.informaxdns.es/js/jquery/ui/jquery-ui.min.js','','2024-07-21 17:23:00'),
(589,1,1,'//multialmacen.nodo10.informaxdns.es/modules/ps_searchbar/ps_searchbar.js','','2024-07-21 17:23:20'),
(590,1,1,'//multialmacen.nodo10.informaxdns.es/modules/ps_emailsubscription/views/js/ps_emailsubscription.js','','2024-07-21 17:23:20'),
(591,1,1,'//multialmacen.nodo10.informaxdns.es/modules/ps_shoppingcart/ps_shoppingcart.js','','2024-07-21 17:23:20'),
(592,1,1,'//multialmacen.nodo10.informaxdns.es/modules/blockwishlist/public/graphql.js','','2024-07-21 17:23:20'),
(593,1,1,'//multialmacen.nodo10.informaxdns.es/js/jquery/ui/jquery-ui.min.js','','2024-07-21 17:23:20'),
(594,1,1,'//multialmacen.nodo10.informaxdns.es/themes/classic/assets/js/theme.js','','2024-07-21 17:23:20'),
(595,1,1,'//multialmacen.nodo10.informaxdns.es/modules/ps_imageslider/js/homeslider.js','','2024-07-21 17:23:20'),
(596,1,1,'//multialmacen.nodo10.informaxdns.es/modules/blockwishlist/public/product.bundle.js','','2024-07-21 17:23:20'),
(597,1,1,'//multialmacen.nodo10.informaxdns.es/modules/ps_imageslider/js/responsiveslides.min.js','','2024-07-21 17:23:21'),
(598,1,1,'//multialmacen.nodo10.informaxdns.es/themes/core.js','','2024-07-21 17:23:21'),
(599,1,1,'//multialmacen.nodo10.informaxdns.es/modules/blockwishlist/public/vendors.js','','2024-07-21 17:23:21'),
(600,1,1,'//multialmacen.nodo10.informaxdns.es/modules/productcomments/views/js/jquery.rating.plugin.js','','2024-07-21 17:23:21'),
(601,1,1,'//multialmacen.nodo10.informaxdns.es/modules/productcomments/views/js/productListingComments.js','','2024-07-21 17:23:21'),
(602,1,1,'//multialmacen.nodo10.informaxdns.es/modules/blockreassurance/views/dist/front.js','','2024-07-21 17:23:21'),
(603,1,1,'//multialmacen.nodo10.informaxdns.es/modules/ps_emailalerts/js/mailalerts.js','','2024-07-21 17:23:22'),
(604,1,1,'//multialmacen.nodo10.informaxdns.es/modules/ps_imageslider/js/responsiveslides.min.js','','2024-07-21 17:23:43'),
(605,1,1,'//multialmacen.nodo10.informaxdns.es/themes/core.js','','2024-07-21 17:23:43'),
(606,1,1,'//multialmacen.nodo10.informaxdns.es/modules/ps_imageslider/js/homeslider.js','','2024-07-21 17:23:43'),
(607,1,1,'//multialmacen.nodo10.informaxdns.es/themes/classic/assets/js/theme.js','','2024-07-21 17:23:43'),
(608,1,1,'//multialmacen.nodo10.informaxdns.es/modules/ps_searchbar/ps_searchbar.js','','2024-07-21 17:23:44'),
(609,1,1,'//multialmacen.nodo10.informaxdns.es/modules/ps_shoppingcart/ps_shoppingcart.js','','2024-07-21 17:23:44'),
(610,1,1,'//multialmacen.nodo10.informaxdns.es/modules/ps_emailalerts/js/mailalerts.js','','2024-07-21 17:23:44'),
(611,1,1,'//multialmacen.nodo10.informaxdns.es/modules/productcomments/views/js/productListingComments.js','','2024-07-21 17:23:44'),
(612,1,1,'//multialmacen.nodo10.informaxdns.es/modules/productcomments/views/js/jquery.rating.plugin.js','','2024-07-21 17:23:44'),
(613,1,1,'//multialmacen.nodo10.informaxdns.es/modules/blockwishlist/public/vendors.js','','2024-07-21 17:23:44'),
(614,1,1,'//multialmacen.nodo10.informaxdns.es/js/jquery/ui/jquery-ui.min.js','','2024-07-21 17:23:44'),
(615,1,1,'//multialmacen.nodo10.informaxdns.es/modules/blockreassurance/views/dist/front.js','','2024-07-21 17:23:45'),
(616,1,1,'//multialmacen.nodo10.informaxdns.es/modules/blockwishlist/public/graphql.js','','2024-07-21 17:23:45'),
(617,1,1,'//multialmacen.nodo10.informaxdns.es/modules/blockwishlist/public/product.bundle.js','','2024-07-21 17:23:45'),
(618,1,1,'//multialmacen.nodo10.informaxdns.es/modules/ps_emailsubscription/views/js/ps_emailsubscription.js','','2024-07-21 17:23:45'),
(619,1,1,'/.env','','2024-07-22 00:08:18'),
(620,1,1,'/.git/config','','2024-07-22 14:22:43'),
(621,1,1,'/favicon.ico','https://multialmacen.nodo10.informaxdns.es/modules/imaxmovimientospda/pda/principal.php','2024-07-22 14:29:43'),
(622,1,1,'/favicon.ico','https://multialmacen.nodo10.informaxdns.es/modules/imaximprimepedidosservidor/menu/','2024-07-22 14:32:32'),
(623,1,1,'/favicon.ico','https://multialmacen.nodo10.informaxdns.es/modules/imaxrecoleccionpda/pda/principal.php','2024-07-22 14:32:36'),
(624,1,1,'/favicon.ico','https://multialmacen.nodo10.informaxdns.es/modules/imaximprimepedidosservidor/menu/','2024-07-22 14:35:26'),
(625,1,1,'/favicon.ico','https://multialmacen.nodo10.informaxdns.es/modules/imaxmovimientospda/pda/principal.php','2024-07-22 14:40:00'),
(626,1,1,'/favicon.ico','https://multialmacen.nodo10.informaxdns.es/modules/imaxmovimientospda/pda/principal.php','2024-07-22 18:14:23'),
(627,1,1,'/favicon.ico','https://multialmacen.nodo10.informaxdns.es/modules/imaxmovimientospda/pda/principal.php','2024-07-23 08:00:37'),
(628,1,1,'/favicon.ico','https://multialmacen.nodo10.informaxdns.es/modules/imaximprimepedidosservidor/menu/','2024-07-23 12:28:01'),
(629,1,1,'/favicon.ico','https://multialmacen.nodo10.informaxdns.es/modules/imaxrecoleccionpda/pda/principal.php','2024-07-23 12:28:03'),
(630,1,1,'/favicon.ico','https://multialmacen.nodo10.informaxdns.es/modules/imaximprimepedidosservidor/menu/','2024-07-23 12:29:55'),
(631,1,1,'/favicon.ico','https://multialmacen.nodo10.informaxdns.es/modules/imaxmovimientospda/pda/principal.php','2024-07-23 12:30:01'),
(632,1,1,'/favicon.ico','https://multialmacen.nodo10.informaxdns.es/modules/imaximprimepedidosservidor/menu/','2024-07-23 12:38:00'),
(633,1,1,'/favicon.ico','https://multialmacen.nodo10.informaxdns.es/modules/imaximprimepedidosservidor/menu/','2024-07-23 12:42:14'),
(634,1,1,'/favicon.ico','https://multialmacen.nodo10.informaxdns.es/modules/imaxrecoleccionpda/pda/principal.php','2024-07-23 12:42:16'),
(635,1,1,'/favicon.ico','https://multialmacen.nodo10.informaxdns.es/modules/imaxrecoleccionpda/pda/ajax.php?callback=jQuery112109505896878057337_1721731336232&accion=registrarMovimiento&id_product=1&id_product_attribute=0&almacenDestino=4&idsPedidos=36&cantidad=3&_=1721731336238','2024-07-23 12:42:50'),
(636,1,1,'/favicon.ico','https://multialmacen.nodo10.informaxdns.es/modules/imaximprimepedidosservidor/menu/','2024-07-23 12:53:54'),
(637,1,1,'/favicon.ico','https://multialmacen.nodo10.informaxdns.es/modules/imaximprimepedidosservidor/menu/','2024-07-23 12:55:09'),
(638,1,1,'/favicon.ico','https://multialmacen.nodo10.informaxdns.es/modules/imaxscanean/pda/principal.php','2024-07-23 13:01:21'),
(639,1,1,'/favicon.ico','https://multialmacen.nodo10.informaxdns.es/adminTienda/index.php?configure=imaxscanean&tab_module=administration&module_name=imaxscanean&controller=AdminModules&token=142932c1c84e262e6721b327b9e002f2','2024-07-23 13:14:32'),
(640,1,1,'/favicon.ico','https://multialmacen.nodo10.informaxdns.es/adminTienda/index.php?configure=imaxscanean&tab_module=administration&module_name=imaxscanean&controller=AdminModules&token=142932c1c84e262e6721b327b9e002f2','2024-07-23 13:15:16'),
(641,1,1,'/favicon.ico','https://multialmacen.nodo10.informaxdns.es/modules/imaxscanean/pda/principal.php','2024-07-24 09:48:25'),
(642,1,1,'/.env','','2024-07-24 17:47:11'),
(643,1,1,'/.git/config','','2024-07-26 04:56:44'),
(644,1,1,'//multialmacen.nodo10.informaxdns.es/modules/blockreassurance/views/dist/front.js','','2024-07-26 19:21:41'),
(645,1,1,'//multialmacen.nodo10.informaxdns.es/modules/productcomments/views/js/jquery.rating.plugin.js','','2024-07-26 19:21:41'),
(646,1,1,'//multialmacen.nodo10.informaxdns.es/modules/blockwishlist/public/vendors.js','','2024-07-26 19:21:41'),
(647,1,1,'//multialmacen.nodo10.informaxdns.es/modules/productcomments/views/js/productListingComments.js','','2024-07-26 19:21:41'),
(648,1,1,'//multialmacen.nodo10.informaxdns.es/modules/blockwishlist/public/product.bundle.js','','2024-07-26 19:21:41'),
(649,1,1,'//multialmacen.nodo10.informaxdns.es/modules/ps_emailsubscription/views/js/ps_emailsubscription.js','','2024-07-26 19:21:41'),
(650,1,1,'//multialmacen.nodo10.informaxdns.es/modules/ps_imageslider/js/homeslider.js','','2024-07-26 19:21:41'),
(651,1,1,'//multialmacen.nodo10.informaxdns.es/modules/ps_searchbar/ps_searchbar.js','','2024-07-26 19:21:41'),
(652,1,1,'//multialmacen.nodo10.informaxdns.es/modules/ps_imageslider/js/responsiveslides.min.js','','2024-07-26 19:21:41'),
(653,1,1,'//multialmacen.nodo10.informaxdns.es/modules/ps_emailalerts/js/mailalerts.js','','2024-07-26 19:21:41'),
(654,1,1,'//multialmacen.nodo10.informaxdns.es/modules/ps_shoppingcart/ps_shoppingcart.js','','2024-07-26 19:21:41'),
(655,1,1,'//multialmacen.nodo10.informaxdns.es/themes/core.js','','2024-07-26 19:21:41'),
(656,1,1,'//multialmacen.nodo10.informaxdns.es/themes/classic/assets/js/theme.js','','2024-07-26 19:21:41'),
(657,1,1,'//multialmacen.nodo10.informaxdns.es/modules/blockwishlist/public/graphql.js','','2024-07-26 19:21:41'),
(658,1,1,'//multialmacen.nodo10.informaxdns.es/js/jquery/ui/jquery-ui.min.js','','2024-07-26 19:21:42'),
(659,1,1,'//multialmacen.nodo10.informaxdns.es/modules/ps_emailalerts/js/mailalerts.js','','2024-07-26 19:22:24'),
(660,1,1,'//multialmacen.nodo10.informaxdns.es/modules/blockwishlist/public/product.bundle.js','','2024-07-26 19:22:24'),
(661,1,1,'//multialmacen.nodo10.informaxdns.es/modules/blockreassurance/views/dist/front.js','','2024-07-26 19:22:24'),
(662,1,1,'//multialmacen.nodo10.informaxdns.es/modules/blockwishlist/public/vendors.js','','2024-07-26 19:22:24'),
(663,1,1,'//multialmacen.nodo10.informaxdns.es/modules/ps_imageslider/js/homeslider.js','','2024-07-26 19:22:24'),
(664,1,1,'//multialmacen.nodo10.informaxdns.es/modules/ps_emailsubscription/views/js/ps_emailsubscription.js','','2024-07-26 19:22:24'),
(665,1,1,'//multialmacen.nodo10.informaxdns.es/modules/ps_searchbar/ps_searchbar.js','','2024-07-26 19:22:24'),
(666,1,1,'//multialmacen.nodo10.informaxdns.es/modules/ps_imageslider/js/responsiveslides.min.js','','2024-07-26 19:22:24'),
(667,1,1,'//multialmacen.nodo10.informaxdns.es/modules/ps_shoppingcart/ps_shoppingcart.js','','2024-07-26 19:22:24'),
(668,1,1,'//multialmacen.nodo10.informaxdns.es/themes/classic/assets/js/theme.js','','2024-07-26 19:22:24'),
(669,1,1,'//multialmacen.nodo10.informaxdns.es/themes/core.js','','2024-07-26 19:22:24'),
(670,1,1,'//multialmacen.nodo10.informaxdns.es/js/jquery/ui/jquery-ui.min.js','','2024-07-26 19:22:26'),
(671,1,1,'//multialmacen.nodo10.informaxdns.es/modules/blockwishlist/public/graphql.js','','2024-07-26 19:22:26'),
(672,1,1,'//multialmacen.nodo10.informaxdns.es/modules/productcomments/views/js/productListingComments.js','','2024-07-26 19:22:26'),
(673,1,1,'//multialmacen.nodo10.informaxdns.es/modules/productcomments/views/js/jquery.rating.plugin.js','','2024-07-26 19:22:26'),
(674,1,1,'//multialmacen.nodo10.informaxdns.es/modules/ps_emailalerts/js/mailalerts.js','','2024-07-26 19:23:05'),
(675,1,1,'//multialmacen.nodo10.informaxdns.es/modules/productcomments/views/js/productListingComments.js','','2024-07-26 19:23:05'),
(676,1,1,'//multialmacen.nodo10.informaxdns.es/modules/blockwishlist/public/graphql.js','','2024-07-26 19:23:05'),
(677,1,1,'//multialmacen.nodo10.informaxdns.es/modules/blockreassurance/views/dist/front.js','','2024-07-26 19:23:05'),
(678,1,1,'//multialmacen.nodo10.informaxdns.es/js/jquery/ui/jquery-ui.min.js','','2024-07-26 19:23:05'),
(679,1,1,'//multialmacen.nodo10.informaxdns.es/modules/ps_emailsubscription/views/js/ps_emailsubscription.js','','2024-07-26 19:23:05'),
(680,1,1,'//multialmacen.nodo10.informaxdns.es/modules/ps_imageslider/js/homeslider.js','','2024-07-26 19:23:05'),
(681,1,1,'//multialmacen.nodo10.informaxdns.es/modules/ps_imageslider/js/responsiveslides.min.js','','2024-07-26 19:23:05'),
(682,1,1,'//multialmacen.nodo10.informaxdns.es/modules/ps_searchbar/ps_searchbar.js','','2024-07-26 19:23:05'),
(683,1,1,'//multialmacen.nodo10.informaxdns.es/modules/ps_shoppingcart/ps_shoppingcart.js','','2024-07-26 19:23:05'),
(684,1,1,'//multialmacen.nodo10.informaxdns.es/themes/classic/assets/js/theme.js','','2024-07-26 19:23:05'),
(685,1,1,'//multialmacen.nodo10.informaxdns.es/modules/blockwishlist/public/product.bundle.js','','2024-07-26 19:23:05'),
(686,1,1,'//multialmacen.nodo10.informaxdns.es/themes/core.js','','2024-07-26 19:23:05'),
(687,1,1,'//multialmacen.nodo10.informaxdns.es/modules/productcomments/views/js/jquery.rating.plugin.js','','2024-07-26 19:23:07'),
(688,1,1,'/.env','','2024-07-27 07:21:53'),
(689,1,1,'/.env','','2024-07-27 08:44:56'),
(690,1,1,'//multialmacen.nodo10.informaxdns.es/modules/blockwishlist/public/product.bundle.js','','2024-07-27 10:50:45'),
(691,1,1,'//multialmacen.nodo10.informaxdns.es/modules/ps_imageslider/js/homeslider.js','','2024-07-27 10:50:45'),
(692,1,1,'//multialmacen.nodo10.informaxdns.es/modules/productcomments/views/js/jquery.rating.plugin.js','','2024-07-27 10:50:45'),
(693,1,1,'//multialmacen.nodo10.informaxdns.es/modules/ps_emailalerts/js/mailalerts.js','','2024-07-27 10:50:45'),
(694,1,1,'//multialmacen.nodo10.informaxdns.es/modules/ps_searchbar/ps_searchbar.js','','2024-07-27 10:50:45'),
(695,1,1,'//multialmacen.nodo10.informaxdns.es/modules/ps_emailsubscription/views/js/ps_emailsubscription.js','','2024-07-27 10:50:45'),
(696,1,1,'//multialmacen.nodo10.informaxdns.es/modules/ps_shoppingcart/ps_shoppingcart.js','','2024-07-27 10:50:46'),
(697,1,1,'//multialmacen.nodo10.informaxdns.es/js/jquery/ui/jquery-ui.min.js','','2024-07-27 10:50:47'),
(698,1,1,'//multialmacen.nodo10.informaxdns.es/modules/blockreassurance/views/dist/front.js','','2024-07-27 10:50:47'),
(699,1,1,'//multialmacen.nodo10.informaxdns.es/themes/core.js','','2024-07-27 10:50:47'),
(700,1,1,'//multialmacen.nodo10.informaxdns.es/modules/productcomments/views/js/productListingComments.js','','2024-07-27 10:50:48'),
(701,1,1,'//multialmacen.nodo10.informaxdns.es/modules/blockwishlist/public/vendors.js','','2024-07-27 10:50:49'),
(702,1,1,'//multialmacen.nodo10.informaxdns.es/themes/classic/assets/js/theme.js','','2024-07-27 10:50:49'),
(703,1,1,'//multialmacen.nodo10.informaxdns.es/modules/ps_imageslider/js/responsiveslides.min.js','','2024-07-27 10:51:03'),
(704,1,1,'//multialmacen.nodo10.informaxdns.es/js/jquery/ui/jquery-ui.min.js','','2024-07-27 10:51:03'),
(705,1,1,'//multialmacen.nodo10.informaxdns.es/modules/ps_imageslider/js/homeslider.js','','2024-07-27 10:51:03'),
(706,1,1,'//multialmacen.nodo10.informaxdns.es/modules/blockreassurance/views/dist/front.js','','2024-07-27 10:51:03'),
(707,1,1,'//multialmacen.nodo10.informaxdns.es/modules/ps_emailsubscription/views/js/ps_emailsubscription.js','','2024-07-27 10:51:03'),
(708,1,1,'//multialmacen.nodo10.informaxdns.es/themes/classic/assets/js/theme.js','','2024-07-27 10:51:03'),
(709,1,1,'//multialmacen.nodo10.informaxdns.es/themes/core.js','','2024-07-27 10:51:04'),
(710,1,1,'//multialmacen.nodo10.informaxdns.es/modules/productcomments/views/js/jquery.rating.plugin.js','','2024-07-27 10:51:05'),
(711,1,1,'//multialmacen.nodo10.informaxdns.es/modules/productcomments/views/js/productListingComments.js','','2024-07-27 10:51:05'),
(712,1,1,'//multialmacen.nodo10.informaxdns.es/modules/ps_shoppingcart/ps_shoppingcart.js','','2024-07-27 10:51:05'),
(713,1,1,'//multialmacen.nodo10.informaxdns.es/modules/ps_emailalerts/js/mailalerts.js','','2024-07-27 10:51:05'),
(714,1,1,'//multialmacen.nodo10.informaxdns.es/modules/blockwishlist/public/vendors.js','','2024-07-27 10:51:05'),
(715,1,1,'//multialmacen.nodo10.informaxdns.es/modules/ps_searchbar/ps_searchbar.js','','2024-07-27 10:51:07'),
(716,1,1,'//multialmacen.nodo10.informaxdns.es/modules/ps_emailalerts/js/mailalerts.js','','2024-07-27 10:51:26'),
(717,1,1,'//multialmacen.nodo10.informaxdns.es/modules/ps_shoppingcart/ps_shoppingcart.js','','2024-07-27 10:51:26'),
(718,1,1,'//multialmacen.nodo10.informaxdns.es/themes/core.js','','2024-07-27 10:51:26'),
(719,1,1,'//multialmacen.nodo10.informaxdns.es/modules/ps_searchbar/ps_searchbar.js','','2024-07-27 10:51:26'),
(720,1,1,'//multialmacen.nodo10.informaxdns.es/themes/classic/assets/js/theme.js','','2024-07-27 10:51:26'),
(721,1,1,'//multialmacen.nodo10.informaxdns.es/modules/blockwishlist/public/product.bundle.js','','2024-07-27 10:51:27'),
(722,1,1,'//multialmacen.nodo10.informaxdns.es/modules/blockwishlist/public/vendors.js','','2024-07-27 10:51:27'),
(723,1,1,'//multialmacen.nodo10.informaxdns.es/modules/ps_imageslider/js/homeslider.js','','2024-07-27 10:51:27'),
(724,1,1,'//multialmacen.nodo10.informaxdns.es/modules/ps_emailsubscription/views/js/ps_emailsubscription.js','','2024-07-27 10:51:28'),
(725,1,1,'//multialmacen.nodo10.informaxdns.es/modules/productcomments/views/js/jquery.rating.plugin.js','','2024-07-27 10:51:28'),
(726,1,1,'//multialmacen.nodo10.informaxdns.es/modules/blockwishlist/public/graphql.js','','2024-07-27 10:51:28'),
(727,1,1,'//multialmacen.nodo10.informaxdns.es/modules/blockreassurance/views/dist/front.js','','2024-07-27 10:51:28'),
(728,1,1,'//multialmacen.nodo10.informaxdns.es/modules/productcomments/views/js/productListingComments.js','','2024-07-27 10:51:30'),
(729,1,1,'//multialmacen.nodo10.informaxdns.es/themes/classic/assets/js/theme.js','','2024-07-27 10:51:44'),
(730,1,1,'//multialmacen.nodo10.informaxdns.es/modules/productcomments/views/js/jquery.rating.plugin.js','','2024-07-27 10:51:44'),
(731,1,1,'//multialmacen.nodo10.informaxdns.es/modules/ps_imageslider/js/responsiveslides.min.js','','2024-07-27 10:51:44'),
(732,1,1,'//multialmacen.nodo10.informaxdns.es/modules/ps_searchbar/ps_searchbar.js','','2024-07-27 10:51:44'),
(733,1,1,'//multialmacen.nodo10.informaxdns.es/modules/blockwishlist/public/graphql.js','','2024-07-27 10:51:44'),
(734,1,1,'//multialmacen.nodo10.informaxdns.es/js/jquery/ui/jquery-ui.min.js','','2024-07-27 10:51:44'),
(735,1,1,'//multialmacen.nodo10.informaxdns.es/modules/blockwishlist/public/product.bundle.js','','2024-07-27 10:51:44'),
(736,1,1,'//multialmacen.nodo10.informaxdns.es/modules/ps_emailsubscription/views/js/ps_emailsubscription.js','','2024-07-27 10:51:44'),
(737,1,1,'//multialmacen.nodo10.informaxdns.es/modules/productcomments/views/js/productListingComments.js','','2024-07-27 10:51:46'),
(738,1,1,'//multialmacen.nodo10.informaxdns.es/modules/ps_emailalerts/js/mailalerts.js','','2024-07-27 10:51:46'),
(739,1,1,'//multialmacen.nodo10.informaxdns.es/modules/ps_imageslider/js/homeslider.js','','2024-07-27 10:51:46'),
(740,1,1,'//multialmacen.nodo10.informaxdns.es/themes/core.js','','2024-07-27 10:51:46'),
(741,1,1,'//multialmacen.nodo10.informaxdns.es/modules/blockreassurance/views/dist/front.js','','2024-07-27 10:51:46'),
(742,1,1,'/favicon.ico','https://multialmacen.nodo10.informaxdns.es/modules/imaximprimepedidosservidor/pda/principal.php','2024-07-30 15:24:56'),
(743,1,1,'/favicon.ico','https://multialmacen.nodo10.informaxdns.es/modules/imaximprimepedidosservidor/pda/principal.php','2024-07-30 15:25:38'),
(744,1,1,'/favicon.ico','https://multialmacen.nodo10.informaxdns.es/modules/imaximprimepedidosservidor/pda/principal.php','2024-07-30 15:26:23'),
(745,1,1,'/favicon.ico','https://multialmacen.nodo10.informaxdns.es/modules/imaximprimepedidosservidor/pda/principal.php','2024-07-30 15:27:15'),
(746,1,1,'/favicon.ico','https://multialmacen.nodo10.informaxdns.es/modules/imaximprimepedidosservidor/pdaEntrada/principal.php','2024-07-30 15:28:26'),
(747,1,1,'/favicon.ico','https://multialmacen.nodo10.informaxdns.es/modules/imaximprimepedidosservidor/pdaEntrada/principal.php','2024-07-30 16:33:01'),
(748,1,1,'/favicon.ico','https://multialmacen.nodo10.informaxdns.es/modules/imaximprimepedidosservidor/pdaEntrada/principal.php','2024-07-31 07:56:18'),
(749,1,1,'/js/jquery/jquery-migrate.min.map','','2024-07-31 10:01:58'),
(750,1,1,'/js/jquery/jquery-migrate.min.map','','2024-07-31 10:13:40'),
(751,1,1,'/favicon.ico','https://multialmacen.nodo10.informaxdns.es/modules/imaxmultialmacen/imaxmultialmacen_cron.php?accion=sincronizarStockVirtual&token=ef9c8bb0db229eb13c5cbe678485dc33','2024-07-31 10:15:54'),
(752,1,1,'/favicon.ico','https://multialmacen.nodo10.informaxdns.es/modules/imaxmultialmacen/imaxmultialmacen_cron.php?accion=sincronizarStockVirtual&token=ef9c8bb0db229eb13c5cbe678485dc33','2024-07-31 10:15:56'),
(753,1,1,'/favicon.ico','https://multialmacen.nodo10.informaxdns.es/modules/imaxmultialmacen/imaxmultialmacen_cron.php?accion=sincronizarStockVirtual&token=ef9c8bb0db229eb13c5cbe678485dc33','2024-07-31 10:16:01'),
(754,1,1,'/favicon.ico','https://multialmacen.nodo10.informaxdns.es/modules/imaxmultialmacen/imaxmultialmacen_cron.php?accion=sincronizarStockVirtual&token=ef9c8bb0db229eb13c5cbe678485dc33','2024-07-31 10:23:04'),
(755,1,1,'/favicon.ico','https://multialmacen.nodo10.informaxdns.es/modules/imaxmultialmacen/imaxmultialmacen_cron.php?accion=sincronizarStockVirtual&token=ef9c8bb0db229eb13c5cbe678485dc33','2024-07-31 10:24:16'),
(756,1,1,'/favicon.ico','https://multialmacen.nodo10.informaxdns.es/modules/imaxmultialmacen/imaxmultialmacen_cron.php?accion=sincronizarStockVirtual&token=ef9c8bb0db229eb13c5cbe678485dc33','2024-07-31 11:17:03'),
(757,1,1,'/favicon.ico','https://multialmacen.nodo10.informaxdns.es/modules/imaximprimepedidosservidor/pda/principal.php','2024-07-31 12:19:44'),
(758,1,1,'/favicon.ico','https://multialmacen.nodo10.informaxdns.es/modules/imaximprimepedidosservidor/menu/','2024-07-31 12:22:23'),
(759,1,1,'/favicon.ico','https://multialmacen.nodo10.informaxdns.es/modules/imaximprimepedidosservidor/menu/','2024-07-31 12:23:03'),
(760,1,1,'/favicon.ico','https://multialmacen.nodo10.informaxdns.es/modules/imaximprimepedidosservidor/menu/','2024-07-31 12:23:36'),
(761,1,1,'/favicon.ico','https://multialmacen.nodo10.informaxdns.es/modules/imaximprimepedidosservidor/menu/','2024-07-31 12:25:46'),
(762,1,1,'/favicon.ico','https://multialmacen.nodo10.informaxdns.es/modules/imaxinventariodiferido/pda/principal.php','2024-07-31 12:33:43'),
(763,1,1,'/favicon.ico','https://multialmacen.nodo10.informaxdns.es/modules/imaximprimepedidosservidor/menu/','2024-07-31 12:34:01'),
(764,1,1,'/favicon.ico','https://multialmacen.nodo10.informaxdns.es/modules/imaximprimepedidosservidor/menu/','2024-07-31 12:35:49'),
(765,1,1,'/favicon.ico','https://multialmacen.nodo10.informaxdns.es/modules/imaximprimepedidosservidor/menu/','2024-07-31 12:36:07'),
(766,1,1,'/favicon.ico','https://multialmacen.nodo10.informaxdns.es/modules/imaximprimepedidosservidor/pdaEntrada/principal.php','2024-07-31 12:36:23'),
(767,1,1,'/favicon.ico','https://multialmacen.nodo10.informaxdns.es/modules/imaximprimepedidosservidor/pdaEntrada/principal.php','2024-07-31 13:01:21'),
(768,1,1,'/favicon.ico','https://multialmacen.nodo10.informaxdns.es/modules/imaximprimepedidosservidor/menu/','2024-07-31 13:07:33'),
(769,1,1,'/favicon.ico','https://multialmacen.nodo10.informaxdns.es/modules/imaxscanean/pda/principal.php','2024-07-31 13:07:37'),
(770,1,1,'/favicon.ico','https://multialmacen.nodo10.informaxdns.es/modules/imaxscanean/pda/principal.php','2024-07-31 13:09:59'),
(771,1,1,'/favicon.ico','https://multialmacen.nodo10.informaxdns.es/modules/imaxscanean/pda/principal.php','2024-07-31 13:10:25'),
(772,1,1,'/favicon.ico','https://multialmacen.nodo10.informaxdns.es/modules/imaximprimepedidosservidor/menu/','2024-07-31 13:11:20'),
(773,1,1,'/favicon.ico','https://multialmacen.nodo10.informaxdns.es/modules/imaxmovimientospda/pda/principal.php','2024-07-31 13:12:11'),
(774,1,1,'/favicon.ico','https://multialmacen.nodo10.informaxdns.es/modules/imaxmovimientospda/pda/principal.php','2024-07-31 13:23:47'),
(775,1,1,'/favicon.ico','https://multialmacen.nodo10.informaxdns.es/modules/imaxmovimientospda/pda/principal.php','2024-07-31 14:48:04'),
(776,1,1,'/favicon.ico','https://multialmacen.nodo10.informaxdns.es/modules/imaximprimepedidosservidor/pdaEntrada/principal.php','2024-08-01 11:02:39'),
(777,1,1,'/favicon.ico','https://multialmacen.nodo10.informaxdns.es/modules/imaximprimepedidosservidor/pdaEntrada/principal.php','2024-08-01 11:03:07'),
(778,1,1,'/favicon.ico','https://multialmacen.nodo10.informaxdns.es/modules/imaximprimepedidosservidor/pda/principal.php','2024-08-02 10:26:57'),
(779,1,1,'/favicon.ico','https://multialmacen.nodo10.informaxdns.es/modules/imaximprimepedidosservidor/menu/','2024-08-02 11:18:44'),
(780,1,1,'/favicon.ico','https://multialmacen.nodo10.informaxdns.es/modules/imaximprimepedidosservidor/menu/','2024-08-02 12:11:41'),
(781,1,1,'/configure/advanced/performance/?_token=3UhM7aNYhB_WtTvFK7LHRCtvhB7H-zNvngFcJXjQvEY','https://multialmacen.nodo10.informaxdns.es/adminTienda/index.php?controller=AdminImaxImprimePedidosOrder&token=d6470b6bbbd8409dce496fae0e558ee3','2024-08-02 13:06:43'),
(782,1,1,'/favicon.ico','https://multialmacen.nodo10.informaxdns.es/modules/imaximprimepedidosservidor/menu/','2024-08-02 13:07:19'),
(783,1,1,'/favicon.ico','https://multialmacen.nodo10.informaxdns.es/modules/imaximprimepedidosservidor/pdaEntrada/principal.php','2024-08-02 13:07:21'),
(784,1,1,'/favicon.ico','https://multialmacen.nodo10.informaxdns.es/modules/imaximprimepedidosservidor/pdaEntrada/principal.php','2024-08-02 13:07:28'),
(785,1,1,'/js/jquery/jquery-migrate.min.map','','2024-08-02 13:26:03'),
(786,1,1,'/favicon.ico','https://multialmacen.nodo10.informaxdns.es/modules/imaximprimepedidosservidor/pdaEntrada/principal.php','2024-08-02 13:26:44'),
(787,1,1,'/js/jquery/jquery-migrate.min.map','','2024-08-02 13:28:44'),
(788,1,1,'/js/jquery/jquery-migrate.min.map','','2024-08-02 13:30:05'),
(789,1,1,'/favicon.ico','https://multialmacen.nodo10.informaxdns.es/modules/imaximprimepedidosservidor/pdaEntrada/principal.php','2024-08-02 13:30:07'),
(790,1,1,'/js/jquery/jquery-migrate.min.map','','2024-08-02 13:30:20'),
(791,1,1,'/js/jquery/jquery-migrate.min.map','','2024-08-02 13:32:17'),
(792,1,1,'/js/jquery/jquery-migrate.min.map','','2024-08-02 13:32:35'),
(793,1,1,'/js/jquery/jquery-migrate.min.map','','2024-08-02 13:32:37'),
(794,1,1,'/js/jquery/jquery-migrate.min.map','','2024-08-02 13:34:51'),
(795,1,1,'/js/jquery/jquery-migrate.min.map','','2024-08-02 13:35:10'),
(796,1,1,'/favicon.ico','https://multialmacen.nodo10.informaxdns.es/modules/imaximprimepedidosservidor/pdaEntrada/principal.php','2024-08-02 13:35:11'),
(797,1,1,'/js/jquery/jquery-migrate.min.map','','2024-08-02 13:35:46'),
(798,1,1,'/js/jquery/jquery-migrate.min.map','','2024-08-02 13:36:11'),
(799,1,1,'/favicon.ico','https://multialmacen.nodo10.informaxdns.es/modules/imaximprimepedidosservidor/pdaEntrada/principal.php','2024-08-02 13:53:08'),
(800,1,1,'/js/jquery/jquery-migrate.min.map','','2024-08-02 13:53:26'),
(801,1,1,'/js/jquery/jquery-migrate.min.map','','2024-08-02 14:33:10'),
(802,1,1,'/favicon.ico','https://multialmacen.nodo10.informaxdns.es/modules/imaximprimepedidosservidor/pdaEntrada/principal.php','2024-08-02 14:33:12'),
(803,1,1,'/favicon.ico','https://multialmacen.nodo10.informaxdns.es/modules/imaximprimepedidosservidor/pdaEntrada/principal.php','2024-08-02 14:33:16'),
(804,1,1,'/favicon.ico','https://multialmacen.nodo10.informaxdns.es/modules/imaximprimepedidosservidor/pdaEntrada/principal.php','2024-08-02 14:33:37'),
(805,1,1,'/favicon.ico','https://multialmacen.nodo10.informaxdns.es/modules/imaximprimepedidosservidor/pda/principal.php','2024-08-02 14:37:36'),
(806,1,1,'/favicon.ico','https://multialmacen.nodo10.informaxdns.es/modules/imaximprimepedidosservidor/pda/principal.php','2024-08-02 14:37:48'),
(807,1,1,'/favicon.ico','https://multialmacen.nodo10.informaxdns.es/modules/imaximprimepedidosservidor/pda/principal.php','2024-08-08 07:53:47'),
(808,1,1,'/favicon.ico','https://multialmacen.nodo10.informaxdns.es/modules/imaximprimepedidosservidor/pda/principal.php','2024-08-08 08:57:51'),
(809,1,1,'/favicon.ico','https://multialmacen.nodo10.informaxdns.es/modules/imaximprimepedidosservidor/pdaEntrada/principal.php','2024-08-08 09:00:27'),
(810,1,1,'/favicon.ico','https://multialmacen.nodo10.informaxdns.es/modules/imaximprimepedidosservidor/pdaEntrada/principal.php','2024-08-08 09:02:16'),
(811,1,1,'/sell/catalog/products?_token=CEzWCPMjUA3SiT6PkXZT8GUfCYhHXtKPl0mvC_7Eu_U','https://multialmacen.nodo10.informaxdns.es/adminTienda/index.php?controller=AdminImaxImprimePedidosOrder&token=d6470b6bbbd8409dce496fae0e558ee3','2024-08-08 09:03:00'),
(812,1,1,'/favicon.ico','https://multialmacen.nodo10.informaxdns.es/modules/imaximprimepedidosservidor/pdaEntrada/principal.php','2024-08-08 09:05:44'),
(813,1,1,'/favicon.ico','https://multialmacen.nodo10.informaxdns.es/modules/imaximprimepedidosservidor/pdaEntrada/principal.php','2024-08-08 10:56:33'),
(814,1,1,'/favicon.ico','https://multialmacen.nodo10.informaxdns.es/modules/imaximprimepedidosservidor/pdaEntrada/principal.php','2024-08-08 13:14:46'),
(815,1,1,'/favicon.ico','https://multialmacen.nodo10.informaxdns.es/modules/imaximprimepedidosservidor/pdaEntrada/principal.php','2024-08-08 13:15:08'),
(816,1,1,'//multialmacen.nodo10.informaxdns.es/modules/productcomments/views/js/jquery.rating.plugin.js','','2024-08-09 13:20:58'),
(817,1,1,'//multialmacen.nodo10.informaxdns.es/modules/ps_emailalerts/js/mailalerts.js','','2024-08-09 13:20:58'),
(818,1,1,'//multialmacen.nodo10.informaxdns.es/modules/ps_shoppingcart/ps_shoppingcart.js','','2024-08-09 13:20:58'),
(819,1,1,'//multialmacen.nodo10.informaxdns.es/modules/ps_searchbar/ps_searchbar.js','','2024-08-09 13:20:59'),
(820,1,1,'//multialmacen.nodo10.informaxdns.es/modules/blockwishlist/public/product.bundle.js','','2024-08-09 13:20:59'),
(821,1,1,'//multialmacen.nodo10.informaxdns.es/modules/ps_imageslider/js/homeslider.js','','2024-08-09 13:20:59'),
(822,1,1,'//multialmacen.nodo10.informaxdns.es/modules/blockwishlist/public/vendors.js','','2024-08-09 13:20:59'),
(823,1,1,'//multialmacen.nodo10.informaxdns.es/themes/core.js','','2024-08-09 13:20:59'),
(824,1,1,'//multialmacen.nodo10.informaxdns.es/modules/productcomments/views/js/productListingComments.js','','2024-08-09 13:20:59'),
(825,1,1,'//multialmacen.nodo10.informaxdns.es/modules/blockreassurance/views/dist/front.js','','2024-08-09 13:20:59'),
(826,1,1,'//multialmacen.nodo10.informaxdns.es/js/jquery/ui/jquery-ui.min.js','','2024-08-09 13:20:59'),
(827,1,1,'//multialmacen.nodo10.informaxdns.es/modules/ps_imageslider/js/responsiveslides.min.js','','2024-08-09 13:20:59'),
(828,1,1,'//multialmacen.nodo10.informaxdns.es/modules/ps_emailsubscription/views/js/ps_emailsubscription.js','','2024-08-09 13:20:59'),
(829,1,1,'//multialmacen.nodo10.informaxdns.es/themes/classic/assets/js/theme.js','','2024-08-09 13:20:59'),
(830,1,1,'/favicon.ico','','2024-08-11 08:44:35'),
(831,1,1,'/favicon.ico','','2024-08-11 09:38:15'),
(832,1,1,'/.env','','2024-08-11 14:39:07'),
(833,1,1,'/.aws/credentials','','2024-08-11 14:39:07'),
(834,1,1,'/env.js','','2024-08-11 14:39:07'),
(835,1,1,'/.gitlab-ci.yml','','2024-08-11 14:39:07'),
(836,1,1,'/favicon.ico','https://multialmacen.nodo10.informaxdns.es/modules/imaximprimepedidosservidor/pdaEntrada/principal.php','2024-08-13 12:44:55'),
(837,1,1,'/favicon.ico','https://multialmacen.nodo10.informaxdns.es/modules/imaxmovimientospda/pda/principal.php','2024-08-13 13:05:54'),
(838,1,1,'/favicon.ico','https://multialmacen.nodo10.informaxdns.es/modules/imaxrecoleccionpda/pda/principal.php','2024-08-13 13:08:15'),
(839,1,1,'/favicon.ico','https://multialmacen.nodo10.informaxdns.es/modules/imaxscanean/pda/principal.php','2024-08-13 13:10:19'),
(840,1,1,'/favicon.ico','https://multialmacen.nodo10.informaxdns.es/modules/imaxmovimientospda/pda/principal.php','2024-08-13 13:14:31'),
(841,1,1,'/favicon.ico','https://multialmacen.nodo10.informaxdns.es/modules/imaxmovimientospda/pda/principal.php','2024-08-13 13:15:26'),
(842,1,1,'/favicon.ico','https://multialmacen.nodo10.informaxdns.es/modules/imaxrecoleccionpda/pda/principal.php','2024-08-13 13:15:42'),
(843,1,1,'/favicon.ico','https://multialmacen.nodo10.informaxdns.es/modules/imaxscanean/pda/principal.php','2024-08-13 13:18:13'),
(844,1,1,'//multialmacen.nodo10.informaxdns.es/modules/ps_searchbar/ps_searchbar.js','','2024-08-13 20:52:01'),
(845,1,1,'//multialmacen.nodo10.informaxdns.es/modules/blockwishlist/public/graphql.js','','2024-08-13 20:52:01'),
(846,1,1,'//multialmacen.nodo10.informaxdns.es/modules/ps_emailalerts/js/mailalerts.js','','2024-08-13 20:52:01'),
(847,1,1,'//multialmacen.nodo10.informaxdns.es/modules/productcomments/views/js/productListingComments.js','','2024-08-13 20:52:02'),
(848,1,1,'//multialmacen.nodo10.informaxdns.es/modules/blockwishlist/public/product.bundle.js','','2024-08-13 20:52:02'),
(849,1,1,'//multialmacen.nodo10.informaxdns.es/themes/core.js','','2024-08-13 20:52:02'),
(850,1,1,'//multialmacen.nodo10.informaxdns.es/modules/ps_shoppingcart/ps_shoppingcart.js','','2024-08-13 20:52:02'),
(851,1,1,'//multialmacen.nodo10.informaxdns.es/themes/classic/assets/js/theme.js','','2024-08-13 20:52:02'),
(852,1,1,'//multialmacen.nodo10.informaxdns.es/modules/ps_imageslider/js/responsiveslides.min.js','','2024-08-13 20:52:02'),
(853,1,1,'//multialmacen.nodo10.informaxdns.es/modules/blockwishlist/public/vendors.js','','2024-08-13 20:52:02'),
(854,1,1,'//multialmacen.nodo10.informaxdns.es/js/jquery/ui/jquery-ui.min.js','','2024-08-13 20:52:02'),
(855,1,1,'//multialmacen.nodo10.informaxdns.es/modules/blockreassurance/views/dist/front.js','','2024-08-13 20:52:02'),
(856,1,1,'//multialmacen.nodo10.informaxdns.es/modules/ps_emailsubscription/views/js/ps_emailsubscription.js','','2024-08-13 20:52:03'),
(857,1,1,'/favicon.ico','','2024-08-25 21:30:09'),
(858,1,1,'/favicon.ico','','2024-08-25 21:36:06'),
(859,1,1,'/favicon.ico','','2024-08-25 21:36:45'),
(860,1,1,'/favicon.ico','','2024-08-27 09:42:59'),
(861,1,1,'/favicon.ico','','2024-08-27 09:43:00'),
(862,1,1,'//multialmacen.nodo10.informaxdns.es/modules/productcomments/views/js/jquery.rating.plugin.js','','2024-09-02 01:50:17'),
(863,1,1,'//multialmacen.nodo10.informaxdns.es/modules/ps_searchbar/ps_searchbar.js','','2024-09-02 01:50:17'),
(864,1,1,'//multialmacen.nodo10.informaxdns.es/modules/blockwishlist/public/graphql.js','','2024-09-02 01:50:17'),
(865,1,1,'//multialmacen.nodo10.informaxdns.es/modules/ps_shoppingcart/ps_shoppingcart.js','','2024-09-02 01:50:18'),
(866,1,1,'//multialmacen.nodo10.informaxdns.es/modules/blockreassurance/views/dist/front.js','','2024-09-02 01:50:18'),
(867,1,1,'//multialmacen.nodo10.informaxdns.es/modules/blockwishlist/public/product.bundle.js','','2024-09-02 01:50:18'),
(868,1,1,'//multialmacen.nodo10.informaxdns.es/modules/ps_emailsubscription/views/js/ps_emailsubscription.js','','2024-09-02 01:50:19'),
(869,1,1,'//multialmacen.nodo10.informaxdns.es/themes/classic/assets/js/theme.js','','2024-09-02 01:50:19'),
(870,1,1,'//multialmacen.nodo10.informaxdns.es/modules/productcomments/views/js/productListingComments.js','','2024-09-02 01:50:20'),
(871,1,1,'//multialmacen.nodo10.informaxdns.es/modules/ps_imageslider/js/homeslider.js','','2024-09-02 01:50:20'),
(872,1,1,'//multialmacen.nodo10.informaxdns.es/modules/ps_imageslider/js/responsiveslides.min.js','','2024-09-02 01:50:21'),
(873,1,1,'//multialmacen.nodo10.informaxdns.es/themes/core.js','','2024-09-02 01:50:21'),
(874,1,1,'//multialmacen.nodo10.informaxdns.es/modules/blockwishlist/public/vendors.js','','2024-09-02 01:50:24'),
(875,1,1,'/favicon.ico','https://multialmacen.nodo10.informaxdns.es/modules/imaxscanean/pda/principal.php','2024-09-04 12:57:57'),
(876,1,1,'/favicon.ico','https://multialmacen.nodo10.informaxdns.es/modules/imaxscanean/pda/principal.php','2024-09-04 12:58:37'),
(877,1,1,'/favicon.ico','https://multialmacen.nodo10.informaxdns.es/modules/imaximprimepedidosservidor/menu/','2024-09-04 13:05:40'),
(878,1,1,'/favicon.ico','https://multialmacen.nodo10.informaxdns.es/modules/imaximprimepedidosservidor/menu/','2024-09-04 13:10:42'),
(879,1,1,'/favicon.ico','https://multialmacen.nodo10.informaxdns.es/modules/imaxscanean/pda/principal.php','2024-09-05 11:41:33'),
(880,1,1,'/favicon.ico','https://multialmacen.nodo10.informaxdns.es/modules/imaxmovimientospda/pda/principal.php','2024-09-05 12:46:16'),
(881,1,1,'/favicon.ico','https://multialmacen.nodo10.informaxdns.es/modules/imaxscanean/pda/principal.php','2024-09-06 11:41:14'),
(882,1,1,'/favicon.ico','https://multialmacen.nodo10.informaxdns.es/modules/imaxscanean/pda/principal.php','2024-09-06 14:17:23'),
(883,1,1,'/favicon.ico','https://multialmacen.nodo10.informaxdns.es:4443/modules/imaxinventariodiferido/pda/principal.php','2024-09-16 13:51:25'),
(884,1,1,'/favicon.ico','https://multialmacen.nodo10.informaxdns.es:4443/modules/imaximprimepedidosservidor/menu/','2024-09-17 13:23:37'),
(885,1,1,'/favicon.ico','https://multialmacen.nodo10.informaxdns.es:4443/modules/imaximprimepedidosservidor/pdaEntrada/principal.php','2024-09-17 13:26:47'),
(886,1,1,'/favicon.ico','https://multialmacen.nodo10.informaxdns.es:4443/modules/imaximprimepedidosservidor/pdaEntrada/principal.php','2024-09-17 13:29:33'),
(887,1,1,'/favicon.ico','https://multialmacen.nodo10.informaxdns.es:4443/modules/imaximprimepedidosservidor/pdaEntrada/principal.php','2024-09-17 13:32:46'),
(888,1,1,'/favicon.ico','https://multialmacen.nodo10.informaxdns.es:4443/modules/imaximprimepedidosservidor/menu/','2024-09-17 13:34:21'),
(889,1,1,'/favicon.ico','https://multialmacen.nodo10.informaxdns.es:4443/modules/imaximprimepedidosservidor/pdaEntrada/principal.php','2024-09-17 13:35:43'),
(890,1,1,'/favicon.ico','https://multialmacen.nodo10.informaxdns.es:4443/modules/imaximprimepedidosservidor/menu/','2024-09-17 13:40:54'),
(891,1,1,'/favicon.ico','https://multialmacen.nodo10.informaxdns.es:4443/modules/imaximprimepedidosservidor/pda/principal.php','2024-09-17 13:41:20'),
(892,1,1,'/favicon.ico','https://multialmacen.nodo10.informaxdns.es:4443/modules/imaximprimepedidosservidor/pda/principal.php','2024-09-17 13:41:57'),
(893,1,1,'/favicon.ico','https://multialmacen.nodo10.informaxdns.es:4443/modules/imaximprimepedidosservidor/menu/','2024-09-17 13:45:14'),
(894,1,1,'/favicon.ico','https://multialmacen.nodo10.informaxdns.es:4443/modules/imaxscanean/pda/principal.php','2024-09-17 13:45:59'),
(895,1,1,'/favicon.ico','https://multialmacen.nodo10.informaxdns.es:4443/modules/imaximprimepedidosservidor/menu/','2024-09-17 13:49:16'),
(896,1,1,'/favicon.ico','https://multialmacen.nodo10.informaxdns.es:4443/modules/imaxmovimientospda/pda/principal.php','2024-09-17 16:10:10'),
(897,1,1,'/favicon.ico','https://multialmacen.nodo10.informaxdns.es:4443/modules/imaxmovimientospda/pda/principal.php','2024-09-17 16:22:32'),
(898,1,1,'/favicon.ico','https://multialmacen.nodo10.informaxdns.es:4443/modules/imaxmovimientospda/pda/principal.php','2024-09-17 16:23:15'),
(899,1,1,'/favicon.ico','https://multialmacen.nodo10.informaxdns.es:4443/modules/imaximprimepedidosservidor/menu/','2024-09-17 16:51:17'),
(900,1,1,'/favicon.ico','https://multialmacen.nodo10.informaxdns.es:4443/modules/imaximprimepedidosservidor/menu/','2024-09-17 16:53:35'),
(901,1,1,'/favicon.ico','https://multialmacen.nodo10.informaxdns.es:4443/modules/imaxrecoleccionpda/pda/principal.php','2024-09-17 17:00:27'),
(902,1,1,'/favicon.ico','https://multialmacen.nodo10.informaxdns.es:4443/modules/imaximprimepedidosservidor/pdaEntrada/principal.php','2024-09-18 10:04:43'),
(903,1,1,'/favicon.ico','https://multialmacen.nodo10.informaxdns.es:4443/modules/imaximprimepedidosservidor/pdaEntrada/principal.php','2024-09-19 13:33:14'),
(904,1,1,'/favicon.ico','https://multialmacen.nodo10.informaxdns.es:4443/modules/imaxmultialmacen/imaxmultialmacen_cron.php?accion=sincronizarStockVirtual&token=ef9c8bb0db229eb13c5cbe678485dc33','2024-09-19 13:47:53'),
(905,1,1,'/favicon.ico','https://multialmacen.nodo10.informaxdns.es:4443/modules/imaxmultialmacen/imaxmultialmacen_cron.php?accion=sincronizarStockVirtual&token=ef9c8bb0db229eb13c5cbe678485dc33','2024-09-19 13:47:55'),
(906,1,1,'/favicon.ico','https://multialmacen.nodo10.informaxdns.es:4443/modules/imaxmultialmacen/override/modules/gestavdstock/editValores.php','2024-09-19 14:05:40'),
(907,1,1,'/favicon.ico','https://multialmacen.nodo10.informaxdns.es:4443/modules/imaxmultialmacen/override/modules/gestavdstock/editValores.php','2024-09-19 15:46:23'),
(908,1,1,'/favicon.ico','https://multialmacen.nodo10.informaxdns.es:4443/modules/imaximprimepedidosservidor/pdaEntrada/principal.php','2024-09-19 15:47:41'),
(909,1,1,'/favicon.ico','https://multialmacen.nodo10.informaxdns.es:4443/modules/imaximprimepedidosservidor/pdaEntrada/principal.php','2024-09-19 15:52:15'),
(910,1,1,'/favicon.ico','https://multialmacen.nodo10.informaxdns.es:4443/modules/imaximprimepedidosservidor/pdaEntrada/principal.php','2024-09-20 07:48:57'),
(911,1,1,'/favicon.ico','https://multialmacen.nodo10.informaxdns.es:4443/modules/imaximprimepedidosservidor/menu/','2024-09-20 07:48:59'),
(912,1,1,'/favicon.ico','https://multialmacen.nodo10.informaxdns.es:4443/modules/imaximprimepedidosservidor/menu/','2024-09-20 07:49:48'),
(913,1,1,'/favicon.ico','https://multialmacen.nodo10.informaxdns.es:4443/modules/imaxrecoleccionpda/pda/principal.php','2024-09-20 07:49:50'),
(914,1,1,'/favicon.ico','https://multialmacen.nodo10.informaxdns.es:4443/modules/imaxscanean/pda/principal.php','2024-09-20 08:30:10'),
(915,1,1,'/favicon.ico','https://multialmacen.nodo10.informaxdns.es:4443/modules/imaxmultialmacen/imaxmultialmacen_cron.php?accion=sincronizarStockVirtual&token=ef9c8bb0db229eb13c5cbe678485dc33','2024-09-20 08:30:51'),
(916,1,1,'/favicon.ico','https://multialmacen.nodo10.informaxdns.es:4443/modules/imaxmultialmacen/imaxmultialmacen_cron.php?accion=sincronizarStockVirtual&token=ef9c8bb0db229eb13c5cbe678485dc33','2024-09-20 08:30:53'),
(917,1,1,'/favicon.ico','https://multialmacen.nodo10.informaxdns.es:4443/modules/imaxmultialmacen/imaxmultialmacen_cron.php?accion=sincronizarStockVirtual&token=ef9c8bb0db229eb13c5cbe678485dc33','2024-09-20 08:33:10'),
(918,1,1,'/favicon.ico','https://multialmacen.nodo10.informaxdns.es:4443/modules/imaxscanean/pda/principal.php','2024-09-20 08:35:25'),
(919,1,1,'/favicon.ico','https://multialmacen.nodo10.informaxdns.es:4443/modules/imaxmovimientospda/pda/principal.php','2024-09-20 08:36:02'),
(920,1,1,'/favicon.ico','https://multialmacen.nodo10.informaxdns.es:4443/modules/imaximprimepedidosservidor/menu/index.php','2024-09-20 08:45:55'),
(921,1,1,'/favicon.ico','https://multialmacen.nodo10.informaxdns.es:4443/modules/imaximprimepedidosservidor/pdaEntrada/principal.php','2024-09-20 08:47:49'),
(922,1,1,'/favicon.ico','https://multialmacen.nodo10.informaxdns.es:4443/modules/imaximprimepedidosservidor/pdaEntrada/principal.php','2024-09-20 08:51:19'),
(923,1,1,'/favicon.ico','https://multialmacen.nodo10.informaxdns.es:4443/modules/imaxmultialmacen/imaxmultialmacen_cron.php?accion=sincronizarStockVirtual&token=ef9c8bb0db229eb13c5cbe678485dc33','2024-09-20 08:55:17'),
(924,1,1,'/favicon.ico','https://multialmacen.nodo10.informaxdns.es:4443/modules/imaxmultialmacen/imaxmultialmacen_cron.php?accion=sincronizarStockVirtual&token=ef9c8bb0db229eb13c5cbe678485dc33','2024-09-20 08:55:20'),
(925,1,1,'/favicon.ico','https://multialmacen.nodo10.informaxdns.es:4443/modules/imaxmultialmacen/imaxmultialmacen_cron.php?accion=sincronizarStockVirtual&token=ef9c8bb0db229eb13c5cbe678485dc33','2024-09-20 09:02:46'),
(926,1,1,'/favicon.ico','https://multialmacen.nodo10.informaxdns.es:4443/modules/imaxmultialmacen/imaxmultialmacen_cron.php?accion=sincronizarStockVirtual&token=ef9c8bb0db229eb13c5cbe678485dc33','2024-09-20 09:03:09'),
(927,1,1,'/favicon.ico','https://multialmacen.nodo10.informaxdns.es:4443/modules/imaxmultialmacen/imaxmultialmacen_cron.php?accion=sincronizarStockVirtual&token=ef9c8bb0db229eb13c5cbe678485dc33','2024-09-20 09:03:36'),
(928,1,1,'/favicon.ico','https://multialmacen.nodo10.informaxdns.es:4443/modules/imaxmultialmacen/imaxmultialmacen_cron.php?accion=sincronizarStockVirtual&token=ef9c8bb0db229eb13c5cbe678485dc33','2024-09-20 09:15:46'),
(929,1,1,'/favicon.ico','https://multialmacen.nodo10.informaxdns.es:4443/modules/imaxmovimientospda/pda/principal.php','2024-09-20 09:17:54'),
(930,1,1,'/favicon.ico','https://multialmacen.nodo10.informaxdns.es:4443/modules/imaxrecoleccionpda/pda/principal.php','2024-09-20 09:18:25'),
(931,1,1,'/favicon.ico','https://multialmacen.nodo10.informaxdns.es:4443/modules/imaxrecoleccionpda/pda/principal.php','2024-09-20 09:18:39'),
(932,1,1,'/favicon.ico','https://multialmacen.nodo10.informaxdns.es:4443/modules/imaxrecoleccionpda/pda/principal.php','2024-09-20 09:29:02'),
(933,1,1,'/favicon.ico','https://multialmacen.nodo10.informaxdns.es:4443/modules/imaxmultialmacen/imaxmultialmacen_cron.php?accion=sincronizarStockVirtual&token=ef9c8bb0db229eb13c5cbe678485dc33','2024-09-20 09:35:28'),
(934,1,1,'/favicon.ico','https://multialmacen.nodo10.informaxdns.es:4443/modules/imaximprimepedidosservidor/menu/','2024-09-20 09:37:53'),
(935,1,1,'/favicon.ico','https://multialmacen.nodo10.informaxdns.es:4443/modules/imaxmovimientospda/pda/principal.php','2024-09-20 09:37:59'),
(936,1,1,'/favicon.ico','https://multialmacen.nodo10.informaxdns.es:4443/modules/imaxmultialmacen/imaxmultialmacen_cron.php?accion=sincronizarStockVirtual&token=ef9c8bb0db229eb13c5cbe678485dc33','2024-09-20 09:44:54'),
(937,1,1,'/favicon.ico','https://multialmacen.nodo10.informaxdns.es:4443/modules/imaximprimepedidosservidor/menu/','2024-09-20 10:04:58'),
(938,1,1,'/favicon.ico','https://multialmacen.nodo10.informaxdns.es:4443/modules/imaxrecoleccionpda/pda/principal.php','2024-09-20 10:05:10'),
(939,1,1,'/favicon.ico','https://multialmacen.nodo10.informaxdns.es:4443/modules/imaxmultialmacen/imaxmultialmacen_cron.php?accion=sincronizarStockVirtual&token=ef9c8bb0db229eb13c5cbe678485dc33','2024-09-20 10:06:30'),
(940,1,1,'/favicon.ico','https://multialmacen.nodo10.informaxdns.es:4443/modules/imaxmultialmacen/imaxmultialmacen_cron.php?accion=sincronizarStockVirtual&token=ef9c8bb0db229eb13c5cbe678485dc33','2024-09-20 10:06:32'),
(941,1,1,'/favicon.ico','https://multialmacen.nodo10.informaxdns.es:4443/modules/imaximprimepedidosservidor/menu/','2024-09-20 10:06:59'),
(942,1,1,'/favicon.ico','https://multialmacen.nodo10.informaxdns.es:4443/modules/imaximprimepedidosservidor/menu/','2024-09-20 10:10:34'),
(943,1,1,'/favicon.ico','https://multialmacen.nodo10.informaxdns.es:4443/modules/imaximprimepedidosservidor/pdaEntrada/principal.php','2024-09-20 10:11:34'),
(944,1,1,'/favicon.ico','https://multialmacen.nodo10.informaxdns.es:4443/modules/imaximprimepedidosservidor/pda/principal.php','2024-09-20 10:11:45'),
(945,1,1,'/favicon.ico','https://multialmacen.nodo10.informaxdns.es:4443/modules/imaximprimepedidosservidor/pda/principal.php','2024-09-20 10:14:27'),
(946,1,1,'/favicon.ico','https://multialmacen.nodo10.informaxdns.es:4443/modules/imaximprimepedidosservidor/menu/','2024-09-20 10:19:13'),
(947,1,1,'/favicon.ico','https://multialmacen.nodo10.informaxdns.es:4443/modules/imaximprimepedidosservidor/pdaEntrada/principal.php','2024-09-20 10:19:15'),
(948,1,1,'/favicon.ico','https://multialmacen.nodo10.informaxdns.es:4443/modules/imaximprimepedidosservidor/pdaEntrada/principal.php','2024-09-20 10:23:52'),
(949,1,1,'/favicon.ico','https://multialmacen.nodo10.informaxdns.es:4443/modules/imaxmultialmacen/imaxmultialmacen_cron.php?accion=sincronizarStockVirtual&token=ef9c8bb0db229eb13c5cbe678485dc33','2024-09-20 10:25:20'),
(950,1,1,'/favicon.ico','https://multialmacen.nodo10.informaxdns.es:4443/modules/imaxmultialmacen/imaxmultialmacen_cron.php?accion=sincronizarStockVirtual&token=ef9c8bb0db229eb13c5cbe678485dc33','2024-09-20 10:25:22'),
(951,1,1,'/favicon.ico','https://multialmacen.nodo10.informaxdns.es:4443/modules/imaxmultialmacen/imaxmultialmacen_cron.php?accion=sincronizarStockVirtual&token=ef9c8bb0db229eb13c5cbe678485dc33','2024-09-20 10:26:28'),
(952,1,1,'/favicon.ico','https://multialmacen.nodo10.informaxdns.es:4443/modules/imaxmultialmacen/imaxmultialmacen_cron.php?accion=sincronizarStockVirtual&token=ef9c8bb0db229eb13c5cbe678485dc33','2024-09-20 10:29:05'),
(953,1,1,'/favicon.ico','https://multialmacen.nodo10.informaxdns.es:4443/modules/imaxmultialmacen/imaxmultialmacen_cron.php?accion=sincronizarStockVirtual&token=ef9c8bb0db229eb13c5cbe678485dc33','2024-09-20 10:29:06'),
(954,1,1,'/favicon.ico','https://multialmacen.nodo10.informaxdns.es:4443/modules/imaximprimepedidosservidor/menu/','2024-09-20 10:31:32'),
(955,1,1,'/favicon.ico','https://multialmacen.nodo10.informaxdns.es:4443/modules/imaxscanean/pda/principal.php','2024-09-20 10:31:35'),
(956,1,1,'/favicon.ico','https://multialmacen.nodo10.informaxdns.es:4443/modules/imaxmovimientospda/pda/principal.php','2024-09-20 10:47:53'),
(957,1,1,'/favicon.ico','https://multialmacen.nodo10.informaxdns.es:4443/modules/imaxinventariodiferido/pda/principal.php','2024-09-20 10:54:29'),
(958,1,1,'/favicon.ico','https://multialmacen.nodo10.informaxdns.es:4443/modules/imaxinventariodiferido/pda/principal.php','2024-09-20 10:54:43'),
(959,1,1,'/favicon.ico','https://multialmacen.nodo10.informaxdns.es:4443/modules/imaxinventariodiferido/pda/inventario.php?archivo=ejemplo%20inventario%203.csv&id=1','2024-09-20 10:54:50'),
(960,1,1,'/favicon.ico','https://multialmacen.nodo10.informaxdns.es:4443/modules/imaxinventariodiferido/pda/inventario.php?archivo=ejemplo%20inventario%203.csv&id=1','2024-09-20 10:55:34'),
(961,1,1,'/favicon.ico','https://multialmacen.nodo10.informaxdns.es:4443/modules/imaxinventariodiferido/pda/inventario.php?archivo=ejemplo%20inventario%203.csv&id=1','2024-09-20 10:56:22'),
(962,1,1,'/favicon.ico','https://multialmacen.nodo10.informaxdns.es:4443/modules/imaxinventariodiferido/pda/principal.php','2024-09-20 10:56:37'),
(963,1,1,'/favicon.ico','https://multialmacen.nodo10.informaxdns.es:4443/modules/imaxinventariodiferido/pda/inventario.php?archivo=ejemplo%20inventario%203.csv&id=1&estado=En%20proceso','2024-09-20 10:56:39'),
(964,1,1,'/favicon.ico','https://multialmacen.nodo10.informaxdns.es:4443/modules/imaximprimepedidosservidor/menu/','2024-09-20 11:02:53'),
(965,1,1,'/favicon.ico','https://multialmacen.nodo10.informaxdns.es:4443/modules/imaximprimepedidosservidor/menu/','2024-09-20 11:03:01'),
(966,1,1,'/favicon.ico','https://multialmacen.nodo10.informaxdns.es:4443/modules/imaxinventariodiferido/pda/inventario.php?archivo=ejemplo%20inventario%203.csv&id=1&estado=En%20proceso','2024-09-20 11:06:40'),
(967,1,1,'/favicon.ico','https://multialmacen.nodo10.informaxdns.es:4443/modules/imaxmovimientospda/pda/principal.php','2024-09-20 11:07:59'),
(968,1,1,'/favicon.ico','https://multialmacen.nodo10.informaxdns.es:4443/modules/imaxrecoleccionpda/pda/principal.php','2024-09-20 11:32:32'),
(969,1,1,'/favicon.ico','https://multialmacen.nodo10.informaxdns.es:4443/modules/imaxrecoleccionpda/pda/principal.php','2024-09-20 11:33:19'),
(970,1,1,'/favicon.ico','https://multialmacen.nodo10.informaxdns.es:4443/modules/imaxrecoleccionpda/pda/principal.php','2024-09-20 11:36:05'),
(971,1,1,'/favicon.ico','https://multialmacen.nodo10.informaxdns.es:4443/modules/imaximprimepedidosservidor/menu/','2024-09-20 11:37:19'),
(972,1,1,'/favicon.ico','https://multialmacen.nodo10.informaxdns.es:4443/modules/imaximprimepedidosservidor/menu/','2024-09-20 12:01:37'),
(973,1,1,'/favicon.ico','https://multialmacen.nodo10.informaxdns.es:4443/modules/imaxscanean/pda/principal.php','2024-09-20 12:01:42'),
(974,1,1,'/favicon.ico','https://multialmacen.nodo10.informaxdns.es:4443/modules/imaxscanean/pda/principal.php','2024-09-20 12:02:35'),
(975,1,1,'/favicon.ico','https://multialmacen.nodo10.informaxdns.es:4443/modules/imaxscanean/pda/principal.php','2024-09-20 12:03:32'),
(976,1,1,'/favicon.ico','https://multialmacen.nodo10.informaxdns.es:4443/modules/imaxscanean/pda/principal.php','2024-09-20 12:03:54'),
(977,1,1,'/favicon.ico','https://multialmacen.nodo10.informaxdns.es:4443/modules/imaximprimepedidosservidor/menu/','2024-09-20 12:05:55'),
(978,1,1,'/favicon.ico','https://multialmacen.nodo10.informaxdns.es:4443/modules/imaximprimepedidosservidor/pda/principal.php','2024-09-20 12:05:58'),
(979,1,1,'/favicon.ico','https://multialmacen.nodo10.informaxdns.es:4443/modules/imaximprimepedidosservidor/menu/','2024-09-20 12:06:45'),
(980,1,1,'/favicon.ico','https://multialmacen.nodo10.informaxdns.es:4443/modules/imaximprimepedidosservidor/menu/','2024-09-20 12:07:00'),
(981,1,1,'/favicon.ico','https://multialmacen.nodo10.informaxdns.es:4443/modules/imaximprimepedidosservidor/pda/principal.php','2024-09-20 12:07:02'),
(982,1,1,'/favicon.ico','https://multialmacen.nodo10.informaxdns.es:4443/modules/imaximprimepedidosservidor/pdaEntrada/principal.php','2024-09-23 08:47:23'),
(983,1,1,'/favicon.ico','https://multialmacen.nodo10.informaxdns.es:4443/modules/imaxinventariodiferido/pda/inventario.php?archivo=ejemplo%20inventario%203.csv&id=1&estado=En%20proceso','2024-09-23 11:08:55'),
(984,1,1,'/favicon.ico','https://multialmacen.nodo10.informaxdns.es:4443/adminTienda/index.php?controller=GestAvdStockMvt&token=3b7999619498120ee6bc1bf5f1dd3b90&searchMovimientos&submitState=9&movimientosFilter_reference=negroxl&list=1','2024-09-23 12:45:13'),
(985,1,1,'/favicon.ico','https://multialmacen.nodo10.informaxdns.es:4443/adminTienda/index.php?controller=GestAvdStockMvt&token=3b7999619498120ee6bc1bf5f1dd3b90&searchMovimientos&submitState=9&movimientosFilter_reference=negroxl&list=1','2024-09-23 12:45:52'),
(986,1,1,'/favicon.ico','https://multialmacen.nodo10.informaxdns.es:4443/adminTienda/index.php?controller=GestAvdStockMvt&token=3b7999619498120ee6bc1bf5f1dd3b90&searchMovimientos&submitState=9&movimientosFilter_reference=negroxl&list=1','2024-09-23 12:46:25'),
(987,1,1,'/favicon.ico','https://multialmacen.nodo10.informaxdns.es:4443/adminTienda/index.php?controller=GestAvdStockMvt&token=3b7999619498120ee6bc1bf5f1dd3b90&searchMovimientos','2024-09-23 12:48:32'),
(988,1,1,'/favicon.ico','https://multialmacen.nodo10.informaxdns.es:4443/adminTienda/index.php?controller=GestAvdStockMvt&token=3b7999619498120ee6bc1bf5f1dd3b90&searchMovimientos&submitState=9&movimientosFilter_reference=negroxl&list=1','2024-09-23 12:52:10'),
(989,1,1,'/favicon.ico','https://multialmacen.nodo10.informaxdns.es:4443/adminTienda/index.php?controller=GestAvdStockMvt&token=3b7999619498120ee6bc1bf5f1dd3b90&searchMovimientos&submitState=9&movimientosFilter_reference=negroxl&list=1','2024-09-23 13:01:25'),
(990,1,1,'/favicon.ico','https://multialmacen.nodo10.informaxdns.es:4443/adminTienda/index.php?controller=GestAvdStockMvt&token=3b7999619498120ee6bc1bf5f1dd3b90&searchMovimientos&submitState=9&movimientosFilter_reference=negroxl&list=1','2024-09-23 13:12:28'),
(991,1,1,'/favicon.ico','https://multialmacen.nodo10.informaxdns.es:4443/adminTienda/index.php?controller=GestAvdStockMvt&token=3b7999619498120ee6bc1bf5f1dd3b90&searchMovimientos&submitState=9&movimientosFilter_reference=negroxl&list=1','2024-09-23 15:15:40'),
(992,1,1,'/favicon.ico','https://multialmacen.nodo10.informaxdns.es:4443/adminTienda/index.php?controller=GestAvdStockMvt&token=3b7999619498120ee6bc1bf5f1dd3b90&searchMovimientos&submitState=9&movimientosFilter_reference=negroxl&list=1','2024-09-23 15:19:08'),
(993,1,1,'/favicon.ico','https://multialmacen.nodo10.informaxdns.es:4443/modules/imaxinventariodiferido/pda/principal.php','2024-09-23 15:25:45'),
(994,1,1,'/favicon.ico','https://multialmacen.nodo10.informaxdns.es:4443/modules/imaxinventariodiferido/pda/principal.php','2024-09-23 15:26:28'),
(995,1,1,'/favicon.ico','https://multialmacen.nodo10.informaxdns.es:4443/modules/imaximprimepedidosservidor/pdaEntrada/principal.php','2024-09-25 08:28:28'),
(996,1,1,'/favicon.ico','https://multialmacen.nodo10.informaxdns.es:4443/modules/imaximprimepedidosservidor/menu/','2024-09-25 08:31:19'),
(997,1,1,'/favicon.ico','https://multialmacen.nodo10.informaxdns.es:4443/modules/imaxmultialmacen/imaxmultialmacen_cron.php?accion=sincronizarStockVirtual&token=ef9c8bb0db229eb13c5cbe678485dc33','2024-09-25 08:41:08'),
(998,1,1,'/favicon.ico','https://multialmacen.nodo10.informaxdns.es:4443/modules/imaxrecoleccionpda/pda/principal.php','2024-09-25 08:41:13'),
(999,1,1,'/favicon.ico','https://multialmacen.nodo10.informaxdns.es:4443/modules/imaxrecoleccionpda/pda/principal.php','2024-09-25 08:44:08'),
(1000,1,1,'/favicon.ico','https://multialmacen.nodo10.informaxdns.es:4443/modules/imaxrecoleccionpda/pda/principal.php','2024-09-25 08:44:12'),
(1001,1,1,'/favicon.ico','https://multialmacen.nodo10.informaxdns.es:4443/modules/imaxrecoleccionpda/pda/principal.php','2024-09-25 08:46:14'),
(1002,1,1,'/favicon.ico','https://multialmacen.nodo10.informaxdns.es:4443/modules/imaxrecoleccionpda/pda/principal.php','2024-09-25 08:48:18'),
(1003,1,1,'/favicon.ico','https://multialmacen.nodo10.informaxdns.es:4443/modules/imaxrecoleccionpda/pda/principal.php','2024-09-25 08:58:59'),
(1004,1,1,'/favicon.ico','https://multialmacen.nodo10.informaxdns.es:4443/modules/imaxrecoleccionpda/pda/principal.php','2024-09-25 08:59:34'),
(1005,1,1,'/favicon.ico','https://multialmacen.nodo10.informaxdns.es:4443/modules/imaxrecoleccionpda/pda/principal.php','2024-09-25 09:02:48'),
(1006,1,1,'/favicon.ico','https://multialmacen.nodo10.informaxdns.es:4443/modules/imaxscanean/pda/principal.php','2024-09-25 09:10:56'),
(1007,1,1,'/favicon.ico','https://multialmacen.nodo10.informaxdns.es:4443/modules/imaxscanean/pda/principal.php','2024-09-25 09:12:23'),
(1008,1,1,'/favicon.ico','https://multialmacen.nodo10.informaxdns.es:4443/modules/imaxrecoleccionpda/pda/principal.php','2024-09-25 09:16:57'),
(1009,1,1,'/favicon.ico','https://multialmacen.nodo10.informaxdns.es:4443/modules/imaxrecoleccionpda/pda/principal.php','2024-09-25 09:17:17'),
(1010,1,1,'/favicon.ico','https://multialmacen.nodo10.informaxdns.es:4443/modules/imaxrecoleccionpda/pda/principal.php','2024-09-25 09:20:15'),
(1011,1,1,'/favicon.ico','https://multialmacen.nodo10.informaxdns.es:4443/modules/imaxrecoleccionpda/pda/principal.php','2024-09-25 09:20:27'),
(1012,1,1,'/favicon.ico','https://multialmacen.nodo10.informaxdns.es:4443/modules/imaxrecoleccionpda/pda/principal.php','2024-09-25 09:25:30'),
(1013,1,1,'/favicon.ico','https://multialmacen.nodo10.informaxdns.es:4443/modules/imaxrecoleccionpda/pda/principal.php','2024-09-25 09:25:34'),
(1014,1,1,'/favicon.ico','https://multialmacen.nodo10.informaxdns.es:4443/modules/imaxmovimientospda/pda/principal.php','2024-09-25 09:27:06'),
(1015,1,1,'/favicon.ico','https://multialmacen.nodo10.informaxdns.es:4443/modules/imaxrecoleccionpda/pda/principal.php','2024-09-25 09:28:05'),
(1016,1,1,'/favicon.ico','https://multialmacen.nodo10.informaxdns.es:4443/modules/imaxmultialmacen/imaxmultialmacen_cron.php?accion=sincronizarStockVirtual&token=ef9c8bb0db229eb13c5cbe678485dc33','2024-09-25 09:31:17'),
(1017,1,1,'/favicon.ico','https://multialmacen.nodo10.informaxdns.es:4443/modules/imaxmultialmacen/imaxmultialmacen_cron.php?accion=sincronizarStockVirtual&token=ef9c8bb0db229eb13c5cbe678485dc33','2024-09-25 09:31:19'),
(1018,1,1,'/favicon.ico','https://multialmacen.nodo10.informaxdns.es:4443/modules/imaxmovimientospda/pda/principal.php','2024-09-25 09:42:06'),
(1019,1,1,'/favicon.ico','https://multialmacen.nodo10.informaxdns.es:4443/modules/imaximprimepedidosservidor/menu/','2024-09-25 09:56:55'),
(1020,1,1,'/favicon.ico','https://multialmacen.nodo10.informaxdns.es:4443/modules/imaximprimepedidosservidor/menu/','2024-09-25 10:00:19'),
(1021,1,1,'/favicon.ico','https://multialmacen.nodo10.informaxdns.es:4443/modules/imaximprimepedidosservidor/menu/','2024-09-25 10:05:52'),
(1022,1,1,'/favicon.ico','https://multialmacen.nodo10.informaxdns.es:4443/modules/imaxrecoleccionpda/pda/principal.php','2024-09-25 10:06:03'),
(1023,1,1,'/favicon.ico','https://multialmacen.nodo10.informaxdns.es:4443/modules/imaxrecoleccionpda/pda/principal.php','2024-09-25 10:10:42'),
(1024,1,1,'/favicon.ico','https://multialmacen.nodo10.informaxdns.es:4443/modules/imaxrecoleccionpda/pda/principal.php','2024-09-25 10:11:58'),
(1025,1,1,'/favicon.ico','https://multialmacen.nodo10.informaxdns.es:4443/modules/imaxrecoleccionpda/pda/principal.php','2024-09-25 10:13:08'),
(1026,1,1,'/favicon.ico','https://multialmacen.nodo10.informaxdns.es:4443/modules/imaxrecoleccionpda/pda/principal.php','2024-09-25 10:13:31'),
(1027,1,1,'/favicon.ico','https://multialmacen.nodo10.informaxdns.es:4443/modules/imaxrecoleccionpda/pda/principal.php','2024-09-25 10:14:25'),
(1028,1,1,'/favicon.ico','https://multialmacen.nodo10.informaxdns.es:4443/modules/imaxrecoleccionpda/pda/principal.php','2024-09-25 10:15:19'),
(1029,1,1,'/favicon.ico','https://multialmacen.nodo10.informaxdns.es:4443/modules/imaxrecoleccionpda/pda/principal.php','2024-09-25 10:15:47'),
(1030,1,1,'/favicon.ico','https://multialmacen.nodo10.informaxdns.es:4443/modules/imaxrecoleccionpda/pda/principal.php','2024-09-25 10:17:13'),
(1031,1,1,'/favicon.ico','https://multialmacen.nodo10.informaxdns.es:4443/modules/imaxrecoleccionpda/pda/principal.php','2024-09-25 10:18:11'),
(1032,1,1,'/favicon.ico','https://multialmacen.nodo10.informaxdns.es:4443/modules/imaxrecoleccionpda/pda/principal.php','2024-09-25 10:18:49'),
(1033,1,1,'/favicon.ico','https://multialmacen.nodo10.informaxdns.es:4443/modules/imaxmovimientospda/pda/principal.php','2024-09-25 16:27:14'),
(1034,1,1,'/js/jquery/jquery-migrate.min.map','','2024-09-25 16:51:32'),
(1035,1,1,'/favicon.ico','https://multialmacen.nodo10.informaxdns.es:4443/modules/imaxrecoleccionpda/pda/principal.php','2024-09-26 08:57:55'),
(1036,1,1,'/favicon.ico','https://multialmacen.nodo10.informaxdns.es:4443/modules/imaximprimepedidosservidor/menu/','2024-09-26 08:58:36'),
(1037,1,1,'/favicon.ico','https://multialmacen.nodo10.informaxdns.es:4443/modules/imaxmovimientospda/pda/principal.php','2024-09-27 09:38:07'),
(1038,1,1,'/favicon.ico','https://multialmacen.nodo10.informaxdns.es:4443/modules/imaxrecoleccionpda/pda/principal.php','2024-09-27 15:21:00'),
(1039,1,1,'/favicon.ico','https://multialmacen.nodo10.informaxdns.es:4443/modules/imaxmovimientospda/pda/principal.php','2024-09-27 15:30:06'),
(1040,1,1,'/favicon.ico','https://multialmacen.nodo10.informaxdns.es:4443/modules/imaxmultialmacen/imaxmultialmacen_cron.php?accion=sincronizarStockVirtual&token=ef9c8bb0db229eb13c5cbe678485dc33','2024-09-27 15:36:30'),
(1041,1,1,'/favicon.ico','https://multialmacen.nodo10.informaxdns.es:4443/modules/imaxrecoleccionpda/pda/principal.php','2024-09-30 13:00:03'),
(1042,1,1,'/favicon.ico','https://multialmacen.nodo10.informaxdns.es:4443/modules/imaxrecoleccionpda/pda/principal.php','2024-10-01 11:38:20'),
(1043,1,1,'/favicon.ico','https://multialmacen.nodo10.informaxdns.es:4443/modules/imaxmovimientospda/pda/principal.php','2024-10-01 18:02:33'),
(1044,1,1,'/favicon.ico','https://multialmacen.nodo10.informaxdns.es:4443/modules/imaxrecoleccionpda/pda/principal.php','2024-10-02 07:47:59'),
(1045,1,1,'/favicon.ico','https://multialmacen.nodo10.informaxdns.es:4443/modules/imaxrecoleccionpda/pda/principal.php','2024-10-02 07:48:25'),
(1046,1,1,'/favicon.ico','https://multialmacen.nodo10.informaxdns.es:4443/modules/imaxrecoleccionpda/pda/principal.php','2024-10-02 07:56:49'),
(1047,1,1,'/favicon.ico','https://multialmacen.nodo10.informaxdns.es:4443/modules/imaxmovimientospda/pda/principal.php','2024-10-02 08:23:05'),
(1048,1,1,'/favicon.ico','https://multialmacen.nodo10.informaxdns.es:4443/modules/imaxrecoleccionpda/pda/principal.php','2024-10-02 08:49:28'),
(1049,1,1,'/favicon.ico','https://multialmacen.nodo10.informaxdns.es:4443/modules/imaxmultialmacen/imaxmultialmacen_cron.php?accion=sincronizarStockVirtual&token=ef9c8bb0db229eb13c5cbe678485dc33','2024-10-02 09:23:45'),
(1050,1,1,'/favicon.ico','https://multialmacen.nodo10.informaxdns.es:4443/modules/imaxrecoleccionpda/pda/principal.php','2024-10-02 10:29:18'),
(1051,1,1,'/favicon.ico','https://multialmacen.nodo10.informaxdns.es:4443/modules/imaxrecoleccionpda/pda/principal.php','2024-10-02 10:31:07'),
(1052,1,1,'/favicon.ico','https://multialmacen.nodo10.informaxdns.es:4443/modules/imaxrecoleccionpda/pda/principal.php','2024-10-02 10:31:25'),
(1053,1,1,'/favicon.ico','https://multialmacen.nodo10.informaxdns.es:4443/modules/imaximprimepedidosservidor/menu/','2024-10-02 10:36:25'),
(1054,1,1,'/favicon.ico','https://multialmacen.nodo10.informaxdns.es:4443/modules/imaxmovimientospda/pda/principal.php','2024-10-02 10:36:52'),
(1055,1,1,'/favicon.ico','https://multialmacen.nodo10.informaxdns.es:4443/modules/imaximprimepedidosservidor/menu/','2024-10-02 10:37:22'),
(1056,1,1,'/favicon.ico','https://multialmacen.nodo10.informaxdns.es:4443/modules/imaxrecoleccionpda/pda/principal.php','2024-10-02 10:37:24'),
(1057,1,1,'/favicon.ico','https://multialmacen.nodo10.informaxdns.es:4443/modules/imaximprimepedidosservidor/menu/','2024-10-02 10:48:33'),
(1058,1,1,'/favicon.ico','https://multialmacen.nodo10.informaxdns.es:4443/modules/imaximprimepedidosservidor/menu/','2024-10-02 10:48:43'),
(1059,1,1,'/favicon.ico','https://multialmacen.nodo10.informaxdns.es:4443/modules/imaximprimepedidosservidor/menu/','2024-10-02 10:49:31'),
(1060,1,1,'/favicon.ico','https://multialmacen.nodo10.informaxdns.es:4443/modules/imaximprimepedidosservidor/menu/','2024-10-02 10:50:51'),
(1061,1,1,'/favicon.ico','https://multialmacen.nodo10.informaxdns.es:4443/modules/imaxrecoleccionpda/pda/principal.php','2024-10-02 10:50:52'),
(1062,1,1,'/favicon.ico','https://multialmacen.nodo10.informaxdns.es:4443/modules/imaximprimepedidosservidor/menu/','2024-10-02 11:00:38'),
(1063,1,1,'/favicon.ico','https://multialmacen.nodo10.informaxdns.es:4443/modules/imaximprimepedidosservidor/pdaEntrada/principal.php','2024-10-02 11:01:06'),
(1064,1,1,'/favicon.ico','https://multialmacen.nodo10.informaxdns.es:4443/modules/imaxmovimientospda/pda/principal.php','2024-10-02 11:02:03'),
(1065,1,1,'/favicon.ico','https://multialmacen.nodo10.informaxdns.es:4443/modules/imaximprimepedidosservidor/menu/','2024-10-02 11:05:49'),
(1066,1,1,'/favicon.ico','https://multialmacen.nodo10.informaxdns.es:4443/modules/imaxrecoleccionpda/pda/principal.php','2024-10-03 21:08:40'),
(1067,1,1,'/favicon.ico','https://multialmacen.nodo10.informaxdns.es:4443/modules/imaxmovimientospda/pda/principal.php','2024-10-07 12:40:01'),
(1068,1,1,'/favicon.ico','https://multialmacen.nodo10.informaxdns.es:4443/modules/imaxmovimientospda/pda/principal.php','2024-10-09 11:34:43'),
(1069,1,1,'/favicon.ico','https://multialmacen.nodo10.informaxdns.es:4443/modules/imaxrecoleccionpda/pda/principal.php','2024-10-11 08:15:13'),
(1070,1,1,'/favicon.ico','https://multialmacen.nodo10.informaxdns.es:4443/modules/imaxmovimientospda/pda/principal.php','2024-10-11 08:21:48'),
(1071,1,1,'/favicon.ico','https://multialmacen.nodo10.informaxdns.es:4443/modules/imaxmovimientospda/pda/principal.php','2024-10-11 08:31:03'),
(1072,1,1,'/favicon.ico','https://multialmacen.nodo10.informaxdns.es:4443/modules/imaxmovimientospda/pda/principal.php','2024-10-11 08:33:02'),
(1073,1,1,'/favicon.ico','https://multialmacen.nodo10.informaxdns.es:4443/modules/imaxmovimientospda/pda/principal.php','2024-10-11 08:51:16'),
(1074,1,1,'/favicon.ico','https://multialmacen.nodo10.informaxdns.es:4443/modules/imaxmovimientospda/pda/principal.php','2024-10-11 09:03:42'),
(1075,1,1,'/favicon.ico','https://multialmacen.nodo10.informaxdns.es:4443/modules/imaximprimepedidosservidor/menu/','2024-10-11 09:07:27'),
(1076,1,1,'/favicon.ico','https://multialmacen.nodo10.informaxdns.es:4443/modules/imaximprimepedidosservidor/pda/principal.php','2024-10-11 09:07:40'),
(1077,1,1,'/favicon.ico','https://multialmacen.nodo10.informaxdns.es:4443/modules/imaximprimepedidosservidor/menu/','2024-10-11 09:12:32'),
(1078,1,1,'/favicon.ico','https://multialmacen.nodo10.informaxdns.es:4443/modules/imaxrecoleccionpda/pda/principal.php','2024-10-11 09:13:25'),
(1079,1,1,'/favicon.ico','https://multialmacen.nodo10.informaxdns.es:4443/modules/imaximprimepedidosservidor/menu/','2024-10-11 09:13:39'),
(1080,1,1,'/favicon.ico','https://multialmacen.nodo10.informaxdns.es:4443/modules/imaximprimepedidosservidor/pda/principal.php','2024-10-11 09:13:44'),
(1081,1,1,'/favicon.ico','https://multialmacen.nodo10.informaxdns.es:4443/modules/imaximprimepedidosservidor/menu/','2024-10-11 09:20:19'),
(1082,1,1,'/favicon.ico','https://multialmacen.nodo10.informaxdns.es:4443/modules/imaximprimepedidosservidor/menu/','2024-10-11 09:21:34'),
(1083,1,1,'/favicon.ico','https://multialmacen.nodo10.informaxdns.es:4443/modules/imaxmovimientospda/pda/principal.php','2024-10-11 09:21:37'),
(1084,1,1,'/favicon.ico','https://multialmacen.nodo10.informaxdns.es:4443/modules/imaxmovimientospda/pda/principal.php','2024-10-11 09:22:31'),
(1085,1,1,'/favicon.ico','https://multialmacen.nodo10.informaxdns.es:4443/modules/imaxmovimientospda/pda/principal.php','2024-10-11 09:54:47'),
(1086,1,1,'/favicon.ico','https://multialmacen.nodo10.informaxdns.es:4443/modules/imaxmultialmacen/imaxmultialmacen_cron.php?accion=sincronizarStockVirtual&token=ef9c8bb0db229eb13c5cbe678485dc33','2024-10-11 11:30:18'),
(1087,1,1,'/favicon.ico','https://multialmacen.nodo10.informaxdns.es:4443/modules/imaxmovimientospda/pda/principal.php','2024-10-11 17:59:44'),
(1088,1,1,'/favicon.ico','https://multialmacen.nodo10.informaxdns.es:4443/modules/imaxmultialmacen/imaxmultialmacen_cron.php?accion=sincronizarStockVirtual&token=ef9c8bb0db229eb13c5cbe678485dc33','2024-10-16 18:19:21'),
(1089,1,1,'/favicon.ico','https://multialmacen.nodo10.informaxdns.es:4443/modules/imaxmovimientospda/pda/principal.php','2024-10-17 08:59:13');

--
-- Table structure for table `imaxproduct`
--

CREATE TABLE `imaxproduct` (
  `id_product` int(10) unsigned NOT NULL AUTO_INCREMENT,
  `id_supplier` int(10) unsigned DEFAULT NULL,
  `id_manufacturer` int(10) unsigned DEFAULT NULL,
  `id_category_default` int(10) unsigned DEFAULT NULL,
  `id_shop_default` int(10) unsigned NOT NULL DEFAULT 1,
  `id_tax_rules_group` int(11) unsigned NOT NULL,
  `on_sale` tinyint(1) unsigned NOT NULL DEFAULT 0,
  `online_only` tinyint(1) unsigned NOT NULL DEFAULT 0,
  `ean13` varchar(13) DEFAULT NULL,
  `isbn` varchar(32) DEFAULT NULL,
  `upc` varchar(12) DEFAULT NULL,
  `mpn` varchar(40) DEFAULT NULL,
  `ecotax` decimal(17,6) NOT NULL DEFAULT 0.000000,
  `quantity` int(10) NOT NULL DEFAULT 0,
  `minimal_quantity` int(10) unsigned NOT NULL DEFAULT 1,
  `low_stock_threshold` int(10) DEFAULT NULL,
  `low_stock_alert` tinyint(1) NOT NULL DEFAULT 0,
  `price` decimal(20,6) NOT NULL DEFAULT 0.000000,
  `wholesale_price` decimal(20,6) NOT NULL DEFAULT 0.000000,
  `unity` varchar(255) DEFAULT NULL,
  `unit_price` decimal(20,6) NOT NULL DEFAULT 0.000000,
  `unit_price_ratio` decimal(20,6) NOT NULL DEFAULT 0.000000,
  `additional_shipping_cost` decimal(20,6) NOT NULL DEFAULT 0.000000,
  `reference` varchar(64) DEFAULT NULL,
  `supplier_reference` varchar(64) DEFAULT NULL,
  `location` varchar(255) NOT NULL DEFAULT '',
  `width` decimal(20,6) NOT NULL DEFAULT 0.000000,
  `height` decimal(20,6) NOT NULL DEFAULT 0.000000,
  `depth` decimal(20,6) NOT NULL DEFAULT 0.000000,
  `weight` decimal(20,6) NOT NULL DEFAULT 0.000000,
  `out_of_stock` int(10) unsigned NOT NULL DEFAULT 2,
  `additional_delivery_times` tinyint(1) unsigned NOT NULL DEFAULT 1,
  `quantity_discount` tinyint(1) DEFAULT 0,
  `customizable` tinyint(2) NOT NULL DEFAULT 0,
  `uploadable_files` tinyint(4) NOT NULL DEFAULT 0,
  `text_fields` tinyint(4) NOT NULL DEFAULT 0,
  `active` tinyint(1) unsigned NOT NULL DEFAULT 0,
  `redirect_type` enum('','404','410','301-product','302-product','301-category','302-category','200-displayed','404-displayed','410-displayed','default') NOT NULL DEFAULT 'default',
  `id_type_redirected` int(10) unsigned NOT NULL DEFAULT 0,
  `available_for_order` tinyint(1) NOT NULL DEFAULT 1,
  `available_date` date DEFAULT NULL,
  `show_condition` tinyint(1) NOT NULL DEFAULT 0,
  `condition` enum('new','used','refurbished') NOT NULL DEFAULT 'new',
  `show_price` tinyint(1) NOT NULL DEFAULT 1,
  `indexed` tinyint(1) NOT NULL DEFAULT 0,
  `visibility` enum('both','catalog','search','none') NOT NULL DEFAULT 'both',
  `cache_is_pack` tinyint(1) NOT NULL DEFAULT 0,
  `cache_has_attachments` tinyint(1) NOT NULL DEFAULT 0,
  `is_virtual` tinyint(1) NOT NULL DEFAULT 0,
  `cache_default_attribute` int(10) unsigned DEFAULT NULL,
  `date_add` datetime NOT NULL,
  `date_upd` datetime NOT NULL,
  `advanced_stock_management` tinyint(1) NOT NULL DEFAULT 0,
  `pack_stock_type` int(11) unsigned NOT NULL DEFAULT 3,
  `state` int(11) unsigned NOT NULL DEFAULT 1,
  `product_type` enum('standard','pack','virtual','combinations','') NOT NULL DEFAULT '',
  PRIMARY KEY (`id_product`),
  KEY `reference_idx` (`reference`),
  KEY `supplier_reference_idx` (`supplier_reference`),
  KEY `product_supplier` (`id_supplier`),
  KEY `product_manufacturer` (`id_manufacturer`,`id_product`),
  KEY `id_category_default` (`id_category_default`),
  KEY `indexed` (`indexed`),
  KEY `date_add` (`date_add`),
  KEY `state` (`state`,`date_upd`)
) ENGINE=InnoDB AUTO_INCREMENT=10 DEFAULT CHARSET=utf8mb4 COLLATE=utf8mb4_general_ci;

--
-- Dumping data for table `imaxproduct`
--

INSERT INTO `imaxproduct` VALUES
(1,0,0,2,1,1,0,0,'','','','',0.000000,0,1,0,0,8.264463,0.000000,'',0.000000,0.000000,0.000000,'abcd','','',0.000000,0.000000,0.000000,0.000000,2,1,0,0,0,0,1,'default',0,1,'0000-00-00',0,'new',1,1,'both',0,0,0,0,'2024-05-15 12:10:14','2024-07-22 14:28:35',0,3,1,'standard'),
(2,0,0,2,1,1,0,0,'','','','',0.000000,0,1,0,0,41.322314,0.000000,'',0.000000,0.000000,0.000000,'qwer','','aaaaa',0.000000,0.000000,0.000000,0.000000,2,1,0,0,0,0,1,'default',0,1,'0000-00-00',0,'new',1,1,'both',0,0,0,0,'2024-05-15 16:05:42','2024-07-16 13:45:02',0,3,1,'standard'),
(3,0,0,2,1,1,0,0,'','','','',0.000000,0,1,0,0,0.000000,0.000000,'',0.000000,0.000000,0.000000,'','','',0.000000,0.000000,0.000000,0.000000,2,1,0,0,0,0,1,'default',0,1,'0000-00-00',0,'new',1,1,'both',0,0,0,3,'2024-05-24 12:16:27','2024-10-02 10:31:02',0,3,1,'combinations'),
(4,0,0,2,1,1,0,0,'','','','',0.000000,0,1,0,0,0.000000,0.000000,'',0.000000,0.000000,0.000000,'','','',0.000000,0.000000,0.000000,0.000000,2,1,0,0,0,0,1,'default',0,1,'0000-00-00',0,'new',1,1,'both',0,0,0,0,'2024-06-20 10:11:42','2024-06-20 11:14:11',0,3,1,'standard'),
(5,0,0,2,1,1,0,0,'','','','',0.000000,0,1,0,0,0.000000,0.000000,'',0.000000,0.000000,0.000000,'','','',0.000000,0.000000,0.000000,0.000000,2,1,0,0,0,0,1,'default',0,1,'0000-00-00',0,'new',1,1,'both',0,0,0,0,'2024-06-20 11:15:19','2024-06-20 11:15:34',0,3,1,'standard'),
(6,0,0,3,1,1,0,0,'','','','',0.000000,0,1,0,0,0.000000,0.000000,'',0.000000,0.000000,0.000000,'','','',0.000000,0.000000,0.000000,0.000000,2,1,0,0,0,0,0,'default',0,1,'0000-00-00',0,'new',1,0,'both',0,0,0,0,'2024-07-05 13:42:33','2024-07-05 13:43:10',0,3,1,'standard'),
(7,0,0,3,1,1,0,0,'','','','',0.000000,0,1,0,0,0.000000,0.000000,'',0.000000,0.000000,0.000000,'','','',0.000000,0.000000,0.000000,0.000000,2,1,0,0,0,0,0,'default',0,1,'0000-00-00',0,'new',1,0,'both',0,0,0,0,'2024-07-05 13:42:33','2024-07-05 13:43:14',0,3,1,'standard'),
(8,0,0,3,1,1,0,0,'','','','',0.000000,0,1,0,0,0.000000,0.000000,'',0.000000,0.000000,0.000000,'','','',0.000000,0.000000,0.000000,0.000000,2,1,0,0,0,0,0,'default',0,1,'0000-00-00',0,'new',1,0,'both',0,0,0,0,'2024-07-05 13:42:33','2024-07-05 13:43:19',0,3,1,'standard'),
(9,0,0,3,1,1,0,0,'','','','',0.000000,0,1,0,0,0.000000,0.000000,'',0.000000,0.000000,0.000000,'','','',0.000000,0.000000,0.000000,0.000000,2,1,0,0,0,0,0,'default',0,1,'0000-00-00',0,'new',1,0,'both',0,0,0,0,'2024-07-05 13:42:33','2024-07-05 13:43:24',0,3,1,'standard');

--
-- Table structure for table `imaxproduct_attachment`
--

CREATE TABLE `imaxproduct_attachment` (
  `id_product` int(10) unsigned NOT NULL,
  `id_attachment` int(10) unsigned NOT NULL,
  PRIMARY KEY (`id_product`,`id_attachment`)
) ENGINE=InnoDB DEFAULT CHARSET=utf8mb4 COLLATE=utf8mb4_general_ci;

--
-- Dumping data for table `imaxproduct_attachment`
--


--
-- Table structure for table `imaxproduct_attribute`
--

CREATE TABLE `imaxproduct_attribute` (
  `id_product_attribute` int(10) unsigned NOT NULL AUTO_INCREMENT,
  `id_product` int(10) unsigned NOT NULL,
  `reference` varchar(64) DEFAULT NULL,
  `supplier_reference` varchar(64) DEFAULT NULL,
  `ean13` varchar(13) DEFAULT NULL,
  `isbn` varchar(32) DEFAULT NULL,
  `upc` varchar(12) DEFAULT NULL,
  `mpn` varchar(40) DEFAULT NULL,
  `wholesale_price` decimal(20,6) NOT NULL DEFAULT 0.000000,
  `price` decimal(20,6) NOT NULL DEFAULT 0.000000,
  `ecotax` decimal(17,6) NOT NULL DEFAULT 0.000000,
  `weight` decimal(20,6) NOT NULL DEFAULT 0.000000,
  `unit_price_impact` decimal(20,6) NOT NULL DEFAULT 0.000000,
  `default_on` tinyint(1) unsigned DEFAULT NULL,
  `minimal_quantity` int(10) unsigned NOT NULL DEFAULT 1,
  `low_stock_threshold` int(10) DEFAULT NULL,
  `low_stock_alert` tinyint(1) NOT NULL DEFAULT 0,
  `available_date` date DEFAULT NULL,
  PRIMARY KEY (`id_product_attribute`),
  UNIQUE KEY `product_default` (`id_product`,`default_on`),
  KEY `product_attribute_product` (`id_product`),
  KEY `reference` (`reference`),
  KEY `supplier_reference` (`supplier_reference`),
  KEY `id_product_id_product_attribute` (`id_product_attribute`,`id_product`)
) ENGINE=InnoDB AUTO_INCREMENT=12 DEFAULT CHARSET=utf8mb4 COLLATE=utf8mb4_general_ci;

--
-- Dumping data for table `imaxproduct_attribute`
--

INSERT INTO `imaxproduct_attribute` VALUES
(3,3,'rojol','','','','','',0.000000,10.000000,0.000000,0.000000,0.000000,1,1,0,0,'0000-00-00'),
(4,3,'rojom','','','','','',0.000000,11.000000,0.000000,0.000000,0.000000,NULL,1,NULL,0,'0000-00-00'),
(5,3,'rojoxl','','','','','',0.000000,12.000000,0.000000,0.000000,0.000000,NULL,1,NULL,0,'0000-00-00'),
(9,3,'negrol','','','','','',0.000000,13.000000,0.000000,0.000000,0.000000,NULL,1,NULL,0,'0000-00-00'),
(10,3,'negrom','','','','','',0.000000,14.000000,0.000000,0.000000,0.000000,NULL,1,NULL,0,'0000-00-00'),
(11,3,'negroxl','','','','','',0.000000,15.000000,0.000000,0.000000,0.000000,NULL,1,NULL,0,'0000-00-00');

--
-- Table structure for table `imaxproduct_attribute_combination`
--

CREATE TABLE `imaxproduct_attribute_combination` (
  `id_attribute` int(10) unsigned NOT NULL,
  `id_product_attribute` int(10) unsigned NOT NULL,
  PRIMARY KEY (`id_attribute`,`id_product_attribute`),
  KEY `id_product_attribute` (`id_product_attribute`)
) ENGINE=InnoDB DEFAULT CHARSET=utf8mb4 COLLATE=utf8mb4_general_ci;

--
-- Dumping data for table `imaxproduct_attribute_combination`
--

INSERT INTO `imaxproduct_attribute_combination` VALUES
(1,3),
(1,4),
(1,5),
(2,9),
(2,10),
(2,11),
(3,3),
(3,9),
(4,4),
(4,10),
(5,5),
(5,11);

--
-- Table structure for table `imaxproduct_attribute_image`
--

CREATE TABLE `imaxproduct_attribute_image` (
  `id_product_attribute` int(10) unsigned NOT NULL,
  `id_image` int(10) unsigned NOT NULL,
  PRIMARY KEY (`id_product_attribute`,`id_image`),
  KEY `id_image` (`id_image`)
) ENGINE=InnoDB DEFAULT CHARSET=utf8mb4 COLLATE=utf8mb4_general_ci;

--
-- Dumping data for table `imaxproduct_attribute_image`
--


--
-- Table structure for table `imaxproduct_attribute_lang`
--

CREATE TABLE `imaxproduct_attribute_lang` (
  `id_product_attribute` int(10) unsigned NOT NULL,
  `id_lang` int(10) unsigned NOT NULL,
  `available_now` varchar(255) DEFAULT NULL,
  `available_later` varchar(255) DEFAULT NULL,
  PRIMARY KEY (`id_product_attribute`,`id_lang`)
) ENGINE=InnoDB DEFAULT CHARSET=utf8mb4 COLLATE=utf8mb4_general_ci;

--
-- Dumping data for table `imaxproduct_attribute_lang`
--

INSERT INTO `imaxproduct_attribute_lang` VALUES
(3,1,'',''),
(4,1,'',''),
(5,1,'',''),
(9,1,'',''),
(10,1,'',''),
(11,1,'','');

--
-- Table structure for table `imaxproduct_attribute_shop`
--

CREATE TABLE `imaxproduct_attribute_shop` (
  `id_product` int(10) unsigned NOT NULL,
  `id_product_attribute` int(10) unsigned NOT NULL,
  `id_shop` int(10) unsigned NOT NULL,
  `wholesale_price` decimal(20,6) NOT NULL DEFAULT 0.000000,
  `price` decimal(20,6) NOT NULL DEFAULT 0.000000,
  `ecotax` decimal(17,6) NOT NULL DEFAULT 0.000000,
  `weight` decimal(20,6) NOT NULL DEFAULT 0.000000,
  `unit_price_impact` decimal(20,6) NOT NULL DEFAULT 0.000000,
  `default_on` tinyint(1) unsigned DEFAULT NULL,
  `minimal_quantity` int(10) unsigned NOT NULL DEFAULT 1,
  `low_stock_threshold` int(10) DEFAULT NULL,
  `low_stock_alert` tinyint(1) NOT NULL DEFAULT 0,
  `available_date` date DEFAULT NULL,
  PRIMARY KEY (`id_product_attribute`,`id_shop`),
  UNIQUE KEY `id_product` (`id_product`,`id_shop`,`default_on`)
) ENGINE=InnoDB DEFAULT CHARSET=utf8mb4 COLLATE=utf8mb4_general_ci;

--
-- Dumping data for table `imaxproduct_attribute_shop`
--

INSERT INTO `imaxproduct_attribute_shop` VALUES
(3,3,1,0.000000,10.000000,0.000000,0.000000,0.000000,1,1,0,0,'0000-00-00'),
(3,4,1,0.000000,11.000000,0.000000,0.000000,0.000000,NULL,1,NULL,0,'0000-00-00'),
(3,5,1,0.000000,12.000000,0.000000,0.000000,0.000000,NULL,1,NULL,0,'0000-00-00'),
(3,9,1,0.000000,13.000000,0.000000,0.000000,0.000000,NULL,1,NULL,0,'0000-00-00'),
(3,10,1,0.000000,14.000000,0.000000,0.000000,0.000000,NULL,1,NULL,0,'0000-00-00'),
(3,11,1,0.000000,15.000000,0.000000,0.000000,0.000000,NULL,1,NULL,0,'0000-00-00');

--
-- Table structure for table `imaxproduct_carrier`
--

CREATE TABLE `imaxproduct_carrier` (
  `id_product` int(10) unsigned NOT NULL,
  `id_carrier_reference` int(10) unsigned NOT NULL,
  `id_shop` int(10) unsigned NOT NULL,
  PRIMARY KEY (`id_product`,`id_carrier_reference`,`id_shop`)
) ENGINE=InnoDB DEFAULT CHARSET=utf8mb4 COLLATE=utf8mb4_general_ci;

--
-- Dumping data for table `imaxproduct_carrier`
--


--
-- Table structure for table `imaxproduct_comment`
--

CREATE TABLE `imaxproduct_comment` (
  `id_product_comment` int(10) unsigned NOT NULL AUTO_INCREMENT,
  `id_product` int(10) unsigned NOT NULL,
  `id_customer` int(10) unsigned NOT NULL,
  `id_guest` int(10) unsigned DEFAULT NULL,
  `title` varchar(64) DEFAULT NULL,
  `content` text NOT NULL,
  `customer_name` varchar(64) DEFAULT NULL,
  `grade` float unsigned NOT NULL,
  `validate` tinyint(1) NOT NULL,
  `deleted` tinyint(1) NOT NULL,
  `date_add` datetime NOT NULL,
  PRIMARY KEY (`id_product_comment`),
  KEY `id_product` (`id_product`),
  KEY `id_customer` (`id_customer`),
  KEY `id_guest` (`id_guest`)
) ENGINE=InnoDB DEFAULT CHARSET=utf8mb3 COLLATE=utf8mb3_general_ci;

--
-- Dumping data for table `imaxproduct_comment`
--


--
-- Table structure for table `imaxproduct_comment_criterion`
--

CREATE TABLE `imaxproduct_comment_criterion` (
  `id_product_comment_criterion` int(10) unsigned NOT NULL AUTO_INCREMENT,
  `id_product_comment_criterion_type` tinyint(1) NOT NULL,
  `active` tinyint(1) NOT NULL,
  PRIMARY KEY (`id_product_comment_criterion`)
) ENGINE=InnoDB AUTO_INCREMENT=2 DEFAULT CHARSET=utf8mb3 COLLATE=utf8mb3_general_ci;

--
-- Dumping data for table `imaxproduct_comment_criterion`
--

INSERT INTO `imaxproduct_comment_criterion` VALUES
(1,1,1);

--
-- Table structure for table `imaxproduct_comment_criterion_category`
--

CREATE TABLE `imaxproduct_comment_criterion_category` (
  `id_product_comment_criterion` int(10) unsigned NOT NULL,
  `id_category` int(10) unsigned NOT NULL,
  PRIMARY KEY (`id_product_comment_criterion`,`id_category`),
  KEY `id_category` (`id_category`)
) ENGINE=InnoDB DEFAULT CHARSET=utf8mb3 COLLATE=utf8mb3_general_ci;

--
-- Dumping data for table `imaxproduct_comment_criterion_category`
--


--
-- Table structure for table `imaxproduct_comment_criterion_lang`
--

CREATE TABLE `imaxproduct_comment_criterion_lang` (
  `id_product_comment_criterion` int(11) unsigned NOT NULL,
  `id_lang` int(11) unsigned NOT NULL,
  `name` varchar(64) NOT NULL,
  PRIMARY KEY (`id_product_comment_criterion`,`id_lang`)
) ENGINE=InnoDB DEFAULT CHARSET=utf8mb3 COLLATE=utf8mb3_general_ci;

--
-- Dumping data for table `imaxproduct_comment_criterion_lang`
--

INSERT INTO `imaxproduct_comment_criterion_lang` VALUES
(1,1,'Quality');

--
-- Table structure for table `imaxproduct_comment_criterion_product`
--

CREATE TABLE `imaxproduct_comment_criterion_product` (
  `id_product` int(10) unsigned NOT NULL,
  `id_product_comment_criterion` int(10) unsigned NOT NULL,
  PRIMARY KEY (`id_product`,`id_product_comment_criterion`),
  KEY `id_product_comment_criterion` (`id_product_comment_criterion`)
) ENGINE=InnoDB DEFAULT CHARSET=utf8mb3 COLLATE=utf8mb3_general_ci;

--
-- Dumping data for table `imaxproduct_comment_criterion_product`
--


--
-- Table structure for table `imaxproduct_comment_grade`
--

CREATE TABLE `imaxproduct_comment_grade` (
  `id_product_comment` int(10) unsigned NOT NULL,
  `id_product_comment_criterion` int(10) unsigned NOT NULL,
  `grade` int(10) unsigned NOT NULL,
  PRIMARY KEY (`id_product_comment`,`id_product_comment_criterion`),
  KEY `id_product_comment_criterion` (`id_product_comment_criterion`)
) ENGINE=InnoDB DEFAULT CHARSET=utf8mb3 COLLATE=utf8mb3_general_ci;

--
-- Dumping data for table `imaxproduct_comment_grade`
--


--
-- Table structure for table `imaxproduct_comment_report`
--

CREATE TABLE `imaxproduct_comment_report` (
  `id_product_comment` int(10) unsigned NOT NULL,
  `id_customer` int(10) unsigned NOT NULL,
  PRIMARY KEY (`id_product_comment`,`id_customer`)
) ENGINE=InnoDB DEFAULT CHARSET=utf8mb3 COLLATE=utf8mb3_general_ci;

--
-- Dumping data for table `imaxproduct_comment_report`
--


--
-- Table structure for table `imaxproduct_comment_usefulness`
--

CREATE TABLE `imaxproduct_comment_usefulness` (
  `id_product_comment` int(10) unsigned NOT NULL,
  `id_customer` int(10) unsigned NOT NULL,
  `usefulness` tinyint(1) unsigned NOT NULL,
  PRIMARY KEY (`id_product_comment`,`id_customer`)
) ENGINE=InnoDB DEFAULT CHARSET=utf8mb3 COLLATE=utf8mb3_general_ci;

--
-- Dumping data for table `imaxproduct_comment_usefulness`
--


--
-- Table structure for table `imaxproduct_country_tax`
--

CREATE TABLE `imaxproduct_country_tax` (
  `id_product` int(11) NOT NULL,
  `id_country` int(11) NOT NULL,
  `id_tax` int(11) NOT NULL,
  PRIMARY KEY (`id_product`,`id_country`)
) ENGINE=InnoDB DEFAULT CHARSET=utf8mb4 COLLATE=utf8mb4_general_ci;

--
-- Dumping data for table `imaxproduct_country_tax`
--


--
-- Table structure for table `imaxproduct_download`
--

CREATE TABLE `imaxproduct_download` (
  `id_product_download` int(10) unsigned NOT NULL AUTO_INCREMENT,
  `id_product` int(10) unsigned NOT NULL,
  `display_filename` varchar(255) DEFAULT NULL,
  `filename` varchar(255) DEFAULT NULL,
  `date_add` datetime NOT NULL,
  `date_expiration` datetime DEFAULT NULL,
  `nb_days_accessible` int(10) unsigned DEFAULT NULL,
  `nb_downloadable` int(10) unsigned DEFAULT 1,
  `active` tinyint(1) unsigned NOT NULL DEFAULT 1,
  `is_shareable` tinyint(1) unsigned NOT NULL DEFAULT 0,
  PRIMARY KEY (`id_product_download`)
) ENGINE=InnoDB DEFAULT CHARSET=utf8mb4 COLLATE=utf8mb4_general_ci;

--
-- Dumping data for table `imaxproduct_download`
--


--
-- Table structure for table `imaxproduct_group_reduction_cache`
--

CREATE TABLE `imaxproduct_group_reduction_cache` (
  `id_product` int(10) unsigned NOT NULL,
  `id_group` int(10) unsigned NOT NULL,
  `reduction` decimal(5,4) NOT NULL,
  PRIMARY KEY (`id_product`,`id_group`)
) ENGINE=InnoDB DEFAULT CHARSET=utf8mb4 COLLATE=utf8mb4_general_ci;

--
-- Dumping data for table `imaxproduct_group_reduction_cache`
--


--
-- Table structure for table `imaxproduct_lang`
--

CREATE TABLE `imaxproduct_lang` (
  `id_product` int(10) unsigned NOT NULL,
  `id_shop` int(11) unsigned NOT NULL DEFAULT 1,
  `id_lang` int(10) unsigned NOT NULL,
  `description` text DEFAULT NULL,
  `description_short` text DEFAULT NULL,
  `link_rewrite` varchar(128) NOT NULL,
  `meta_description` varchar(512) DEFAULT NULL,
  `meta_keywords` varchar(255) DEFAULT NULL,
  `meta_title` varchar(128) DEFAULT NULL,
  `name` varchar(128) NOT NULL,
  `available_now` varchar(255) DEFAULT NULL,
  `available_later` varchar(255) DEFAULT NULL,
  `delivery_in_stock` varchar(255) DEFAULT NULL,
  `delivery_out_stock` varchar(255) DEFAULT NULL,
  PRIMARY KEY (`id_product`,`id_shop`,`id_lang`),
  KEY `id_lang` (`id_lang`),
  KEY `name` (`name`)
) ENGINE=InnoDB DEFAULT CHARSET=utf8mb4 COLLATE=utf8mb4_general_ci;

--
-- Dumping data for table `imaxproduct_lang`
--

INSERT INTO `imaxproduct_lang` VALUES
(1,1,1,'<p>ASDFGHJKLASDFGHJKLASDFGHJKL</p>','<p>ASDFGHJKL</p>','producto-aaa','','','','PRODUCTO AAA','','','',''),
(2,1,1,'<p>WTRHY</p>','<p>FWERH</p>','producto-bbb','','','','PRODUCTO BBB','','','',''),
(3,1,1,'','','producto-con-combinaciones','','','','Producto con combinaciones','','','',''),
(4,1,1,'','','calcetines','','','','Calcetines','','','',''),
(5,1,1,'','','otro','','','','Otro','','','',''),
(6,1,1,'<p>sdgsdgsd</p>','<p>sdfsdf</p>','prueba-1','','','','Prueba 1','','','',''),
(7,1,1,'<p>sdgsdgsd</p>','<p>sdfsdf</p>','prueba-1','','','','copia de Prueba 1','','','',''),
(8,1,1,'<p>sdgsdgsd</p>','<p>sdfsdf</p>','prueba-1','','','','copia de copia de Prueba 1','','','',''),
(9,1,1,'<p>sdgsdgsd</p>','<p>sdfsdf</p>','prueba-1','','','','copia de copia de copia de Prueba 1','','','','');

--
-- Table structure for table `imaxproduct_sale`
--

CREATE TABLE `imaxproduct_sale` (
  `id_product` int(10) unsigned NOT NULL,
  `quantity` int(10) unsigned NOT NULL DEFAULT 0,
  `sale_nbr` int(10) unsigned NOT NULL DEFAULT 0,
  `date_upd` date DEFAULT NULL,
  PRIMARY KEY (`id_product`),
  KEY `quantity` (`quantity`)
) ENGINE=InnoDB DEFAULT CHARSET=utf8mb4 COLLATE=utf8mb4_general_ci;

--
-- Dumping data for table `imaxproduct_sale`
--

INSERT INTO `imaxproduct_sale` VALUES
(1,36,10,'2024-07-22'),
(2,16,3,'2024-05-31'),
(3,113,4,'2024-09-20'),
(5,14,4,'2024-06-20');

--
-- Table structure for table `imaxproduct_shop`
--

CREATE TABLE `imaxproduct_shop` (
  `id_product` int(10) unsigned NOT NULL,
  `id_shop` int(10) unsigned NOT NULL,
  `id_category_default` int(10) unsigned DEFAULT NULL,
  `id_tax_rules_group` int(11) unsigned NOT NULL,
  `on_sale` tinyint(1) unsigned NOT NULL DEFAULT 0,
  `online_only` tinyint(1) unsigned NOT NULL DEFAULT 0,
  `ecotax` decimal(17,6) NOT NULL DEFAULT 0.000000,
  `minimal_quantity` int(10) unsigned NOT NULL DEFAULT 1,
  `low_stock_threshold` int(10) DEFAULT NULL,
  `low_stock_alert` tinyint(1) NOT NULL DEFAULT 0,
  `price` decimal(20,6) NOT NULL DEFAULT 0.000000,
  `wholesale_price` decimal(20,6) NOT NULL DEFAULT 0.000000,
  `unity` varchar(255) DEFAULT NULL,
  `unit_price` decimal(20,6) NOT NULL DEFAULT 0.000000,
  `unit_price_ratio` decimal(20,6) NOT NULL DEFAULT 0.000000,
  `additional_shipping_cost` decimal(20,6) NOT NULL DEFAULT 0.000000,
  `customizable` tinyint(2) NOT NULL DEFAULT 0,
  `uploadable_files` tinyint(4) NOT NULL DEFAULT 0,
  `text_fields` tinyint(4) NOT NULL DEFAULT 0,
  `active` tinyint(1) unsigned NOT NULL DEFAULT 0,
  `redirect_type` enum('','404','410','301-product','302-product','301-category','302-category','200-displayed','404-displayed','410-displayed','default') NOT NULL DEFAULT 'default',
  `id_type_redirected` int(10) unsigned NOT NULL DEFAULT 0,
  `available_for_order` tinyint(1) NOT NULL DEFAULT 1,
  `available_date` date DEFAULT NULL,
  `show_condition` tinyint(1) NOT NULL DEFAULT 1,
  `condition` enum('new','used','refurbished') NOT NULL DEFAULT 'new',
  `show_price` tinyint(1) NOT NULL DEFAULT 1,
  `indexed` tinyint(1) NOT NULL DEFAULT 0,
  `visibility` enum('both','catalog','search','none') NOT NULL DEFAULT 'both',
  `cache_default_attribute` int(10) unsigned DEFAULT NULL,
  `advanced_stock_management` tinyint(1) NOT NULL DEFAULT 0,
  `date_add` datetime NOT NULL,
  `date_upd` datetime NOT NULL,
  `pack_stock_type` int(11) unsigned NOT NULL DEFAULT 3,
  PRIMARY KEY (`id_product`,`id_shop`),
  KEY `id_category_default` (`id_category_default`),
  KEY `date_add` (`date_add`,`active`,`visibility`),
  KEY `indexed` (`indexed`,`active`,`id_product`)
) ENGINE=InnoDB DEFAULT CHARSET=utf8mb4 COLLATE=utf8mb4_general_ci;

--
-- Dumping data for table `imaxproduct_shop`
--

INSERT INTO `imaxproduct_shop` VALUES
(1,1,2,1,0,0,0.000000,1,0,0,8.264463,0.000000,'',0.000000,0.000000,0.000000,0,0,0,1,'default',0,1,'0000-00-00',0,'new',1,1,'both',0,0,'2024-05-15 12:10:14','2024-07-22 14:28:35',3),
(2,1,2,1,0,0,0.000000,1,0,0,41.322314,0.000000,'',0.000000,0.000000,0.000000,0,0,0,1,'default',0,1,'0000-00-00',0,'new',1,1,'both',0,0,'2024-05-15 16:05:42','2024-07-16 13:45:02',3),
(3,1,2,1,0,0,0.000000,1,0,0,0.000000,0.000000,'',0.000000,0.000000,0.000000,0,0,0,1,'default',0,1,'0000-00-00',0,'new',1,1,'both',3,0,'2024-05-24 12:16:27','2024-10-02 10:31:02',3),
(4,1,2,1,0,0,0.000000,1,0,0,0.000000,0.000000,'',0.000000,0.000000,0.000000,0,0,0,1,'default',0,1,'0000-00-00',0,'new',1,1,'both',0,0,'2024-06-20 10:11:42','2024-06-20 11:14:11',3),
(5,1,2,1,0,0,0.000000,1,0,0,0.000000,0.000000,'',0.000000,0.000000,0.000000,0,0,0,1,'default',0,1,'0000-00-00',0,'new',1,1,'both',0,0,'2024-06-20 11:15:19','2024-06-20 11:15:34',3),
(6,1,3,1,0,0,0.000000,1,0,0,0.000000,0.000000,'',0.000000,0.000000,0.000000,0,0,0,0,'default',0,1,'0000-00-00',0,'new',1,0,'both',0,0,'2024-07-05 13:42:33','2024-07-05 13:43:10',3),
(7,1,3,1,0,0,0.000000,1,0,0,0.000000,0.000000,'',0.000000,0.000000,0.000000,0,0,0,0,'default',0,1,'0000-00-00',0,'new',1,0,'both',0,0,'2024-07-05 13:42:33','2024-07-05 13:43:14',3),
(8,1,3,1,0,0,0.000000,1,0,0,0.000000,0.000000,'',0.000000,0.000000,0.000000,0,0,0,0,'default',0,1,'0000-00-00',0,'new',1,0,'both',0,0,'2024-07-05 13:42:33','2024-07-05 13:43:19',3),
(9,1,3,1,0,0,0.000000,1,0,0,0.000000,0.000000,'',0.000000,0.000000,0.000000,0,0,0,0,'default',0,1,'0000-00-00',0,'new',1,0,'both',0,0,'2024-07-05 13:42:33','2024-07-05 13:43:24',3);

--
-- Table structure for table `imaxproduct_supplier`
--

CREATE TABLE `imaxproduct_supplier` (
  `id_product_supplier` int(11) unsigned NOT NULL AUTO_INCREMENT,
  `id_product` int(11) unsigned NOT NULL,
  `id_product_attribute` int(11) unsigned NOT NULL DEFAULT 0,
  `id_supplier` int(11) unsigned NOT NULL,
  `product_supplier_reference` varchar(64) DEFAULT NULL,
  `product_supplier_price_te` decimal(20,6) NOT NULL DEFAULT 0.000000,
  `id_currency` int(11) unsigned NOT NULL,
  PRIMARY KEY (`id_product_supplier`),
  UNIQUE KEY `id_product` (`id_product`,`id_product_attribute`,`id_supplier`),
  KEY `id_supplier` (`id_supplier`,`id_product`)
) ENGINE=InnoDB DEFAULT CHARSET=utf8mb4 COLLATE=utf8mb4_general_ci;

--
-- Dumping data for table `imaxproduct_supplier`
--


--
-- Table structure for table `imaxproduct_tag`
--

CREATE TABLE `imaxproduct_tag` (
  `id_product` int(10) unsigned NOT NULL,
  `id_tag` int(10) unsigned NOT NULL,
  `id_lang` int(10) unsigned NOT NULL,
  PRIMARY KEY (`id_product`,`id_tag`),
  KEY `id_tag` (`id_tag`),
  KEY `id_lang` (`id_lang`,`id_tag`)
) ENGINE=InnoDB DEFAULT CHARSET=utf8mb4 COLLATE=utf8mb4_general_ci;

--
-- Dumping data for table `imaxproduct_tag`
--


--
-- Table structure for table `imaxprofile`
--

CREATE TABLE `imaxprofile` (
  `id_profile` int(10) unsigned NOT NULL AUTO_INCREMENT,
  PRIMARY KEY (`id_profile`)
) ENGINE=InnoDB AUTO_INCREMENT=2 DEFAULT CHARSET=utf8mb4 COLLATE=utf8mb4_general_ci;

--
-- Dumping data for table `imaxprofile`
--

INSERT INTO `imaxprofile` VALUES
(1);

--
-- Table structure for table `imaxprofile_lang`
--

CREATE TABLE `imaxprofile_lang` (
  `id_lang` int(10) unsigned NOT NULL,
  `id_profile` int(10) unsigned NOT NULL,
  `name` varchar(128) NOT NULL,
  PRIMARY KEY (`id_profile`,`id_lang`)
) ENGINE=InnoDB DEFAULT CHARSET=utf8mb4 COLLATE=utf8mb4_general_ci;

--
-- Dumping data for table `imaxprofile_lang`
--

INSERT INTO `imaxprofile_lang` VALUES
(1,1,'SuperAdmin');

--
-- Table structure for table `imaxpsgdpr_consent`
--

CREATE TABLE `imaxpsgdpr_consent` (
  `id_gdpr_consent` int(10) unsigned NOT NULL AUTO_INCREMENT,
  `id_module` int(10) unsigned NOT NULL,
  `active` int(10) NOT NULL,
  `error` int(10) DEFAULT NULL,
  `error_message` text DEFAULT NULL,
  `date_add` datetime NOT NULL,
  `date_upd` datetime NOT NULL,
  PRIMARY KEY (`id_gdpr_consent`,`id_module`)
) ENGINE=InnoDB DEFAULT CHARSET=utf8mb3 COLLATE=utf8mb3_general_ci;

--
-- Dumping data for table `imaxpsgdpr_consent`
--


--
-- Table structure for table `imaxpsgdpr_consent_lang`
--

CREATE TABLE `imaxpsgdpr_consent_lang` (
  `id_gdpr_consent` int(10) unsigned NOT NULL AUTO_INCREMENT,
  `id_lang` int(10) unsigned NOT NULL,
  `message` text DEFAULT NULL,
  `id_shop` int(10) unsigned NOT NULL,
  PRIMARY KEY (`id_gdpr_consent`,`id_lang`,`id_shop`)
) ENGINE=InnoDB DEFAULT CHARSET=utf8mb3 COLLATE=utf8mb3_general_ci;

--
-- Dumping data for table `imaxpsgdpr_consent_lang`
--


--
-- Table structure for table `imaxpsgdpr_log`
--

CREATE TABLE `imaxpsgdpr_log` (
  `id_gdpr_log` int(10) unsigned NOT NULL AUTO_INCREMENT,
  `id_customer` int(10) unsigned DEFAULT NULL,
  `id_guest` int(10) unsigned DEFAULT NULL,
  `client_name` varchar(250) DEFAULT NULL,
  `id_module` int(10) unsigned NOT NULL,
  `request_type` int(10) NOT NULL,
  `date_add` datetime NOT NULL,
  `date_upd` datetime NOT NULL,
  PRIMARY KEY (`id_gdpr_log`),
  KEY `id_customer` (`id_customer`),
  KEY `idx_id_customer` (`id_customer`,`id_guest`,`client_name`,`id_module`,`date_add`,`date_upd`)
) ENGINE=InnoDB AUTO_INCREMENT=3 DEFAULT CHARSET=utf8mb3 COLLATE=utf8mb3_general_ci;

--
-- Dumping data for table `imaxpsgdpr_log`
--

INSERT INTO `imaxpsgdpr_log` VALUES
(1,3,0,'Adrian Hermida',0,1,'2024-06-20 10:04:05','2024-06-20 10:04:05'),
(2,4,0,'Daniel Vázquez Cañedo',0,1,'2024-06-20 11:17:46','2024-06-20 11:17:46');

--
-- Table structure for table `imaxpsreassurance`
--

CREATE TABLE `imaxpsreassurance` (
  `id_psreassurance` int(10) unsigned NOT NULL AUTO_INCREMENT,
  `icon` varchar(255) DEFAULT NULL,
  `custom_icon` varchar(255) DEFAULT NULL,
  `status` int(10) unsigned NOT NULL,
  `position` int(10) unsigned NOT NULL,
  `type_link` int(10) unsigned DEFAULT NULL,
  `id_cms` int(10) unsigned DEFAULT NULL,
  `date_add` datetime NOT NULL,
  `date_upd` datetime DEFAULT NULL,
  PRIMARY KEY (`id_psreassurance`)
) ENGINE=InnoDB AUTO_INCREMENT=4 DEFAULT CHARSET=utf8mb3 COLLATE=utf8mb3_general_ci;

--
-- Dumping data for table `imaxpsreassurance`
--

INSERT INTO `imaxpsreassurance` VALUES
(1,'//modules/blockreassurance/views/img/reassurance/pack2/security.svg',NULL,1,1,NULL,NULL,'2024-05-15 11:58:33',NULL),
(2,'//modules/blockreassurance/views/img/reassurance/pack2/carrier.svg',NULL,1,2,NULL,NULL,'2024-05-15 11:58:33',NULL),
(3,'//modules/blockreassurance/views/img/reassurance/pack2/parcel.svg',NULL,1,3,NULL,NULL,'2024-05-15 11:58:33',NULL);

--
-- Table structure for table `imaxpsreassurance_lang`
--

CREATE TABLE `imaxpsreassurance_lang` (
  `id_psreassurance` int(10) unsigned NOT NULL,
  `id_lang` int(10) unsigned NOT NULL,
  `title` varchar(255) NOT NULL,
  `description` varchar(255) NOT NULL,
  `link` varchar(255) NOT NULL,
  PRIMARY KEY (`id_psreassurance`,`id_lang`)
) ENGINE=InnoDB DEFAULT CHARSET=utf8mb3 COLLATE=utf8mb3_general_ci;

--
-- Dumping data for table `imaxpsreassurance_lang`
--

INSERT INTO `imaxpsreassurance_lang` VALUES
(1,1,'Security policy','(edit with the Customer Reassurance module)',''),
(2,1,'Delivery policy','(edit with the Customer Reassurance module)',''),
(3,1,'Return policy','(edit with the Customer Reassurance module)','');

--
-- Table structure for table `imaxquick_access`
--

CREATE TABLE `imaxquick_access` (
  `id_quick_access` int(10) unsigned NOT NULL AUTO_INCREMENT,
  `new_window` tinyint(1) NOT NULL DEFAULT 0,
  `link` varchar(255) NOT NULL,
  PRIMARY KEY (`id_quick_access`)
) ENGINE=InnoDB AUTO_INCREMENT=7 DEFAULT CHARSET=utf8mb4 COLLATE=utf8mb4_general_ci;

--
-- Dumping data for table `imaxquick_access`
--

INSERT INTO `imaxquick_access` VALUES
(1,0,'index.php/sell/orders'),
(2,0,'index.php?controller=AdminCartRules&addcart_rule'),
(3,0,'index.php/sell/catalog/products/new'),
(4,0,'index.php/sell/catalog/categories/new'),
(5,0,'index.php/improve/modules/manage'),
(6,0,'index.php?controller=AdminStats&module=statscheckup');

--
-- Table structure for table `imaxquick_access_lang`
--

CREATE TABLE `imaxquick_access_lang` (
  `id_quick_access` int(10) unsigned NOT NULL,
  `id_lang` int(10) unsigned NOT NULL,
  `name` varchar(32) NOT NULL,
  PRIMARY KEY (`id_quick_access`,`id_lang`)
) ENGINE=InnoDB DEFAULT CHARSET=utf8mb4 COLLATE=utf8mb4_general_ci;

--
-- Dumping data for table `imaxquick_access_lang`
--

INSERT INTO `imaxquick_access_lang` VALUES
(1,1,'Pedidos'),
(2,1,'Nuevo cupón de descuento'),
(3,1,'Nuevo'),
(4,1,'Nueva categoría'),
(5,1,'Módulos instalados'),
(6,1,'Evaluación del catálogo');

--
-- Table structure for table `imaxrange_price`
--

CREATE TABLE `imaxrange_price` (
  `id_range_price` int(10) unsigned NOT NULL AUTO_INCREMENT,
  `id_carrier` int(10) unsigned NOT NULL,
  `delimiter1` decimal(20,6) NOT NULL,
  `delimiter2` decimal(20,6) NOT NULL,
  PRIMARY KEY (`id_range_price`),
  UNIQUE KEY `id_carrier` (`id_carrier`,`delimiter1`,`delimiter2`)
) ENGINE=InnoDB DEFAULT CHARSET=utf8mb4 COLLATE=utf8mb4_general_ci;

--
-- Dumping data for table `imaxrange_price`
--


--
-- Table structure for table `imaxrange_weight`
--

CREATE TABLE `imaxrange_weight` (
  `id_range_weight` int(10) unsigned NOT NULL AUTO_INCREMENT,
  `id_carrier` int(10) unsigned NOT NULL,
  `delimiter1` decimal(20,6) NOT NULL,
  `delimiter2` decimal(20,6) NOT NULL,
  PRIMARY KEY (`id_range_weight`),
  UNIQUE KEY `id_carrier` (`id_carrier`,`delimiter1`,`delimiter2`)
) ENGINE=InnoDB DEFAULT CHARSET=utf8mb4 COLLATE=utf8mb4_general_ci;

--
-- Dumping data for table `imaxrange_weight`
--


--
-- Table structure for table `imaxrawsqltool`
--

CREATE TABLE `imaxrawsqltool` (
  `id_rawsqltool` int(11) NOT NULL AUTO_INCREMENT,
  `name` varchar(200) NOT NULL,
  `sql` text NOT NULL,
  PRIMARY KEY (`id_rawsqltool`)
) ENGINE=InnoDB DEFAULT CHARSET=utf8mb3 COLLATE=utf8mb3_general_ci;

--
-- Dumping data for table `imaxrawsqltool`
--


--
-- Table structure for table `imaxrequest_sql`
--

CREATE TABLE `imaxrequest_sql` (
  `id_request_sql` int(11) NOT NULL AUTO_INCREMENT,
  `name` varchar(200) NOT NULL,
  `sql` text NOT NULL,
  PRIMARY KEY (`id_request_sql`)
) ENGINE=InnoDB AUTO_INCREMENT=2 DEFAULT CHARSET=utf8mb4 COLLATE=utf8mb4_general_ci;

--
-- Dumping data for table `imaxrequest_sql`
--

INSERT INTO `imaxrequest_sql` VALUES
(1,'stock','select * from imaxstock');

--
-- Table structure for table `imaxrequired_field`
--

CREATE TABLE `imaxrequired_field` (
  `id_required_field` int(11) NOT NULL AUTO_INCREMENT,
  `object_name` varchar(32) NOT NULL,
  `field_name` varchar(32) NOT NULL,
  PRIMARY KEY (`id_required_field`),
  KEY `object_name` (`object_name`)
) ENGINE=InnoDB DEFAULT CHARSET=utf8mb4 COLLATE=utf8mb4_general_ci;

--
-- Dumping data for table `imaxrequired_field`
--


--
-- Table structure for table `imaxrisk`
--

CREATE TABLE `imaxrisk` (
  `id_risk` int(11) unsigned NOT NULL AUTO_INCREMENT,
  `percent` tinyint(3) NOT NULL,
  `color` varchar(32) DEFAULT NULL,
  PRIMARY KEY (`id_risk`)
) ENGINE=InnoDB AUTO_INCREMENT=5 DEFAULT CHARSET=utf8mb4 COLLATE=utf8mb4_general_ci;

--
-- Dumping data for table `imaxrisk`
--

INSERT INTO `imaxrisk` VALUES
(1,0,'#32CD32'),
(2,35,'#FF8C00'),
(3,75,'#DC143C'),
(4,100,'#ec2e15');

--
-- Table structure for table `imaxrisk_lang`
--

CREATE TABLE `imaxrisk_lang` (
  `id_risk` int(10) unsigned NOT NULL,
  `id_lang` int(10) unsigned NOT NULL,
  `name` varchar(20) NOT NULL,
  PRIMARY KEY (`id_risk`,`id_lang`),
  KEY `id_risk` (`id_risk`)
) ENGINE=InnoDB DEFAULT CHARSET=utf8mb4 COLLATE=utf8mb4_general_ci;

--
-- Dumping data for table `imaxrisk_lang`
--

INSERT INTO `imaxrisk_lang` VALUES
(1,1,'Ninguno'),
(2,1,'Baja'),
(3,1,'Medio'),
(4,1,'Alto');

--
-- Table structure for table `imaxsearch_engine`
--

CREATE TABLE `imaxsearch_engine` (
  `id_search_engine` int(10) unsigned NOT NULL AUTO_INCREMENT,
  `server` varchar(64) NOT NULL,
  `getvar` varchar(16) NOT NULL,
  PRIMARY KEY (`id_search_engine`)
) ENGINE=InnoDB AUTO_INCREMENT=39 DEFAULT CHARSET=utf8mb4 COLLATE=utf8mb4_general_ci;

--
-- Dumping data for table `imaxsearch_engine`
--

INSERT INTO `imaxsearch_engine` VALUES
(1,'google','q'),
(2,'aol','q'),
(3,'yandex','text'),
(4,'ask.com','q'),
(5,'nhl.com','q'),
(6,'yahoo','p'),
(7,'baidu','wd'),
(8,'lycos','query'),
(9,'exalead','q'),
(10,'search.live','q'),
(11,'voila','rdata'),
(12,'altavista','q'),
(13,'bing','q'),
(14,'daum','q'),
(15,'eniro','search_word'),
(16,'naver','query'),
(17,'msn','q'),
(18,'netscape','query'),
(19,'cnn','query'),
(20,'about','terms'),
(21,'mamma','query'),
(22,'alltheweb','q'),
(23,'virgilio','qs'),
(24,'alice','qs'),
(25,'najdi','q'),
(26,'mama','query'),
(27,'seznam','q'),
(28,'onet','qt'),
(29,'szukacz','q'),
(30,'yam','k'),
(31,'pchome','q'),
(32,'kvasir','q'),
(33,'sesam','q'),
(34,'ozu','q'),
(35,'terra','query'),
(36,'mynet','q'),
(37,'ekolay','q'),
(38,'rambler','words');

--
-- Table structure for table `imaxsearch_index`
--

CREATE TABLE `imaxsearch_index` (
  `id_product` int(11) unsigned NOT NULL,
  `id_word` int(11) unsigned NOT NULL,
  `weight` smallint(4) unsigned NOT NULL DEFAULT 1,
  PRIMARY KEY (`id_word`,`id_product`),
  KEY `id_product` (`id_product`,`weight`)
) ENGINE=InnoDB DEFAULT CHARSET=utf8mb4 COLLATE=utf8mb4_general_ci;

--
-- Dumping data for table `imaxsearch_index`
--

INSERT INTO `imaxsearch_index` VALUES
(1,4,1),
(1,5,1),
(1,6,3),
(1,1,6),
(1,2,6),
(1,3,10),
(2,9,1),
(2,10,1),
(2,6,3),
(2,1,6),
(2,7,6),
(2,8,10),
(3,6,3),
(3,1,6),
(3,12,6),
(4,6,3),
(4,14,6),
(5,6,3);

--
-- Table structure for table `imaxsearch_word`
--

CREATE TABLE `imaxsearch_word` (
  `id_word` int(10) unsigned NOT NULL AUTO_INCREMENT,
  `id_shop` int(11) unsigned NOT NULL DEFAULT 1,
  `id_lang` int(10) unsigned NOT NULL,
  `word` varchar(30) NOT NULL,
  PRIMARY KEY (`id_word`),
  UNIQUE KEY `id_lang` (`id_lang`,`id_shop`,`word`)
) ENGINE=InnoDB AUTO_INCREMENT=17 DEFAULT CHARSET=utf8mb4 COLLATE=utf8mb4_general_ci;

--
-- Dumping data for table `imaxsearch_word`
--

INSERT INTO `imaxsearch_word` VALUES
(2,1,1,'aaa'),
(3,1,1,'abcd'),
(4,1,1,'asdfghjkl'),
(5,1,1,'asdfghjklasdfgh'),
(7,1,1,'bbb'),
(14,1,1,'calcetines'),
(12,1,1,'combinaciones'),
(9,1,1,'fwerh'),
(6,1,1,'inicio'),
(1,1,1,'producto'),
(8,1,1,'qwer'),
(10,1,1,'wtrhy');

--
-- Table structure for table `imaxshop`
--

CREATE TABLE `imaxshop` (
  `id_shop` int(11) NOT NULL AUTO_INCREMENT,
  `id_shop_group` int(11) NOT NULL,
  `name` varchar(64) NOT NULL,
  `color` varchar(50) NOT NULL,
  `id_category` int(11) NOT NULL,
  `theme_name` varchar(255) NOT NULL,
  `active` tinyint(1) NOT NULL,
  `deleted` tinyint(1) NOT NULL,
  PRIMARY KEY (`id_shop`),
  KEY `IDX_C7C3AD93F5C9E40` (`id_shop_group`)
) ENGINE=InnoDB AUTO_INCREMENT=2 DEFAULT CHARSET=utf8mb4 COLLATE=utf8mb4_unicode_ci;

--
-- Dumping data for table `imaxshop`
--

INSERT INTO `imaxshop` VALUES
(1,1,'PrestaShop','',2,'classic',1,0);

--
-- Table structure for table `imaxshop_group`
--

CREATE TABLE `imaxshop_group` (
  `id_shop_group` int(11) NOT NULL AUTO_INCREMENT,
  `name` varchar(64) NOT NULL,
  `color` varchar(50) NOT NULL,
  `share_customer` tinyint(1) NOT NULL,
  `share_order` tinyint(1) NOT NULL,
  `share_stock` tinyint(1) NOT NULL,
  `active` tinyint(1) NOT NULL,
  `deleted` tinyint(1) NOT NULL,
  PRIMARY KEY (`id_shop_group`)
) ENGINE=InnoDB AUTO_INCREMENT=2 DEFAULT CHARSET=utf8mb4 COLLATE=utf8mb4_unicode_ci;

--
-- Dumping data for table `imaxshop_group`
--

INSERT INTO `imaxshop_group` VALUES
(1,'Default','',0,0,0,1,0);

--
-- Table structure for table `imaxshop_url`
--

CREATE TABLE `imaxshop_url` (
  `id_shop_url` int(11) NOT NULL AUTO_INCREMENT,
  `id_shop` int(11) NOT NULL,
  `domain` varchar(150) NOT NULL,
  `domain_ssl` varchar(150) NOT NULL,
  `physical_uri` varchar(64) NOT NULL,
  `virtual_uri` varchar(64) NOT NULL,
  `main` tinyint(1) NOT NULL,
  `active` tinyint(1) NOT NULL,
  PRIMARY KEY (`id_shop_url`),
  KEY `IDX_229F0FB3274A50A0` (`id_shop`)
) ENGINE=InnoDB AUTO_INCREMENT=2 DEFAULT CHARSET=utf8mb4 COLLATE=utf8mb4_general_ci;

--
-- Dumping data for table `imaxshop_url`
--

INSERT INTO `imaxshop_url` VALUES
(1,1,'multialmacen.nodo10.informaxdns.es:4443','multialmacen.nodo10.informaxdns.es:4443','/','',1,1);

--
-- Table structure for table `imaxsmarty_cache`
--

CREATE TABLE `imaxsmarty_cache` (
  `id_smarty_cache` char(40) NOT NULL,
  `name` char(40) NOT NULL,
  `cache_id` varchar(254) DEFAULT NULL,
  `modified` timestamp NOT NULL DEFAULT current_timestamp(),
  `content` longtext NOT NULL,
  PRIMARY KEY (`id_smarty_cache`),
  KEY `name` (`name`),
  KEY `cache_id` (`cache_id`),
  KEY `modified` (`modified`)
) ENGINE=InnoDB DEFAULT CHARSET=utf8mb4 COLLATE=utf8mb4_general_ci;

--
-- Dumping data for table `imaxsmarty_cache`
--


--
-- Table structure for table `imaxsmarty_last_flush`
--

CREATE TABLE `imaxsmarty_last_flush` (
  `type` enum('compile','template') NOT NULL,
  `last_flush` datetime NOT NULL DEFAULT '0000-00-00 00:00:00',
  PRIMARY KEY (`type`)
) ENGINE=InnoDB DEFAULT CHARSET=utf8mb4 COLLATE=utf8mb4_general_ci;

--
-- Dumping data for table `imaxsmarty_last_flush`
--


--
-- Table structure for table `imaxsmarty_lazy_cache`
--

CREATE TABLE `imaxsmarty_lazy_cache` (
  `template_hash` varchar(32) NOT NULL DEFAULT '',
  `cache_id` varchar(191) NOT NULL DEFAULT '',
  `compile_id` varchar(32) NOT NULL DEFAULT '',
  `filepath` varchar(255) NOT NULL DEFAULT '',
  `last_update` datetime NOT NULL DEFAULT '0000-00-00 00:00:00',
  PRIMARY KEY (`template_hash`,`cache_id`,`compile_id`)
) ENGINE=InnoDB DEFAULT CHARSET=utf8mb4 COLLATE=utf8mb4_general_ci;

--
-- Dumping data for table `imaxsmarty_lazy_cache`
--


--
-- Table structure for table `imaxspecific_price`
--

CREATE TABLE `imaxspecific_price` (
  `id_specific_price` int(10) unsigned NOT NULL AUTO_INCREMENT,
  `id_specific_price_rule` int(11) unsigned NOT NULL,
  `id_cart` int(11) unsigned NOT NULL,
  `id_product` int(10) unsigned NOT NULL,
  `id_shop` int(11) unsigned NOT NULL DEFAULT 1,
  `id_shop_group` int(11) unsigned NOT NULL,
  `id_currency` int(10) unsigned NOT NULL,
  `id_country` int(10) unsigned NOT NULL,
  `id_group` int(10) unsigned NOT NULL,
  `id_customer` int(10) unsigned NOT NULL,
  `id_product_attribute` int(10) unsigned NOT NULL,
  `price` decimal(20,6) NOT NULL,
  `from_quantity` mediumint(8) unsigned NOT NULL,
  `reduction` decimal(20,6) NOT NULL,
  `reduction_tax` tinyint(1) NOT NULL DEFAULT 1,
  `reduction_type` enum('amount','percentage') NOT NULL,
  `from` datetime NOT NULL,
  `to` datetime NOT NULL,
  PRIMARY KEY (`id_specific_price`),
  UNIQUE KEY `id_product_2` (`id_product`,`id_product_attribute`,`id_customer`,`id_cart`,`from`,`to`,`id_shop`,`id_shop_group`,`id_currency`,`id_country`,`id_group`,`from_quantity`,`id_specific_price_rule`),
  KEY `id_product` (`id_product`,`id_shop`,`id_currency`,`id_country`,`id_group`,`id_customer`,`from_quantity`,`from`,`to`),
  KEY `from_quantity` (`from_quantity`),
  KEY `id_specific_price_rule` (`id_specific_price_rule`),
  KEY `id_cart` (`id_cart`),
  KEY `id_product_attribute` (`id_product_attribute`),
  KEY `id_shop` (`id_shop`),
  KEY `id_customer` (`id_customer`),
  KEY `from` (`from`),
  KEY `to` (`to`)
) ENGINE=InnoDB DEFAULT CHARSET=utf8mb4 COLLATE=utf8mb4_general_ci;

--
-- Dumping data for table `imaxspecific_price`
--


--
-- Table structure for table `imaxspecific_price_priority`
--

CREATE TABLE `imaxspecific_price_priority` (
  `id_specific_price_priority` int(11) NOT NULL AUTO_INCREMENT,
  `id_product` int(11) NOT NULL,
  `priority` varchar(80) NOT NULL,
  PRIMARY KEY (`id_specific_price_priority`,`id_product`),
  UNIQUE KEY `id_product` (`id_product`)
) ENGINE=InnoDB DEFAULT CHARSET=utf8mb4 COLLATE=utf8mb4_general_ci;

--
-- Dumping data for table `imaxspecific_price_priority`
--


--
-- Table structure for table `imaxspecific_price_rule`
--

CREATE TABLE `imaxspecific_price_rule` (
  `id_specific_price_rule` int(10) unsigned NOT NULL AUTO_INCREMENT,
  `name` varchar(255) NOT NULL,
  `id_shop` int(11) unsigned NOT NULL DEFAULT 1,
  `id_currency` int(10) unsigned NOT NULL,
  `id_country` int(10) unsigned NOT NULL,
  `id_group` int(10) unsigned NOT NULL,
  `from_quantity` mediumint(8) unsigned NOT NULL,
  `price` decimal(20,6) DEFAULT NULL,
  `reduction` decimal(20,6) NOT NULL,
  `reduction_tax` tinyint(1) NOT NULL DEFAULT 1,
  `reduction_type` enum('amount','percentage') NOT NULL,
  `from` datetime NOT NULL,
  `to` datetime NOT NULL,
  PRIMARY KEY (`id_specific_price_rule`),
  KEY `id_product` (`id_shop`,`id_currency`,`id_country`,`id_group`,`from_quantity`,`from`,`to`)
) ENGINE=InnoDB DEFAULT CHARSET=utf8mb4 COLLATE=utf8mb4_general_ci;

--
-- Dumping data for table `imaxspecific_price_rule`
--


--
-- Table structure for table `imaxspecific_price_rule_condition`
--

CREATE TABLE `imaxspecific_price_rule_condition` (
  `id_specific_price_rule_condition` int(11) unsigned NOT NULL AUTO_INCREMENT,
  `id_specific_price_rule_condition_group` int(11) unsigned NOT NULL,
  `type` varchar(255) NOT NULL,
  `value` varchar(255) NOT NULL,
  PRIMARY KEY (`id_specific_price_rule_condition`),
  KEY `id_specific_price_rule_condition_group` (`id_specific_price_rule_condition_group`)
) ENGINE=InnoDB DEFAULT CHARSET=utf8mb4 COLLATE=utf8mb4_general_ci;

--
-- Dumping data for table `imaxspecific_price_rule_condition`
--


--
-- Table structure for table `imaxspecific_price_rule_condition_group`
--

CREATE TABLE `imaxspecific_price_rule_condition_group` (
  `id_specific_price_rule_condition_group` int(11) unsigned NOT NULL AUTO_INCREMENT,
  `id_specific_price_rule` int(11) unsigned NOT NULL,
  PRIMARY KEY (`id_specific_price_rule_condition_group`,`id_specific_price_rule`)
) ENGINE=InnoDB DEFAULT CHARSET=utf8mb4 COLLATE=utf8mb4_general_ci;

--
-- Dumping data for table `imaxspecific_price_rule_condition_group`
--


--
-- Table structure for table `imaxstate`
--

CREATE TABLE `imaxstate` (
  `id_state` int(10) unsigned NOT NULL AUTO_INCREMENT,
  `id_country` int(11) unsigned NOT NULL,
  `id_zone` int(11) unsigned NOT NULL,
  `name` varchar(80) NOT NULL,
  `iso_code` varchar(7) NOT NULL,
  `tax_behavior` smallint(1) NOT NULL DEFAULT 0,
  `active` tinyint(1) NOT NULL DEFAULT 0,
  PRIMARY KEY (`id_state`),
  KEY `id_country` (`id_country`),
  KEY `name` (`name`),
  KEY `id_zone` (`id_zone`)
) ENGINE=InnoDB AUTO_INCREMENT=405 DEFAULT CHARSET=utf8mb4 COLLATE=utf8mb4_general_ci;

--
-- Dumping data for table `imaxstate`
--

INSERT INTO `imaxstate` VALUES
(1,21,2,'AA','AA',0,1),
(2,21,2,'AE','AE',0,1),
(3,21,2,'AP','AP',0,1),
(4,21,2,'Alabama','AL',0,1),
(5,21,2,'Alaska','AK',0,1),
(6,21,2,'Arizona','AZ',0,1),
(7,21,2,'Arkansas','AR',0,1),
(8,21,2,'California','CA',0,1),
(9,21,2,'Colorado','CO',0,1),
(10,21,2,'Connecticut','CT',0,1),
(11,21,2,'Delaware','DE',0,1),
(12,21,2,'Florida','FL',0,1),
(13,21,2,'Georgia','GA',0,1),
(14,21,2,'Hawaii','HI',0,1),
(15,21,2,'Idaho','ID',0,1),
(16,21,2,'Illinois','IL',0,1),
(17,21,2,'Indiana','IN',0,1),
(18,21,2,'Iowa','IA',0,1),
(19,21,2,'Kansas','KS',0,1),
(20,21,2,'Kentucky','KY',0,1),
(21,21,2,'Louisiana','LA',0,1),
(22,21,2,'Maine','ME',0,1),
(23,21,2,'Maryland','MD',0,1),
(24,21,2,'Massachusetts','MA',0,1),
(25,21,2,'Michigan','MI',0,1),
(26,21,2,'Minnesota','MN',0,1),
(27,21,2,'Mississippi','MS',0,1),
(28,21,2,'Missouri','MO',0,1),
(29,21,2,'Montana','MT',0,1),
(30,21,2,'Nebraska','NE',0,1),
(31,21,2,'Nevada','NV',0,1),
(32,21,2,'New Hampshire','NH',0,1),
(33,21,2,'New Jersey','NJ',0,1),
(34,21,2,'New Mexico','NM',0,1),
(35,21,2,'New York','NY',0,1),
(36,21,2,'North Carolina','NC',0,1),
(37,21,2,'North Dakota','ND',0,1),
(38,21,2,'Ohio','OH',0,1),
(39,21,2,'Oklahoma','OK',0,1),
(40,21,2,'Oregon','OR',0,1),
(41,21,2,'Pennsylvania','PA',0,1),
(42,21,2,'Rhode Island','RI',0,1),
(43,21,2,'South Carolina','SC',0,1),
(44,21,2,'South Dakota','SD',0,1),
(45,21,2,'Tennessee','TN',0,1),
(46,21,2,'Texas','TX',0,1),
(47,21,2,'Utah','UT',0,1),
(48,21,2,'Vermont','VT',0,1),
(49,21,2,'Virginia','VA',0,1),
(50,21,2,'Washington','WA',0,1),
(51,21,2,'West Virginia','WV',0,1),
(52,21,2,'Wisconsin','WI',0,1),
(53,21,2,'Wyoming','WY',0,1),
(54,21,2,'Puerto Rico','PR',0,1),
(55,21,2,'US Virgin Islands','VI',0,1),
(56,21,2,'District of Columbia','DC',0,1),
(57,144,2,'Aguascalientes','AGU',0,1),
(58,144,2,'Baja California','BCN',0,1),
(59,144,2,'Baja California Sur','BCS',0,1),
(60,144,2,'Campeche','CAM',0,1),
(61,144,2,'Chiapas','CHP',0,1),
(62,144,2,'Chihuahua','CHH',0,1),
(63,144,2,'Ciudad de México','CMX',0,1),
(64,144,2,'Coahuila','COA',0,1),
(65,144,2,'Colima','COL',0,1),
(66,144,2,'Durango','DUR',0,1),
(67,144,2,'Guanajuato','GUA',0,1),
(68,144,2,'Guerrero','GRO',0,1),
(69,144,2,'Hidalgo','HID',0,1),
(70,144,2,'Jalisco','JAL',0,1),
(71,144,2,'Estado de México','MEX',0,1),
(72,144,2,'Michoacán','MIC',0,1),
(73,144,2,'Morelos','MOR',0,1),
(74,144,2,'Nayarit','NAY',0,1),
(75,144,2,'Nuevo León','NLE',0,1),
(76,144,2,'Oaxaca','OAX',0,1),
(77,144,2,'Puebla','PUE',0,1),
(78,144,2,'Querétaro','QUE',0,1),
(79,144,2,'Quintana Roo','ROO',0,1),
(80,144,2,'San Luis Potosí','SLP',0,1),
(81,144,2,'Sinaloa','SIN',0,1),
(82,144,2,'Sonora','SON',0,1),
(83,144,2,'Tabasco','TAB',0,1),
(84,144,2,'Tamaulipas','TAM',0,1),
(85,144,2,'Tlaxcala','TLA',0,1),
(86,144,2,'Veracruz','VER',0,1),
(87,144,2,'Yucatán','YUC',0,1),
(88,144,2,'Zacatecas','ZAC',0,1),
(89,4,2,'Ontario','ON',0,1),
(90,4,2,'Quebec','QC',0,1),
(91,4,2,'British Columbia','BC',0,1),
(92,4,2,'Alberta','AB',0,1),
(93,4,2,'Manitoba','MB',0,1),
(94,4,2,'Saskatchewan','SK',0,1),
(95,4,2,'Nova Scotia','NS',0,1),
(96,4,2,'New Brunswick','NB',0,1),
(97,4,2,'Newfoundland and Labrador','NL',0,1),
(98,4,2,'Prince Edward Island','PE',0,1),
(99,4,2,'Northwest Territories','NT',0,1),
(100,4,2,'Yukon','YT',0,1),
(101,4,2,'Nunavut','NU',0,1),
(102,44,6,'Buenos Aires','B',0,1),
(103,44,6,'Catamarca','K',0,1),
(104,44,6,'Chaco','H',0,1),
(105,44,6,'Chubut','U',0,1),
(106,44,6,'Ciudad de Buenos Aires','C',0,1),
(107,44,6,'Córdoba','X',0,1),
(108,44,6,'Corrientes','W',0,1),
(109,44,6,'Entre Ríos','E',0,1),
(110,44,6,'Formosa','P',0,1),
(111,44,6,'Jujuy','Y',0,1),
(112,44,6,'La Pampa','L',0,1),
(113,44,6,'La Rioja','F',0,1),
(114,44,6,'Mendoza','M',0,1),
(115,44,6,'Misiones','N',0,1),
(116,44,6,'Neuquén','Q',0,1),
(117,44,6,'Río Negro','R',0,1),
(118,44,6,'Salta','A',0,1),
(119,44,6,'San Juan','J',0,1),
(120,44,6,'San Luis','D',0,1),
(121,44,6,'Santa Cruz','Z',0,1),
(122,44,6,'Santa Fe','S',0,1),
(123,44,6,'Santiago del Estero','G',0,1),
(124,44,6,'Tierra del Fuego','V',0,1),
(125,44,6,'Tucumán','T',0,1),
(126,10,1,'Agrigento','AG',0,1),
(127,10,1,'Alessandria','AL',0,1),
(128,10,1,'Ancona','AN',0,1),
(129,10,1,'Aosta','AO',0,1),
(130,10,1,'Arezzo','AR',0,1),
(131,10,1,'Ascoli Piceno','AP',0,1),
(132,10,1,'Asti','AT',0,1),
(133,10,1,'Avellino','AV',0,1),
(134,10,1,'Bari','BA',0,1),
(135,10,1,'Barletta-Andria-Trani','BT',0,1),
(136,10,1,'Belluno','BL',0,1),
(137,10,1,'Benevento','BN',0,1),
(138,10,1,'Bergamo','BG',0,1),
(139,10,1,'Biella','BI',0,1),
(140,10,1,'Bologna','BO',0,1),
(141,10,1,'Bolzano','BZ',0,1),
(142,10,1,'Brescia','BS',0,1),
(143,10,1,'Brindisi','BR',0,1),
(144,10,1,'Cagliari','CA',0,1),
(145,10,1,'Caltanissetta','CL',0,1),
(146,10,1,'Campobasso','CB',0,1),
(147,10,1,'Carbonia-Iglesias','CI',0,1),
(148,10,1,'Caserta','CE',0,1),
(149,10,1,'Catania','CT',0,1),
(150,10,1,'Catanzaro','CZ',0,1),
(151,10,1,'Chieti','CH',0,1),
(152,10,1,'Como','CO',0,1),
(153,10,1,'Cosenza','CS',0,1),
(154,10,1,'Cremona','CR',0,1),
(155,10,1,'Crotone','KR',0,1),
(156,10,1,'Cuneo','CN',0,1),
(157,10,1,'Enna','EN',0,1),
(158,10,1,'Fermo','FM',0,1),
(159,10,1,'Ferrara','FE',0,1),
(160,10,1,'Firenze','FI',0,1),
(161,10,1,'Foggia','FG',0,1),
(162,10,1,'Forlì-Cesena','FC',0,1),
(163,10,1,'Frosinone','FR',0,1),
(164,10,1,'Genova','GE',0,1),
(165,10,1,'Gorizia','GO',0,1),
(166,10,1,'Grosseto','GR',0,1),
(167,10,1,'Imperia','IM',0,1),
(168,10,1,'Isernia','IS',0,1),
(169,10,1,'L\'Aquila','AQ',0,1),
(170,10,1,'La Spezia','SP',0,1),
(171,10,1,'Latina','LT',0,1),
(172,10,1,'Lecce','LE',0,1),
(173,10,1,'Lecco','LC',0,1),
(174,10,1,'Livorno','LI',0,1),
(175,10,1,'Lodi','LO',0,1),
(176,10,1,'Lucca','LU',0,1),
(177,10,1,'Macerata','MC',0,1),
(178,10,1,'Mantova','MN',0,1),
(179,10,1,'Massa','MS',0,1),
(180,10,1,'Matera','MT',0,1),
(181,10,1,'Medio Campidano','VS',0,1),
(182,10,1,'Messina','ME',0,1),
(183,10,1,'Milano','MI',0,1),
(184,10,1,'Modena','MO',0,1),
(185,10,1,'Monza e della Brianza','MB',0,1),
(186,10,1,'Napoli','NA',0,1),
(187,10,1,'Novara','NO',0,1),
(188,10,1,'Nuoro','NU',0,1),
(189,10,1,'Ogliastra','OG',0,1),
(190,10,1,'Olbia-Tempio','OT',0,1),
(191,10,1,'Oristano','OR',0,1),
(192,10,1,'Padova','PD',0,1),
(193,10,1,'Palermo','PA',0,1),
(194,10,1,'Parma','PR',0,1),
(195,10,1,'Pavia','PV',0,1),
(196,10,1,'Perugia','PG',0,1),
(197,10,1,'Pesaro-Urbino','PU',0,1),
(198,10,1,'Pescara','PE',0,1),
(199,10,1,'Piacenza','PC',0,1),
(200,10,1,'Pisa','PI',0,1),
(201,10,1,'Pistoia','PT',0,1),
(202,10,1,'Pordenone','PN',0,1),
(203,10,1,'Potenza','PZ',0,1),
(204,10,1,'Prato','PO',0,1),
(205,10,1,'Ragusa','RG',0,1),
(206,10,1,'Ravenna','RA',0,1),
(207,10,1,'Reggio Calabria','RC',0,1),
(208,10,1,'Reggio Emilia','RE',0,1),
(209,10,1,'Rieti','RI',0,1),
(210,10,1,'Rimini','RN',0,1),
(211,10,1,'Roma','RM',0,1),
(212,10,1,'Rovigo','RO',0,1),
(213,10,1,'Salerno','SA',0,1),
(214,10,1,'Sassari','SS',0,1),
(215,10,1,'Savona','SV',0,1),
(216,10,1,'Siena','SI',0,1),
(217,10,1,'Siracusa','SR',0,1),
(218,10,1,'Sondrio','SO',0,1),
(219,10,1,'Taranto','TA',0,1),
(220,10,1,'Teramo','TE',0,1),
(221,10,1,'Terni','TR',0,1),
(222,10,1,'Torino','TO',0,1),
(223,10,1,'Trapani','TP',0,1),
(224,10,1,'Trento','TN',0,1),
(225,10,1,'Treviso','TV',0,1),
(226,10,1,'Trieste','TS',0,1),
(227,10,1,'Udine','UD',0,1),
(228,10,1,'Varese','VA',0,1),
(229,10,1,'Venezia','VE',0,1),
(230,10,1,'Verbano-Cusio-Ossola','VB',0,1),
(231,10,1,'Vercelli','VC',0,1),
(232,10,1,'Verona','VR',0,1),
(233,10,1,'Vibo Valentia','VV',0,1),
(234,10,1,'Vicenza','VI',0,1),
(235,10,1,'Viterbo','VT',0,1),
(236,110,3,'Aceh','ID-AC',0,1),
(237,110,3,'Bali','ID-BA',0,1),
(238,110,3,'Banten','ID-BT',0,1),
(239,110,3,'Bengkulu','ID-BE',0,1),
(240,110,3,'Gorontalo','ID-GO',0,1),
(241,110,3,'Jakarta','ID-JK',0,1),
(242,110,3,'Jambi','ID-JA',0,1),
(243,110,3,'Jawa Barat','ID-JB',0,1),
(244,110,3,'Jawa Tengah','ID-JT',0,1),
(245,110,3,'Jawa Timur','ID-JI',0,1),
(246,110,3,'Kalimantan Barat','ID-KB',0,1),
(247,110,3,'Kalimantan Selatan','ID-KS',0,1),
(248,110,3,'Kalimantan Tengah','ID-KT',0,1),
(249,110,3,'Kalimantan Timur','ID-KI',0,1),
(250,110,3,'Kalimantan Utara','ID-KU',0,1),
(251,110,3,'Kepulauan Bangka Belitug','ID-BB',0,1),
(252,110,3,'Kepulauan Riau','ID-KR',0,1),
(253,110,3,'Lampung','ID-LA',0,1),
(254,110,3,'Maluku','ID-MA',0,1),
(255,110,3,'Maluku Utara','ID-MU',0,1),
(256,110,3,'Nusa Tengara Barat','ID-NB',0,1),
(257,110,3,'Nusa Tenggara Timur','ID-NT',0,1),
(258,110,3,'Papua','ID-PA',0,1),
(259,110,3,'Papua Barat','ID-PB',0,1),
(260,110,3,'Riau','ID-RI',0,1),
(261,110,3,'Sulawesi Barat','ID-SR',0,1),
(262,110,3,'Sulawesi Selatan','ID-SN',0,1),
(263,110,3,'Sulawesi Tengah','ID-ST',0,1),
(264,110,3,'Sulawesi Tenggara','ID-SG',0,1),
(265,110,3,'Sulawesi Utara','ID-SA',0,1),
(266,110,3,'Sumatera Barat','ID-SB',0,1),
(267,110,3,'Sumatera Selatan','ID-SS',0,1),
(268,110,3,'Sumatera Utara','ID-SU',0,1),
(269,110,3,'Yogyakarta','ID-YO',0,1),
(270,11,3,'Aichi','23',0,1),
(271,11,3,'Akita','05',0,1),
(272,11,3,'Aomori','02',0,1),
(273,11,3,'Chiba','12',0,1),
(274,11,3,'Ehime','38',0,1),
(275,11,3,'Fukui','18',0,1),
(276,11,3,'Fukuoka','40',0,1),
(277,11,3,'Fukushima','07',0,1),
(278,11,3,'Gifu','21',0,1),
(279,11,3,'Gunma','10',0,1),
(280,11,3,'Hiroshima','34',0,1),
(281,11,3,'Hokkaido','01',0,1),
(282,11,3,'Hyogo','28',0,1),
(283,11,3,'Ibaraki','08',0,1),
(284,11,3,'Ishikawa','17',0,1),
(285,11,3,'Iwate','03',0,1),
(286,11,3,'Kagawa','37',0,1),
(287,11,3,'Kagoshima','46',0,1),
(288,11,3,'Kanagawa','14',0,1),
(289,11,3,'Kochi','39',0,1),
(290,11,3,'Kumamoto','43',0,1),
(291,11,3,'Kyoto','26',0,1),
(292,11,3,'Mie','24',0,1),
(293,11,3,'Miyagi','04',0,1),
(294,11,3,'Miyazaki','45',0,1),
(295,11,3,'Nagano','20',0,1),
(296,11,3,'Nagasaki','42',0,1),
(297,11,3,'Nara','29',0,1),
(298,11,3,'Niigata','15',0,1),
(299,11,3,'Oita','44',0,1),
(300,11,3,'Okayama','33',0,1),
(301,11,3,'Okinawa','47',0,1),
(302,11,3,'Osaka','27',0,1),
(303,11,3,'Saga','41',0,1),
(304,11,3,'Saitama','11',0,1),
(305,11,3,'Shiga','25',0,1),
(306,11,3,'Shimane','32',0,1),
(307,11,3,'Shizuoka','22',0,1),
(308,11,3,'Tochigi','09',0,1),
(309,11,3,'Tokushima','36',0,1),
(310,11,3,'Tokyo','13',0,1),
(311,11,3,'Tottori','31',0,1),
(312,11,3,'Toyama','16',0,1),
(313,11,3,'Wakayama','30',0,1),
(314,11,3,'Yamagata','06',0,1),
(315,11,3,'Yamaguchi','35',0,1),
(316,11,3,'Yamanashi','19',0,1),
(317,24,5,'Australian Capital Territory','ACT',0,1),
(318,24,5,'New South Wales','NSW',0,1),
(319,24,5,'Northern Territory','NT',0,1),
(320,24,5,'Queensland','QLD',0,1),
(321,24,5,'South Australia','SA',0,1),
(322,24,5,'Tasmania','TAS',0,1),
(323,24,5,'Victoria','VIC',0,1),
(324,24,5,'Western Australia','WA',0,1),
(325,109,3,'Andhra Pradesh','AP',0,1),
(326,109,3,'Arunachal Pradesh','AR',0,1),
(327,109,3,'Assam','AS',0,1),
(328,109,3,'Bihar','BR',0,1),
(329,109,3,'Chhattisgarh','CT',0,1),
(330,109,3,'Goa','GA',0,1),
(331,109,3,'Gujarat','GJ',0,1),
(332,109,3,'Haryana','HR',0,1),
(333,109,3,'Himachal Pradesh','HP',0,1),
(334,109,3,'Jharkhand','JH',0,1),
(335,109,3,'Karnataka','KA',0,1),
(336,109,3,'Kerala','KL',0,1),
(337,109,3,'Madhya Pradesh','MP',0,1),
(338,109,3,'Maharashtra','MH',0,1),
(339,109,3,'Manipur','MN',0,1),
(340,109,3,'Meghalaya','ML',0,1),
(341,109,3,'Mizoram','MZ',0,1),
(342,109,3,'Nagaland','NL',0,1),
(343,109,3,'Odisha','OR',0,1),
(344,109,3,'Punjab','PB',0,1),
(345,109,3,'Rajasthan','RJ',0,1),
(346,109,3,'Sikkim','SK',0,1),
(347,109,3,'Tamil Nadu','TN',0,1),
(348,109,3,'Telangana','TG',0,1),
(349,109,3,'Tripura','TR',0,1),
(350,109,3,'Uttar Pradesh','UP',0,1),
(351,109,3,'Uttarakhand','UT',0,1),
(352,109,3,'West Bengal','WB',0,1),
(353,6,1,'A Coruña','ES-C',0,1),
(354,6,1,'Álava','ES-VI',0,1),
(355,6,1,'Albacete','ES-AB',0,1),
(356,6,1,'Alacant','ES-A',0,1),
(357,6,1,'Almería','ES-AL',0,1),
(358,6,1,'Asturias','ES-O',0,1),
(359,6,1,'Ávila','ES-AV',0,1),
(360,6,1,'Badajoz','ES-BA',0,1),
(361,6,1,'Balears','ES-PM',0,1),
(362,6,1,'Barcelona','ES-B',0,1),
(363,6,1,'Burgos','ES-BU',0,1),
(364,6,1,'Cáceres','ES-CC',0,1),
(365,6,1,'Cádiz','ES-CA',0,1),
(366,6,1,'Cantabria','ES-S',0,1),
(367,6,1,'Castelló','ES-CS',0,1),
(368,6,1,'Ciudad Real','ES-CR',0,1),
(369,6,1,'Córdoba','ES-CO',0,1),
(370,6,1,'Cuenca','ES-CU',0,1),
(371,6,1,'Girona','ES-GI',0,1),
(372,6,1,'Granada','ES-GR',0,1),
(373,6,1,'Guadalajara','ES-GU',0,1),
(374,6,1,'Gipuzkoa','ES-SS',0,1),
(375,6,1,'Huelva','ES-H',0,1),
(376,6,1,'Huesca','ES-HU',0,1),
(377,6,1,'Jaén','ES-J',0,1),
(378,6,1,'La Rioja','ES-LO',0,1),
(379,6,1,'Las Palmas','ES-GC',0,1),
(380,6,1,'León','ES-LE',0,1),
(381,6,1,'Lleida','ES-L',0,1),
(382,6,1,'Lugo','ES-LU',0,1),
(383,6,1,'Madrid','ES-M',0,1),
(384,6,1,'Málaga','ES-MA',0,1),
(385,6,1,'Murcia','ES-MU',0,1),
(386,6,1,'Nafarroa','ES-NA',0,1),
(387,6,1,'Ourense','ES-OR',0,1),
(388,6,1,'Palencia','ES-P',0,1),
(389,6,1,'Pontevedra','ES-PO',0,1),
(390,6,1,'Salamanca','ES-SA',0,1),
(391,6,1,'Santa Cruz de Tenerife','ES-TF',0,1),
(392,6,1,'Segovia','ES-SG',0,1),
(393,6,1,'Sevilla','ES-SE',0,1),
(394,6,1,'Soria','ES-SO',0,1),
(395,6,1,'Tarragona','ES-T',0,1),
(396,6,1,'Teruel','ES-TE',0,1),
(397,6,1,'Toledo','ES-TO',0,1),
(398,6,1,'València','ES-V',0,1),
(399,6,1,'Valladolid','ES-VA',0,1),
(400,6,1,'Bizkaia','ES-BI',0,1),
(401,6,1,'Zamora','ES-ZA',0,1),
(402,6,1,'Zaragoza','ES-Z',0,1),
(403,6,1,'Ceuta','ES-CE',0,1),
(404,6,1,'Melilla','ES-ML',0,1);

--
-- Table structure for table `imaxstatssearch`
--

CREATE TABLE `imaxstatssearch` (
  `id_statssearch` int(10) unsigned NOT NULL AUTO_INCREMENT,
  `id_shop` int(10) unsigned NOT NULL DEFAULT 1,
  `id_shop_group` int(10) unsigned NOT NULL DEFAULT 1,
  `keywords` varchar(255) NOT NULL,
  `results` int(6) NOT NULL DEFAULT 0,
  `date_add` datetime NOT NULL,
  PRIMARY KEY (`id_statssearch`)
) ENGINE=InnoDB DEFAULT CHARSET=utf8mb3 COLLATE=utf8mb3_general_ci;

--
-- Dumping data for table `imaxstatssearch`
--


--
-- Table structure for table `imaxstock`
--

CREATE TABLE `imaxstock` (
  `id_stock` int(11) unsigned NOT NULL AUTO_INCREMENT,
  `id_warehouse` int(11) unsigned NOT NULL,
  `id_product` int(11) unsigned NOT NULL,
  `id_product_attribute` int(11) unsigned NOT NULL,
  `reference` varchar(64) NOT NULL,
  `ean13` varchar(13) DEFAULT NULL,
  `isbn` varchar(32) DEFAULT NULL,
  `upc` varchar(12) DEFAULT NULL,
  `mpn` varchar(40) DEFAULT NULL,
  `physical_quantity` int(11) unsigned NOT NULL,
  `usable_quantity` int(11) unsigned NOT NULL,
  `price_te` decimal(20,6) DEFAULT 0.000000,
  PRIMARY KEY (`id_stock`),
  KEY `id_warehouse` (`id_warehouse`),
  KEY `id_product` (`id_product`),
  KEY `id_product_attribute` (`id_product_attribute`),
  KEY `id_warehouse_2` (`id_warehouse`,`id_product`,`id_product_attribute`)
) ENGINE=InnoDB AUTO_INCREMENT=6 DEFAULT CHARSET=utf8mb4 COLLATE=utf8mb4_general_ci;

--
-- Dumping data for table `imaxstock`
--

INSERT INTO `imaxstock` VALUES
(1,5,3,3,'rojol','','','','',10,10,0.000000),
(2,5,3,0,'','','','','',10,10,0.000000),
(3,1,3,0,'','','','','',10,10,0.000000),
(4,1,3,3,'rojol','','','','',10,10,0.000000),
(5,1,1,0,'abcd','','','','',0,0,0.000000);

--
-- Table structure for table `imaxstock_available`
--

CREATE TABLE `imaxstock_available` (
  `id_stock_available` int(11) unsigned NOT NULL AUTO_INCREMENT,
  `id_product` int(11) unsigned NOT NULL,
  `id_product_attribute` int(11) unsigned NOT NULL,
  `id_shop` int(11) unsigned NOT NULL,
  `id_shop_group` int(11) unsigned NOT NULL,
  `quantity` int(10) NOT NULL DEFAULT 0,
  `physical_quantity` int(11) NOT NULL DEFAULT 0,
  `reserved_quantity` int(11) NOT NULL DEFAULT 0,
  `depends_on_stock` tinyint(1) unsigned NOT NULL DEFAULT 0,
  `out_of_stock` tinyint(1) unsigned NOT NULL DEFAULT 0,
  `location` varchar(255) NOT NULL DEFAULT '',
  PRIMARY KEY (`id_stock_available`),
  UNIQUE KEY `product_sqlstock` (`id_product`,`id_product_attribute`,`id_shop`,`id_shop_group`),
  KEY `id_shop` (`id_shop`),
  KEY `id_shop_group` (`id_shop_group`),
  KEY `id_product` (`id_product`),
  KEY `id_product_attribute` (`id_product_attribute`)
) ENGINE=InnoDB AUTO_INCREMENT=8 DEFAULT CHARSET=utf8mb4 COLLATE=utf8mb4_general_ci;

--
-- Dumping data for table `imaxstock_available`
--

INSERT INTO `imaxstock_available` VALUES
(1,3,0,0,0,0,0,0,0,2,''),
(5,3,0,1,0,0,0,0,0,2,''),
(6,3,3,0,0,0,0,0,0,2,''),
(7,1,0,1,0,0,0,0,0,0,'');

--
-- Table structure for table `imaxstock_available_advanced`
--

CREATE TABLE `imaxstock_available_advanced` (
  `id_stock_available_advanced` int(11) unsigned NOT NULL AUTO_INCREMENT,
  `id_product` int(11) NOT NULL,
  `id_product_attribute` int(11) unsigned DEFAULT NULL,
  `product_name` varchar(255) DEFAULT NULL,
  `reference` varchar(255) DEFAULT NULL,
  `id_order` int(11) DEFAULT NULL,
  `id_order_status` int(11) DEFAULT NULL,
  `stock_quantity` int(10) NOT NULL DEFAULT 0,
  `physical_quantity` int(11) NOT NULL DEFAULT 0,
  `reserved_quantity` int(11) NOT NULL DEFAULT 0,
  `mvt_physical` int(11) NOT NULL DEFAULT 0,
  `mvt_reserved` int(11) NOT NULL DEFAULT 0,
  `sign` smallint(6) NOT NULL DEFAULT 1,
  `id_employee` int(11) NOT NULL,
  `reason_presta` varchar(255) NOT NULL DEFAULT '',
  `comments` varchar(255) DEFAULT NULL,
  `date_add` datetime NOT NULL,
  PRIMARY KEY (`id_stock_available_advanced`),
  KEY `id_product` (`id_product`,`id_product_attribute`)
) ENGINE=InnoDB AUTO_INCREMENT=14 DEFAULT CHARSET=utf8mb4 COLLATE=utf8mb4_general_ci;

--
-- Dumping data for table `imaxstock_available_advanced`
--

INSERT INTO `imaxstock_available_advanced` VALUES
(1,3,3,'Producto con combinaciones : Color - Rojo, Talla - L','rojol',0,0,20,20,0,0,0,-1,1,'','Hola','2024-10-11 09:03:21'),
(2,3,3,'Producto con combinaciones : Color - Rojo, Talla - L','rojol',0,0,20,20,0,20,0,1,1,'Actualización','','2024-10-11 09:03:22'),
(3,3,3,'Producto con combinaciones','rojol',0,0,60,30,0,10,0,1,1,'Transferir desde otro almacén','Transferir desde otro almacén','2024-10-11 10:06:19'),
(4,3,3,'Producto con combinaciones - L','rojol',0,0,0,0,0,-30,0,-1,1,'Edición de Producto','Establecida de forma Manual','2024-10-11 10:06:19'),
(5,3,3,'Producto con combinaciones : Color - Rojo, Talla - L','rojol',0,0,0,0,0,-20,0,-1,1,'Actualización','','2024-10-11 10:06:19'),
(6,3,3,'Producto con combinaciones : Color - Rojo, Talla - L','rojol',0,0,10,10,0,10,0,1,1,'Entrada','','2024-10-11 10:06:19'),
(7,3,3,'Producto con combinaciones : Color - Rojo, Talla - L','rojol',0,0,0,0,0,-10,0,-1,1,'Actualización','','2024-10-16 10:44:06'),
(8,3,3,'Producto con combinaciones - L','rojol',55,10,0,0,1,0,-1,-1,0,'Cambio Estado Pedido','Cambios de Pedidos','2024-10-16 10:44:07'),
(9,3,3,'Producto con combinaciones : Color - Rojo, Talla - L','rojol',0,0,10,10,0,0,0,-1,1,'','','2024-10-16 11:47:44'),
(10,3,3,'Producto con combinaciones : Color - Rojo, Talla - L','rojol',0,0,10,10,0,10,-1,1,1,'Actualización','','2024-10-16 11:47:44'),
(11,3,3,'Producto con combinaciones - L','rojol',56,10,10,10,1,0,-1,-1,0,'Cambio Estado Pedido','Cambios de Pedidos','2024-10-16 11:48:13'),
(12,3,3,'Producto con combinaciones : Color - Rojo, Talla - L','rojol',0,0,10,10,0,0,-1,-1,1,'Actualización','','2024-10-16 18:19:20'),
(13,1,0,'PRODUCTO AAA','abcd',0,0,0,0,0,0,0,-1,1,'Edición de Producto','Establecida de forma Manual','2024-10-23 09:26:43');

--
-- Table structure for table `imaxstock_mvt`
--

CREATE TABLE `imaxstock_mvt` (
  `id_stock_mvt` bigint(20) NOT NULL AUTO_INCREMENT,
  `id_stock` int(11) NOT NULL,
  `id_order` int(11) DEFAULT NULL,
  `id_supply_order` int(11) DEFAULT NULL,
  `id_stock_mvt_reason` int(11) NOT NULL,
  `id_employee` int(11) NOT NULL,
  `employee_lastname` varchar(255) DEFAULT NULL,
  `employee_firstname` varchar(255) DEFAULT NULL,
  `physical_quantity` int(10) unsigned NOT NULL,
  `date_add` datetime NOT NULL,
  `sign` smallint(6) NOT NULL DEFAULT 1,
  `price_te` decimal(20,6) DEFAULT 0.000000,
  `last_wa` decimal(20,6) DEFAULT 0.000000,
  `current_wa` decimal(20,6) DEFAULT 0.000000,
  `referer` bigint(20) DEFAULT NULL,
  PRIMARY KEY (`id_stock_mvt`),
  KEY `id_stock` (`id_stock`),
  KEY `id_stock_mvt_reason` (`id_stock_mvt_reason`)
) ENGINE=InnoDB AUTO_INCREMENT=2 DEFAULT CHARSET=utf8mb4 COLLATE=utf8mb4_unicode_ci;

--
-- Dumping data for table `imaxstock_mvt`
--

INSERT INTO `imaxstock_mvt` VALUES
(1,1,NULL,NULL,7,1,'Max','Informax',10,'2024-10-11 10:06:19',1,0.000000,0.000000,0.000000,NULL);

--
-- Table structure for table `imaxstock_mvt_reason`
--

CREATE TABLE `imaxstock_mvt_reason` (
  `id_stock_mvt_reason` int(11) unsigned NOT NULL AUTO_INCREMENT,
  `sign` tinyint(1) NOT NULL DEFAULT 1,
  `date_add` datetime NOT NULL,
  `date_upd` datetime NOT NULL,
  `deleted` tinyint(1) unsigned NOT NULL DEFAULT 0,
  PRIMARY KEY (`id_stock_mvt_reason`)
) ENGINE=InnoDB AUTO_INCREMENT=13 DEFAULT CHARSET=utf8mb4 COLLATE=utf8mb4_general_ci;

--
-- Dumping data for table `imaxstock_mvt_reason`
--

INSERT INTO `imaxstock_mvt_reason` VALUES
(1,1,'2024-05-15 11:58:31','2024-05-15 11:58:31',0),
(2,-1,'2024-05-15 11:58:31','2024-05-15 11:58:31',0),
(3,-1,'2024-05-15 11:58:31','2024-05-15 11:58:31',0),
(4,-1,'2024-05-15 11:58:31','2024-05-15 11:58:31',0),
(5,1,'2024-05-15 11:58:31','2024-05-15 11:58:31',0),
(6,-1,'2024-05-15 11:58:31','2024-05-15 11:58:31',0),
(7,1,'2024-05-15 11:58:31','2024-05-15 11:58:31',0),
(8,1,'2024-05-15 11:58:31','2024-05-15 11:58:31',0),
(9,1,'2024-05-15 11:58:31','2024-05-15 11:58:31',0),
(10,1,'2024-05-15 11:58:31','2024-05-15 11:58:31',0),
(11,1,'2024-05-15 11:58:31','2024-05-15 11:58:31',0),
(12,-1,'2024-05-15 11:58:31','2024-05-15 11:58:31',0);

--
-- Table structure for table `imaxstock_mvt_reason_lang`
--

CREATE TABLE `imaxstock_mvt_reason_lang` (
  `id_stock_mvt_reason` int(11) unsigned NOT NULL,
  `id_lang` int(11) unsigned NOT NULL,
  `name` varchar(255) CHARACTER SET utf8mb3 COLLATE utf8mb3_general_ci NOT NULL,
  PRIMARY KEY (`id_stock_mvt_reason`,`id_lang`)
) ENGINE=InnoDB DEFAULT CHARSET=utf8mb4 COLLATE=utf8mb4_general_ci;

--
-- Dumping data for table `imaxstock_mvt_reason_lang`
--

INSERT INTO `imaxstock_mvt_reason_lang` VALUES
(1,1,'Incrementar'),
(2,1,'Decrementar'),
(3,1,'Pedido del cliente'),
(4,1,'Regulation following an inventory of stock'),
(5,1,'Regulation following an inventory of stock'),
(6,1,'Transferir a otro almacén'),
(7,1,'Transferir desde otro almacén'),
(8,1,'Pedido de suministros'),
(9,1,'Pedido del cliente'),
(10,1,'Devolver producto'),
(11,1,'Employee Edition'),
(12,1,'Employee Edition');

--
-- Table structure for table `imaxstore`
--

CREATE TABLE `imaxstore` (
  `id_store` int(10) unsigned NOT NULL AUTO_INCREMENT,
  `id_country` int(10) unsigned NOT NULL,
  `id_state` int(10) unsigned DEFAULT NULL,
  `city` varchar(64) NOT NULL,
  `postcode` varchar(12) NOT NULL,
  `latitude` decimal(13,8) DEFAULT NULL,
  `longitude` decimal(13,8) DEFAULT NULL,
  `phone` varchar(16) DEFAULT NULL,
  `fax` varchar(16) DEFAULT NULL,
  `email` varchar(255) DEFAULT NULL,
  `active` tinyint(1) unsigned NOT NULL DEFAULT 0,
  `date_add` datetime NOT NULL,
  `date_upd` datetime NOT NULL,
  PRIMARY KEY (`id_store`)
) ENGINE=InnoDB DEFAULT CHARSET=utf8mb4 COLLATE=utf8mb4_general_ci;

--
-- Dumping data for table `imaxstore`
--


--
-- Table structure for table `imaxstore_lang`
--

CREATE TABLE `imaxstore_lang` (
  `id_store` int(11) unsigned NOT NULL,
  `id_lang` int(11) unsigned NOT NULL,
  `name` varchar(255) NOT NULL,
  `address1` varchar(255) NOT NULL,
  `address2` varchar(255) DEFAULT NULL,
  `hours` text DEFAULT NULL,
  `note` text DEFAULT NULL,
  PRIMARY KEY (`id_store`,`id_lang`)
) ENGINE=InnoDB DEFAULT CHARSET=utf8mb4 COLLATE=utf8mb4_general_ci;

--
-- Dumping data for table `imaxstore_lang`
--


--
-- Table structure for table `imaxstore_shop`
--

CREATE TABLE `imaxstore_shop` (
  `id_store` int(11) unsigned NOT NULL,
  `id_shop` int(11) unsigned NOT NULL,
  PRIMARY KEY (`id_store`,`id_shop`),
  KEY `id_shop` (`id_shop`)
) ENGINE=InnoDB DEFAULT CHARSET=utf8mb4 COLLATE=utf8mb4_general_ci;

--
-- Dumping data for table `imaxstore_shop`
--


--
-- Table structure for table `imaxsupplier`
--

CREATE TABLE `imaxsupplier` (
  `id_supplier` int(10) unsigned NOT NULL AUTO_INCREMENT,
  `name` varchar(64) NOT NULL,
  `date_add` datetime NOT NULL,
  `date_upd` datetime NOT NULL,
  `active` tinyint(1) NOT NULL DEFAULT 0,
  PRIMARY KEY (`id_supplier`)
) ENGINE=InnoDB DEFAULT CHARSET=utf8mb4 COLLATE=utf8mb4_general_ci;

--
-- Dumping data for table `imaxsupplier`
--


--
-- Table structure for table `imaxsupplier_lang`
--

CREATE TABLE `imaxsupplier_lang` (
  `id_supplier` int(10) unsigned NOT NULL,
  `id_lang` int(10) unsigned NOT NULL,
  `description` text DEFAULT NULL,
  `meta_title` varchar(255) DEFAULT NULL,
  `meta_keywords` varchar(255) DEFAULT NULL,
  `meta_description` varchar(512) DEFAULT NULL,
  PRIMARY KEY (`id_supplier`,`id_lang`)
) ENGINE=InnoDB DEFAULT CHARSET=utf8mb4 COLLATE=utf8mb4_general_ci;

--
-- Dumping data for table `imaxsupplier_lang`
--


--
-- Table structure for table `imaxsupplier_shop`
--

CREATE TABLE `imaxsupplier_shop` (
  `id_supplier` int(11) unsigned NOT NULL,
  `id_shop` int(11) unsigned NOT NULL,
  PRIMARY KEY (`id_supplier`,`id_shop`),
  KEY `id_shop` (`id_shop`)
) ENGINE=InnoDB DEFAULT CHARSET=utf8mb4 COLLATE=utf8mb4_general_ci;

--
-- Dumping data for table `imaxsupplier_shop`
--


--
-- Table structure for table `imaxsupply_order`
--

CREATE TABLE `imaxsupply_order` (
  `id_supply_order` int(11) unsigned NOT NULL AUTO_INCREMENT,
  `id_supplier` int(11) unsigned NOT NULL,
  `supplier_name` varchar(64) NOT NULL,
  `id_lang` int(11) unsigned NOT NULL,
  `id_warehouse` int(11) unsigned NOT NULL,
  `id_supply_order_state` int(11) unsigned NOT NULL,
  `id_currency` int(11) unsigned NOT NULL,
  `id_ref_currency` int(11) unsigned NOT NULL,
  `reference` varchar(64) NOT NULL,
  `date_add` datetime NOT NULL,
  `date_upd` datetime NOT NULL,
  `date_delivery_expected` datetime DEFAULT NULL,
  `total_te` decimal(20,6) DEFAULT 0.000000,
  `total_with_discount_te` decimal(20,6) DEFAULT 0.000000,
  `total_tax` decimal(20,6) DEFAULT 0.000000,
  `total_ti` decimal(20,6) DEFAULT 0.000000,
  `discount_rate` decimal(20,6) DEFAULT 0.000000,
  `discount_value_te` decimal(20,6) DEFAULT 0.000000,
  `is_template` tinyint(1) DEFAULT 0,
  PRIMARY KEY (`id_supply_order`),
  KEY `id_supplier` (`id_supplier`),
  KEY `id_warehouse` (`id_warehouse`),
  KEY `reference` (`reference`)
) ENGINE=InnoDB DEFAULT CHARSET=utf8mb4 COLLATE=utf8mb4_general_ci;

--
-- Dumping data for table `imaxsupply_order`
--


--
-- Table structure for table `imaxsupply_order_detail`
--

CREATE TABLE `imaxsupply_order_detail` (
  `id_supply_order_detail` int(11) unsigned NOT NULL AUTO_INCREMENT,
  `id_supply_order` int(11) unsigned NOT NULL,
  `id_currency` int(11) unsigned NOT NULL,
  `id_product` int(11) unsigned NOT NULL,
  `id_product_attribute` int(11) unsigned NOT NULL,
  `reference` varchar(64) NOT NULL,
  `supplier_reference` varchar(64) NOT NULL,
  `name` varchar(128) NOT NULL,
  `ean13` varchar(13) DEFAULT NULL,
  `isbn` varchar(32) DEFAULT NULL,
  `upc` varchar(12) DEFAULT NULL,
  `mpn` varchar(40) DEFAULT NULL,
  `exchange_rate` decimal(20,6) DEFAULT 0.000000,
  `unit_price_te` decimal(20,6) DEFAULT 0.000000,
  `quantity_expected` int(11) unsigned NOT NULL,
  `quantity_received` int(11) unsigned NOT NULL,
  `price_te` decimal(20,6) DEFAULT 0.000000,
  `discount_rate` decimal(20,6) DEFAULT 0.000000,
  `discount_value_te` decimal(20,6) DEFAULT 0.000000,
  `price_with_discount_te` decimal(20,6) DEFAULT 0.000000,
  `tax_rate` decimal(20,6) DEFAULT 0.000000,
  `tax_value` decimal(20,6) DEFAULT 0.000000,
  `price_ti` decimal(20,6) DEFAULT 0.000000,
  `tax_value_with_order_discount` decimal(20,6) DEFAULT 0.000000,
  `price_with_order_discount_te` decimal(20,6) DEFAULT 0.000000,
  PRIMARY KEY (`id_supply_order_detail`),
  KEY `id_supply_order` (`id_supply_order`,`id_product`),
  KEY `id_product_attribute` (`id_product_attribute`),
  KEY `id_product_product_attribute` (`id_product`,`id_product_attribute`)
) ENGINE=InnoDB DEFAULT CHARSET=utf8mb4 COLLATE=utf8mb4_general_ci;

--
-- Dumping data for table `imaxsupply_order_detail`
--


--
-- Table structure for table `imaxsupply_order_history`
--

CREATE TABLE `imaxsupply_order_history` (
  `id_supply_order_history` int(11) unsigned NOT NULL AUTO_INCREMENT,
  `id_supply_order` int(11) unsigned NOT NULL,
  `id_employee` int(11) unsigned NOT NULL,
  `employee_lastname` varchar(255) DEFAULT '',
  `employee_firstname` varchar(255) DEFAULT '',
  `id_state` int(11) unsigned NOT NULL,
  `date_add` datetime NOT NULL,
  PRIMARY KEY (`id_supply_order_history`),
  KEY `id_supply_order` (`id_supply_order`),
  KEY `id_employee` (`id_employee`),
  KEY `id_state` (`id_state`)
) ENGINE=InnoDB DEFAULT CHARSET=utf8mb4 COLLATE=utf8mb4_general_ci;

--
-- Dumping data for table `imaxsupply_order_history`
--


--
-- Table structure for table `imaxsupply_order_receipt_history`
--

CREATE TABLE `imaxsupply_order_receipt_history` (
  `id_supply_order_receipt_history` int(11) unsigned NOT NULL AUTO_INCREMENT,
  `id_supply_order_detail` int(11) unsigned NOT NULL,
  `id_employee` int(11) unsigned NOT NULL,
  `employee_lastname` varchar(255) DEFAULT '',
  `employee_firstname` varchar(255) DEFAULT '',
  `id_supply_order_state` int(11) unsigned NOT NULL,
  `quantity` int(11) unsigned NOT NULL,
  `date_add` datetime NOT NULL,
  PRIMARY KEY (`id_supply_order_receipt_history`),
  KEY `id_supply_order_detail` (`id_supply_order_detail`),
  KEY `id_supply_order_state` (`id_supply_order_state`)
) ENGINE=InnoDB DEFAULT CHARSET=utf8mb4 COLLATE=utf8mb4_general_ci;

--
-- Dumping data for table `imaxsupply_order_receipt_history`
--


--
-- Table structure for table `imaxsupply_order_state`
--

CREATE TABLE `imaxsupply_order_state` (
  `id_supply_order_state` int(11) unsigned NOT NULL AUTO_INCREMENT,
  `delivery_note` tinyint(1) NOT NULL DEFAULT 0,
  `editable` tinyint(1) NOT NULL DEFAULT 0,
  `receipt_state` tinyint(1) NOT NULL DEFAULT 0,
  `pending_receipt` tinyint(1) NOT NULL DEFAULT 0,
  `enclosed` tinyint(1) NOT NULL DEFAULT 0,
  `color` varchar(32) DEFAULT NULL,
  PRIMARY KEY (`id_supply_order_state`)
) ENGINE=InnoDB AUTO_INCREMENT=7 DEFAULT CHARSET=utf8mb4 COLLATE=utf8mb4_general_ci;

--
-- Dumping data for table `imaxsupply_order_state`
--

INSERT INTO `imaxsupply_order_state` VALUES
(1,0,1,0,0,0,'#faab00'),
(2,1,0,0,0,0,'#273cff'),
(3,0,0,0,1,0,'#ff37f5'),
(4,0,0,1,1,0,'#ff3e33'),
(5,0,0,1,0,1,'#00d60c'),
(6,0,0,0,0,1,'#666666');

--
-- Table structure for table `imaxsupply_order_state_lang`
--

CREATE TABLE `imaxsupply_order_state_lang` (
  `id_supply_order_state` int(11) unsigned NOT NULL,
  `id_lang` int(11) unsigned NOT NULL,
  `name` varchar(128) DEFAULT NULL,
  PRIMARY KEY (`id_supply_order_state`,`id_lang`)
) ENGINE=InnoDB DEFAULT CHARSET=utf8mb4 COLLATE=utf8mb4_general_ci;

--
-- Dumping data for table `imaxsupply_order_state_lang`
--

INSERT INTO `imaxsupply_order_state_lang` VALUES
(1,1,'1 - Creación en proceso'),
(2,1,'2 - Pedido validado'),
(3,1,'3 - Pendiente de recepción'),
(4,1,'4 - Pedido recibido parcialmente'),
(5,1,'5 - Pedido recibido al completo'),
(6,1,'6 - Pedido cancelado');

--
-- Table structure for table `imaxtab`
--

CREATE TABLE `imaxtab` (
  `id_tab` int(11) NOT NULL AUTO_INCREMENT,
  `id_parent` int(11) NOT NULL,
  `position` int(11) NOT NULL,
  `module` varchar(64) DEFAULT NULL,
  `class_name` varchar(64) NOT NULL,
  `route_name` varchar(256) DEFAULT NULL,
  `active` tinyint(1) NOT NULL,
  `enabled` tinyint(1) NOT NULL,
  `icon` varchar(32) DEFAULT NULL,
  `wording` varchar(255) DEFAULT NULL,
  `wording_domain` varchar(255) DEFAULT NULL,
  PRIMARY KEY (`id_tab`)
) ENGINE=InnoDB AUTO_INCREMENT=141 DEFAULT CHARSET=utf8mb4 COLLATE=utf8mb4_unicode_ci;

--
-- Dumping data for table `imaxtab`
--

INSERT INTO `imaxtab` VALUES
(1,0,0,NULL,'AdminDashboard','',1,1,'trending_up','Dashboard','Admin.Navigation.Menu'),
(2,0,1,NULL,'SELL','',1,1,'','Sell','Admin.Navigation.Menu'),
(3,2,0,NULL,'AdminParentOrders','',1,1,'shopping_basket','Orders','Admin.Navigation.Menu'),
(4,3,0,NULL,'AdminOrders','',1,1,'','Orders','Admin.Navigation.Menu'),
(5,3,1,NULL,'AdminInvoices','',1,1,'','Invoices','Admin.Navigation.Menu'),
(6,3,2,NULL,'AdminSlip','',1,1,'','Credit Slips','Admin.Navigation.Menu'),
(7,3,3,NULL,'AdminDeliverySlip','',1,1,'','Delivery Slips','Admin.Navigation.Menu'),
(8,3,4,NULL,'AdminCarts','',1,1,'','Shopping Carts','Admin.Navigation.Menu'),
(9,2,1,NULL,'AdminCatalog','',1,1,'store','Catalog','Admin.Navigation.Menu'),
(10,9,0,NULL,'AdminProducts','',1,1,'','Products','Admin.Navigation.Menu'),
(11,9,1,NULL,'AdminCategories','',1,1,'','Categories','Admin.Navigation.Menu'),
(12,9,2,NULL,'AdminTracking','',1,1,'','Monitoring','Admin.Navigation.Menu'),
(13,9,3,NULL,'AdminParentAttributesGroups','',1,1,'','Attributes & Features','Admin.Navigation.Menu'),
(14,13,0,NULL,'AdminAttributesGroups','',1,1,'','Attributes','Admin.Navigation.Menu'),
(15,13,1,NULL,'AdminFeatures','',1,1,'','Features','Admin.Navigation.Menu'),
(16,9,4,NULL,'AdminParentManufacturers','',1,1,'','Brands & Suppliers','Admin.Navigation.Menu'),
(17,16,0,NULL,'AdminManufacturers','',1,1,'','Brands','Admin.Navigation.Menu'),
(18,16,1,NULL,'AdminSuppliers','',1,1,'','Suppliers','Admin.Navigation.Menu'),
(19,9,5,NULL,'AdminAttachments','',1,1,'','Files','Admin.Navigation.Menu'),
(20,9,6,NULL,'AdminParentCartRules','',1,1,'','Discounts','Admin.Navigation.Menu'),
(21,20,0,NULL,'AdminCartRules','',1,1,'','Cart Rules','Admin.Navigation.Menu'),
(22,20,1,NULL,'AdminSpecificPriceRule','',1,1,'','Catalog Price Rules','Admin.Navigation.Menu'),
(23,9,7,NULL,'AdminStockManagement','',1,1,'','Stock','Admin.Navigation.Menu'),
(24,2,2,NULL,'AdminParentCustomer','',1,1,'account_circle','Customers','Admin.Navigation.Menu'),
(25,24,0,NULL,'AdminCustomers','',1,1,'','Customers','Admin.Navigation.Menu'),
(26,24,1,NULL,'AdminAddresses','',1,1,'','Addresses','Admin.Navigation.Menu'),
(27,24,2,NULL,'AdminOutstanding','',0,1,'','Outstanding','Admin.Navigation.Menu'),
(28,2,3,NULL,'AdminParentCustomerThreads','',1,1,'chat','Customer Service','Admin.Navigation.Menu'),
(29,28,0,NULL,'AdminCustomerThreads','',1,1,'','Customer Service','Admin.Navigation.Menu'),
(30,28,1,NULL,'AdminOrderMessage','',1,1,'','Order Messages','Admin.Navigation.Menu'),
(31,28,2,NULL,'AdminReturn','',1,1,'','Merchandise Returns','Admin.Navigation.Menu'),
(32,2,4,NULL,'AdminStats','',1,1,'assessment','Stats','Admin.Navigation.Menu'),
(33,2,5,NULL,'AdminStock','',1,1,'store','',''),
(34,33,0,NULL,'AdminWarehouses','',1,1,'','Warehouses','Admin.Navigation.Menu'),
(35,33,1,NULL,'AdminParentStockManagement','',1,1,'','Stock Management','Admin.Navigation.Menu'),
(36,35,0,NULL,'AdminStockManagement','',1,1,'','Stock Management','Admin.Navigation.Menu'),
(37,0,2,NULL,'IMPROVE','',1,1,'','Improve','Admin.Navigation.Menu'),
(38,37,0,NULL,'AdminParentModulesSf','',1,1,'extension','Modules','Admin.Navigation.Menu'),
(39,38,0,NULL,'AdminModulesSf','',1,1,'','Module Manager','Admin.Navigation.Menu'),
(40,39,0,NULL,'AdminModulesManage','',1,1,'','Modules','Admin.Navigation.Menu'),
(41,39,1,NULL,'AdminModulesNotifications','',1,1,'','Alerts','Admin.Navigation.Menu'),
(42,39,2,NULL,'AdminModulesUpdates','',1,1,'','Updates','Admin.Navigation.Menu'),
(43,37,1,NULL,'AdminParentThemes','',1,1,'desktop_mac','Design','Admin.Navigation.Menu'),
(44,127,1,'','AdminThemes','',1,1,'','Theme & Logo','Admin.Navigation.Menu'),
(45,43,1,NULL,'AdminParentMailTheme','',1,1,'','Email Theme','Admin.Navigation.Menu'),
(46,45,0,NULL,'AdminMailTheme','',1,1,'','Email Theme','Admin.Navigation.Menu'),
(47,43,2,NULL,'AdminCmsContent','',1,1,'','Pages','Admin.Navigation.Menu'),
(48,43,3,NULL,'AdminModulesPositions','',1,1,'','Positions','Admin.Navigation.Menu'),
(49,43,4,NULL,'AdminImages','',1,1,'','Image Settings','Admin.Navigation.Menu'),
(50,37,2,NULL,'AdminParentShipping','',1,1,'local_shipping','Shipping','Admin.Navigation.Menu'),
(51,50,0,NULL,'AdminCarriers','',1,1,'','Carriers','Admin.Navigation.Menu'),
(52,50,1,NULL,'AdminShipping','',1,1,'','Preferences','Admin.Navigation.Menu'),
(53,37,3,NULL,'AdminParentPayment','',1,1,'payment','Payment','Admin.Navigation.Menu'),
(54,53,0,NULL,'AdminPayment','',1,1,'','Payment Methods','Admin.Navigation.Menu'),
(55,53,1,NULL,'AdminPaymentPreferences','',1,1,'','Preferences','Admin.Navigation.Menu'),
(56,37,4,NULL,'AdminInternational','',1,1,'language','International','Admin.Navigation.Menu'),
(57,56,0,NULL,'AdminParentLocalization','',1,1,'','Localization','Admin.Navigation.Menu'),
(58,57,0,NULL,'AdminLocalization','',1,1,'','Localization','Admin.Navigation.Menu'),
(59,57,1,NULL,'AdminLanguages','',1,1,'','Languages','Admin.Navigation.Menu'),
(60,57,2,NULL,'AdminCurrencies','',1,1,'','Currencies','Admin.Navigation.Menu'),
(61,57,3,NULL,'AdminGeolocation','',1,1,'','Geolocation','Admin.Navigation.Menu'),
(62,56,1,NULL,'AdminParentCountries','',1,1,'','Locations','Admin.Navigation.Menu'),
(63,62,0,NULL,'AdminZones','',1,1,'','Zones','Admin.Navigation.Menu'),
(64,62,1,NULL,'AdminCountries','',1,1,'','Countries','Admin.Navigation.Menu'),
(65,62,2,NULL,'AdminStates','',1,1,'','States','Admin.Navigation.Menu'),
(66,56,2,NULL,'AdminParentTaxes','',1,1,'','Taxes','Admin.Navigation.Menu'),
(67,66,0,NULL,'AdminTaxes','',1,1,'','Taxes','Admin.Navigation.Menu'),
(68,66,1,NULL,'AdminTaxRulesGroup','',1,1,'','Tax Rules','Admin.Navigation.Menu'),
(69,56,3,NULL,'AdminTranslations','',1,1,'','Translations','Admin.Navigation.Menu'),
(70,0,3,NULL,'CONFIGURE','',1,1,'','Configure','Admin.Navigation.Menu'),
(71,70,0,NULL,'ShopParameters','',1,1,'settings','Shop Parameters','Admin.Navigation.Menu'),
(72,71,0,NULL,'AdminParentPreferences','',1,1,'','General','Admin.Navigation.Menu'),
(73,72,0,NULL,'AdminPreferences','',1,1,'','General','Admin.Navigation.Menu'),
(74,72,1,NULL,'AdminMaintenance','',1,1,'','Maintenance','Admin.Navigation.Menu'),
(75,71,1,NULL,'AdminParentOrderPreferences','',1,1,'','Order Settings','Admin.Navigation.Menu'),
(76,75,0,NULL,'AdminOrderPreferences','',1,1,'','Order Settings','Admin.Navigation.Menu'),
(77,75,1,NULL,'AdminStatuses','',1,1,'','Statuses','Admin.Navigation.Menu'),
(78,71,2,NULL,'AdminPPreferences','',1,1,'','Product Settings','Admin.Navigation.Menu'),
(79,71,3,NULL,'AdminParentCustomerPreferences','',1,1,'','Customer Settings','Admin.Navigation.Menu'),
(80,79,0,NULL,'AdminCustomerPreferences','',1,1,'','Customer Settings','Admin.Navigation.Menu'),
(81,79,1,NULL,'AdminGroups','',1,1,'','Groups','Admin.Navigation.Menu'),
(82,79,2,NULL,'AdminGenders','',1,1,'','Titles','Admin.Navigation.Menu'),
(83,71,4,NULL,'AdminParentStores','',1,1,'','Contact','Admin.Navigation.Menu'),
(84,83,0,NULL,'AdminContacts','',1,1,'','Contacts','Admin.Navigation.Menu'),
(85,83,1,NULL,'AdminStores','',1,1,'','Stores','Admin.Navigation.Menu'),
(86,71,5,NULL,'AdminParentMeta','',1,1,'','Traffic & SEO','Admin.Navigation.Menu'),
(87,86,0,NULL,'AdminMeta','',1,1,'','SEO & URLs','Admin.Navigation.Menu'),
(88,86,1,NULL,'AdminSearchEngines','',1,1,'','Search Engines','Admin.Navigation.Menu'),
(89,71,6,NULL,'AdminParentSearchConf','',1,1,'','Search','Admin.Navigation.Menu'),
(90,89,0,NULL,'AdminSearchConf','',1,1,'','Search','Admin.Navigation.Menu'),
(91,89,1,NULL,'AdminTags','',1,1,'','Tags','Admin.Navigation.Menu'),
(92,70,1,NULL,'AdminAdvancedParameters','',1,1,'settings_applications','Advanced Parameters','Admin.Navigation.Menu'),
(93,92,0,NULL,'AdminInformation','',1,1,'','Information','Admin.Navigation.Menu'),
(94,92,1,NULL,'AdminPerformance','',1,1,'','Performance','Admin.Navigation.Menu'),
(95,92,2,NULL,'AdminAdminPreferences','',1,1,'','Administration','Admin.Navigation.Menu'),
(96,92,3,NULL,'AdminEmails','',1,1,'','E-mail','Admin.Navigation.Menu'),
(97,92,4,NULL,'AdminImport','',1,1,'','Import','Admin.Navigation.Menu'),
(98,92,5,NULL,'AdminParentEmployees','',1,1,'','Team','Admin.Navigation.Menu'),
(99,98,0,NULL,'AdminEmployees','',1,1,'','Employees','Admin.Navigation.Menu'),
(100,98,1,NULL,'AdminProfiles','',1,1,'','Profiles','Admin.Navigation.Menu'),
(101,98,2,NULL,'AdminAccess','',1,1,'','Permissions','Admin.Navigation.Menu'),
(102,92,6,NULL,'AdminParentRequestSql','',1,1,'','Database','Admin.Navigation.Menu'),
(103,102,0,NULL,'AdminRequestSql','',1,1,'','SQL Manager','Admin.Navigation.Menu'),
(104,102,1,NULL,'AdminBackup','',1,1,'','DB Backup','Admin.Navigation.Menu'),
(105,92,7,NULL,'AdminLogs','',1,1,'','Logs','Admin.Navigation.Menu'),
(106,92,8,NULL,'AdminWebservice','',1,1,'','Webservice','Admin.Navigation.Menu'),
(107,92,9,NULL,'AdminAuthorizationServer','',0,1,'','Authorization Server','Admin.Navigation.Menu'),
(108,92,10,NULL,'AdminShopGroup','',0,1,'','Multistore','Admin.Navigation.Menu'),
(109,92,11,NULL,'AdminShopUrl','',0,1,'','Multistore','Admin.Navigation.Menu'),
(110,92,12,NULL,'AdminFeatureFlag','',1,1,'','New & Experimental Features','Admin.Navigation.Menu'),
(111,92,13,NULL,'AdminParentSecurity','',1,1,'','Security','Admin.Navigation.Menu'),
(112,111,0,NULL,'AdminSecurity','admin_security',1,1,'','Security','Admin.Navigation.Menu'),
(113,111,1,NULL,'AdminSecuritySessionEmployee','admin_security_sessions_employee_list',1,1,'','Employee Sessions','Admin.Navigation.Menu'),
(114,111,2,NULL,'AdminSecuritySessionCustomer','admin_security_sessions_customer_list',1,1,'','Customer Sessions','Admin.Navigation.Menu'),
(115,-1,0,NULL,'AdminQuickAccesses','',1,1,'','Quick Access','Admin.Navigation.Menu'),
(116,0,4,NULL,'DEFAULT','',1,1,'','More','Admin.Navigation.Menu'),
(117,-1,1,NULL,'AdminPatterns','',1,1,'','',''),
(118,43,5,'ps_linklist','AdminLinkWidget','admin_link_block_list',1,1,'','Link List','Modules.Linklist.Admin'),
(119,0,5,'blockreassurance','AdminBlockListing','',0,1,'',NULL,NULL),
(120,38,1,'blockwishlist','WishlistConfigurationAdminParentController','',0,1,'',NULL,NULL),
(121,120,1,'blockwishlist','WishlistConfigurationAdminController','',1,1,'',NULL,NULL),
(122,120,2,'blockwishlist','WishlistStatisticsAdminController','',1,1,'',NULL,NULL),
(123,-1,2,'psgdpr','AdminAjaxPsgdpr','',1,1,'',NULL,NULL),
(124,-1,3,'psgdpr','AdminDownloadInvoicesPsgdpr','',1,1,'',NULL,NULL),
(125,-1,4,'dashgoals','AdminDashgoals','',1,1,'',NULL,NULL),
(126,-1,5,'ps_googleanalytics','AdminGanalyticsAjax','',1,1,'',NULL,NULL),
(127,43,0,'','AdminThemesParent','',1,1,'','Theme & Logo','Admin.Navigation.Menu'),
(128,127,2,'ps_themecusto','AdminPsThemeCustoConfiguration','',1,1,'',NULL,NULL),
(129,127,3,'ps_themecusto','AdminPsThemeCustoAdvanced','',1,1,'',NULL,NULL),
(130,-1,6,'ps_faviconnotificationbo','AdminConfigureFaviconBo','',1,1,'',NULL,NULL),
(131,2,6,'gestavdstock','GestAvdStockMvt','',1,1,'',NULL,NULL),
(132,2,7,'gestavdstock','GestAvdStock','',1,1,'',NULL,NULL),
(133,0,6,'imaxmultialmacen','AdminInformax','',1,1,'',NULL,NULL),
(134,133,1,'imaxmultialmacen','AdminImaxMultiAlmacen','',1,1,'',NULL,NULL),
(135,133,2,'imaximprimepedidosservidor','AdminImaxImprimePedidosServidor','',1,1,'',NULL,NULL),
(136,133,3,'imaximprimepedidosservidor','AdminImaxImprimePedidosOrder','',1,1,'',NULL,NULL),
(137,133,4,'imaxmovimientospda','AdminImaxMovimientosPda','',1,1,'',NULL,NULL),
(138,133,5,'imaxscanean','Adminimaxscanean','',1,1,'',NULL,NULL),
(139,133,6,'imaxinventariodiferido','Adminimaxinventariodiferido','',1,1,'',NULL,NULL),
(140,133,7,'imaxrecoleccionpda','AdminImaxRecoleccionPda','',1,1,'',NULL,NULL);

--
-- Table structure for table `imaxtab_lang`
--

CREATE TABLE `imaxtab_lang` (
  `id_tab` int(11) NOT NULL,
  `id_lang` int(11) NOT NULL,
  `name` varchar(128) NOT NULL,
  PRIMARY KEY (`id_tab`,`id_lang`),
  KEY `IDX_CAD93044ED47AB56` (`id_tab`),
  KEY `IDX_CAD93044BA299860` (`id_lang`)
) ENGINE=InnoDB DEFAULT CHARSET=utf8mb4 COLLATE=utf8mb4_unicode_ci;

--
-- Dumping data for table `imaxtab_lang`
--

INSERT INTO `imaxtab_lang` VALUES
(1,1,'Inicio'),
(2,1,'Vender'),
(3,1,'Pedidos'),
(4,1,'Pedidos'),
(5,1,'Facturas'),
(6,1,'Facturas por abono'),
(7,1,'Albaranes de entrega'),
(8,1,'Carritos de compra'),
(9,1,'Catálogo'),
(10,1,'Productos'),
(11,1,'Categorías'),
(12,1,'Monitoreo'),
(13,1,'Atributos y Características'),
(14,1,'Atributos'),
(15,1,'Características'),
(16,1,'Marcas y Proveedores'),
(17,1,'Marcas'),
(18,1,'Proveedores'),
(19,1,'Archivos'),
(20,1,'Descuentos'),
(21,1,'Reglas del carrito'),
(22,1,'Reglas de precio del catálogo'),
(23,1,'Stock'),
(24,1,'Clientes'),
(25,1,'Clientes'),
(26,1,'Direcciones'),
(27,1,'Saldo pendiente por cobrar'),
(28,1,'Servicio al Cliente'),
(29,1,'Servicio al Cliente'),
(30,1,'Mensajes de Pedidos'),
(31,1,'Devoluciones de mercancía'),
(32,1,'Estadísticas'),
(34,1,'Almacenes'),
(35,1,'Gestión de stock'),
(37,1,'Personalizar'),
(38,1,'Módulos'),
(39,1,'Administrador de módulos'),
(40,1,'Módulos'),
(41,1,'Alertas'),
(42,1,'Actualizaciones'),
(43,1,'Diseño'),
(44,1,'Tema y logotipo'),
(45,1,'Tema Email'),
(46,1,'Tema Email'),
(47,1,'Páginas'),
(48,1,'Posiciones'),
(49,1,'Ajustes de imágenes'),
(50,1,'Transporte'),
(51,1,'Transportistas'),
(52,1,'Preferencias'),
(53,1,'Pago'),
(54,1,'Métodos de pago'),
(55,1,'Preferencias'),
(56,1,'Internacional'),
(57,1,'Localización'),
(58,1,'Localización'),
(59,1,'Idiomas'),
(60,1,'Monedas'),
(61,1,'Geolocalización'),
(62,1,'Ubicaciones Geográficas'),
(63,1,'Zonas'),
(64,1,'Países'),
(65,1,'Provincias'),
(66,1,'Impuestos'),
(67,1,'Impuestos'),
(68,1,'Reglas de impuestos'),
(69,1,'Traducciones'),
(70,1,'Configurar'),
(71,1,'Parámetros de la tienda'),
(72,1,'Configuración'),
(73,1,'Configuración'),
(74,1,'Mantenimiento'),
(75,1,'Configuración de pedidos'),
(76,1,'Configuración de pedidos'),
(77,1,'Estados'),
(78,1,'Configuración de Productos'),
(79,1,'Configuración de clientes'),
(80,1,'Configuración de clientes'),
(81,1,'Grupos'),
(82,1,'Tratamientos'),
(83,1,'Contacto'),
(84,1,'Contacto'),
(85,1,'Tiendas'),
(86,1,'Tráfico & SEO'),
(87,1,'SEO y URLs'),
(88,1,'Motores de búsqueda'),
(89,1,'Buscar'),
(90,1,'Buscar'),
(91,1,'Etiquetas'),
(92,1,'Parámetros Avanzados'),
(93,1,'Información'),
(94,1,'Rendimiento'),
(95,1,'Administración'),
(96,1,'E-mail'),
(97,1,'Importar'),
(98,1,'Equipo'),
(99,1,'Empleados'),
(100,1,'Perfiles'),
(101,1,'Permisos'),
(102,1,'Base de datos'),
(103,1,'Gestor SQL'),
(104,1,'Respaldar BD'),
(105,1,'Registros/Logs'),
(106,1,'Webservice'),
(107,1,'Servidor de autorización'),
(108,1,'Multitienda'),
(109,1,'Multitienda'),
(110,1,'Características nuevas y experimentales'),
(111,1,'Security'),
(112,1,'Security'),
(113,1,'Sesiones de empleados'),
(114,1,'Sesiones de clientes'),
(115,1,'Acceso rápido'),
(116,1,'Más'),
(118,1,'Lista de enlaces'),
(119,1,'AdminBlockListing'),
(120,1,'Wishlist Module'),
(121,1,'Configuración'),
(122,1,'Statistics'),
(123,1,'Cumplimiento del RGPD de PrestaShop'),
(124,1,'Cumplimiento del RGPD de PrestaShop'),
(125,1,'Dashgoals'),
(126,1,'Google Analytics'),
(127,1,'Tema y logotipo'),
(128,1,'Paginas configuracion'),
(129,1,'Personalización avanzada'),
(130,1,'Order Notifications on the Favicon'),
(131,1,'Gestión Avanzada de Stock - Movimientos'),
(132,1,'Gestión Avanzada de Stock'),
(133,1,'Informax'),
(134,1,'Informax Multi almacen'),
(135,1,'Imprime Pedidos'),
(136,1,'Crear Ordenes de Compra'),
(137,1,'Movimientos Pda'),
(138,1,'Scan EAN'),
(139,1,'Inventario Diferido'),
(140,1,'Recolección Pda');

--
-- Table structure for table `imaxtab_module_preference`
--

CREATE TABLE `imaxtab_module_preference` (
  `id_tab_module_preference` int(11) NOT NULL AUTO_INCREMENT,
  `id_employee` int(11) NOT NULL,
  `id_tab` int(11) NOT NULL,
  `module` varchar(191) NOT NULL,
  PRIMARY KEY (`id_tab_module_preference`),
  UNIQUE KEY `employee_module` (`id_employee`,`id_tab`,`module`)
) ENGINE=InnoDB DEFAULT CHARSET=utf8mb4 COLLATE=utf8mb4_general_ci;

--
-- Dumping data for table `imaxtab_module_preference`
--


--
-- Table structure for table `imaxtag`
--

CREATE TABLE `imaxtag` (
  `id_tag` int(10) unsigned NOT NULL AUTO_INCREMENT,
  `id_lang` int(10) unsigned NOT NULL,
  `name` varchar(32) NOT NULL,
  PRIMARY KEY (`id_tag`),
  KEY `tag_name` (`name`),
  KEY `id_lang` (`id_lang`)
) ENGINE=InnoDB DEFAULT CHARSET=utf8mb4 COLLATE=utf8mb4_general_ci;

--
-- Dumping data for table `imaxtag`
--


--
-- Table structure for table `imaxtag_count`
--

CREATE TABLE `imaxtag_count` (
  `id_group` int(10) unsigned NOT NULL DEFAULT 0,
  `id_tag` int(10) unsigned NOT NULL DEFAULT 0,
  `id_lang` int(10) unsigned NOT NULL DEFAULT 0,
  `id_shop` int(11) unsigned NOT NULL DEFAULT 0,
  `counter` int(10) unsigned NOT NULL DEFAULT 0,
  PRIMARY KEY (`id_group`,`id_tag`),
  KEY `id_group` (`id_group`,`id_lang`,`id_shop`,`counter`)
) ENGINE=InnoDB DEFAULT CHARSET=utf8mb4 COLLATE=utf8mb4_general_ci;

--
-- Dumping data for table `imaxtag_count`
--


--
-- Table structure for table `imaxtax`
--

CREATE TABLE `imaxtax` (
  `id_tax` int(10) unsigned NOT NULL AUTO_INCREMENT,
  `rate` decimal(10,3) NOT NULL,
  `active` tinyint(1) unsigned NOT NULL DEFAULT 1,
  `deleted` tinyint(1) unsigned NOT NULL DEFAULT 0,
  PRIMARY KEY (`id_tax`)
) ENGINE=InnoDB AUTO_INCREMENT=32 DEFAULT CHARSET=utf8mb4 COLLATE=utf8mb4_general_ci;

--
-- Dumping data for table `imaxtax`
--

INSERT INTO `imaxtax` VALUES
(1,21.000,1,0),
(2,10.000,1,0),
(3,4.000,1,0),
(4,20.000,1,0),
(5,21.000,1,0),
(6,20.000,1,0),
(7,19.000,1,0),
(8,21.000,1,0),
(9,19.000,1,0),
(10,25.000,1,0),
(11,20.000,1,0),
(12,24.000,1,0),
(13,20.000,1,0),
(14,20.000,1,0),
(15,24.000,1,0),
(16,25.000,1,0),
(17,27.000,1,0),
(18,23.000,1,0),
(19,22.000,1,0),
(20,21.000,1,0),
(21,17.000,1,0),
(22,21.000,1,0),
(23,20.000,1,0),
(24,18.000,1,0),
(25,21.000,1,0),
(26,23.000,1,0),
(27,23.000,1,0),
(28,19.000,1,0),
(29,25.000,1,0),
(30,22.000,1,0),
(31,20.000,1,0);

--
-- Table structure for table `imaxtax_lang`
--

CREATE TABLE `imaxtax_lang` (
  `id_tax` int(10) unsigned NOT NULL,
  `id_lang` int(10) unsigned NOT NULL,
  `name` varchar(32) NOT NULL,
  PRIMARY KEY (`id_tax`,`id_lang`)
) ENGINE=InnoDB DEFAULT CHARSET=utf8mb4 COLLATE=utf8mb4_general_ci;

--
-- Dumping data for table `imaxtax_lang`
--

INSERT INTO `imaxtax_lang` VALUES
(1,1,'IVA ES 21%'),
(2,1,'IVA ES 10%'),
(3,1,'IVA ES 4%'),
(4,1,'USt. AT 20%'),
(5,1,'TVA BE 21%'),
(6,1,'ДДС BG 20%'),
(7,1,'ΦΠΑ CY 19%'),
(8,1,'DPH CZ 21%'),
(9,1,'MwSt. DE 19%'),
(10,1,'moms DK 25%'),
(11,1,'km EE 20%'),
(12,1,'ALV FI 24%'),
(13,1,'TVA FR 20%'),
(14,1,'VAT UK 20%'),
(15,1,'ΦΠΑ GR 24%'),
(16,1,'Croatia PDV 25%'),
(17,1,'ÁFA HU 27%'),
(18,1,'VAT IE 23%'),
(19,1,'IVA IT 22%'),
(20,1,'PVM LT 21%'),
(21,1,'TVA LU 17%'),
(22,1,'PVN LV 21%'),
(23,1,'TVA MC 20%'),
(24,1,'VAT MT 18%'),
(25,1,'BTW NL 21%'),
(26,1,'PTU PL 23%'),
(27,1,'IVA PT 23%'),
(28,1,'TVA RO 19%'),
(29,1,'Moms SE 25%'),
(30,1,'DDV SI 22%'),
(31,1,'DPH SK 20%');

--
-- Table structure for table `imaxtax_rule`
--

CREATE TABLE `imaxtax_rule` (
  `id_tax_rule` int(11) NOT NULL AUTO_INCREMENT,
  `id_tax_rules_group` int(11) NOT NULL,
  `id_country` int(11) NOT NULL,
  `id_state` int(11) NOT NULL,
  `zipcode_from` varchar(12) NOT NULL,
  `zipcode_to` varchar(12) NOT NULL,
  `id_tax` int(11) NOT NULL,
  `behavior` int(11) NOT NULL,
  `description` varchar(100) NOT NULL,
  PRIMARY KEY (`id_tax_rule`),
  KEY `id_tax_rules_group` (`id_tax_rules_group`),
  KEY `id_tax` (`id_tax`),
  KEY `category_getproducts` (`id_tax_rules_group`,`id_country`,`id_state`,`zipcode_from`)
) ENGINE=InnoDB AUTO_INCREMENT=175 DEFAULT CHARSET=utf8mb4 COLLATE=utf8mb4_general_ci;

--
-- Dumping data for table `imaxtax_rule`
--

INSERT INTO `imaxtax_rule` VALUES
(1,1,3,0,'0','0',1,0,''),
(2,1,233,0,'0','0',1,0,''),
(3,1,16,0,'0','0',1,0,''),
(4,1,20,0,'0','0',1,0,''),
(5,1,1,0,'0','0',1,0,''),
(6,1,86,0,'0','0',1,0,''),
(7,1,9,0,'0','0',1,0,''),
(8,1,74,0,'0','0',1,0,''),
(9,1,6,0,'0','0',1,0,''),
(10,1,8,0,'0','0',1,0,''),
(11,1,147,0,'0','0',1,0,''),
(12,1,26,0,'0','0',1,0,''),
(13,1,10,0,'0','0',1,0,''),
(14,1,76,0,'0','0',1,0,''),
(15,1,124,0,'0','0',1,0,''),
(16,1,130,0,'0','0',1,0,''),
(17,1,12,0,'0','0',1,0,''),
(18,1,142,0,'0','0',1,0,''),
(19,1,138,0,'0','0',1,0,''),
(20,1,13,0,'0','0',1,0,''),
(21,1,2,0,'0','0',1,0,''),
(22,1,14,0,'0','0',1,0,''),
(23,1,15,0,'0','0',1,0,''),
(24,1,36,0,'0','0',1,0,''),
(25,1,191,0,'0','0',1,0,''),
(26,1,37,0,'0','0',1,0,''),
(27,1,7,0,'0','0',1,0,''),
(28,1,18,0,'0','0',1,0,''),
(29,1,17,0,'0','0',1,0,''),
(30,2,3,0,'0','0',2,0,''),
(31,2,233,0,'0','0',2,0,''),
(32,2,16,0,'0','0',2,0,''),
(33,2,20,0,'0','0',2,0,''),
(34,2,1,0,'0','0',2,0,''),
(35,2,86,0,'0','0',2,0,''),
(36,2,9,0,'0','0',2,0,''),
(37,2,74,0,'0','0',2,0,''),
(38,2,6,0,'0','0',2,0,''),
(39,2,8,0,'0','0',2,0,''),
(40,2,147,0,'0','0',2,0,''),
(41,2,26,0,'0','0',2,0,''),
(42,2,10,0,'0','0',2,0,''),
(43,2,76,0,'0','0',2,0,''),
(44,2,124,0,'0','0',2,0,''),
(45,2,130,0,'0','0',2,0,''),
(46,2,12,0,'0','0',2,0,''),
(47,2,142,0,'0','0',2,0,''),
(48,2,138,0,'0','0',2,0,''),
(49,2,13,0,'0','0',2,0,''),
(50,2,2,0,'0','0',2,0,''),
(51,2,14,0,'0','0',2,0,''),
(52,2,15,0,'0','0',2,0,''),
(53,2,36,0,'0','0',2,0,''),
(54,2,191,0,'0','0',2,0,''),
(55,2,37,0,'0','0',2,0,''),
(56,2,7,0,'0','0',2,0,''),
(57,2,18,0,'0','0',2,0,''),
(58,2,17,0,'0','0',2,0,''),
(59,3,3,0,'0','0',3,0,''),
(60,3,233,0,'0','0',3,0,''),
(61,3,16,0,'0','0',3,0,''),
(62,3,20,0,'0','0',3,0,''),
(63,3,1,0,'0','0',3,0,''),
(64,3,86,0,'0','0',3,0,''),
(65,3,9,0,'0','0',3,0,''),
(66,3,74,0,'0','0',3,0,''),
(67,3,6,0,'0','0',3,0,''),
(68,3,8,0,'0','0',3,0,''),
(69,3,147,0,'0','0',3,0,''),
(70,3,26,0,'0','0',3,0,''),
(71,3,10,0,'0','0',3,0,''),
(72,3,76,0,'0','0',3,0,''),
(73,3,124,0,'0','0',3,0,''),
(74,3,130,0,'0','0',3,0,''),
(75,3,12,0,'0','0',3,0,''),
(76,3,142,0,'0','0',3,0,''),
(77,3,138,0,'0','0',3,0,''),
(78,3,13,0,'0','0',3,0,''),
(79,3,2,0,'0','0',3,0,''),
(80,3,14,0,'0','0',3,0,''),
(81,3,15,0,'0','0',3,0,''),
(82,3,36,0,'0','0',3,0,''),
(83,3,191,0,'0','0',3,0,''),
(84,3,37,0,'0','0',3,0,''),
(85,3,7,0,'0','0',3,0,''),
(86,3,18,0,'0','0',3,0,''),
(87,3,17,0,'0','0',3,0,''),
(88,4,3,0,'0','0',3,0,''),
(89,4,233,0,'0','0',3,0,''),
(90,4,16,0,'0','0',3,0,''),
(91,4,20,0,'0','0',3,0,''),
(92,4,1,0,'0','0',3,0,''),
(93,4,86,0,'0','0',3,0,''),
(94,4,9,0,'0','0',3,0,''),
(95,4,74,0,'0','0',3,0,''),
(96,4,6,0,'0','0',3,0,''),
(97,4,8,0,'0','0',3,0,''),
(98,4,147,0,'0','0',3,0,''),
(99,4,26,0,'0','0',3,0,''),
(100,4,10,0,'0','0',3,0,''),
(101,4,76,0,'0','0',3,0,''),
(102,4,124,0,'0','0',3,0,''),
(103,4,130,0,'0','0',3,0,''),
(104,4,12,0,'0','0',3,0,''),
(105,4,142,0,'0','0',3,0,''),
(106,4,138,0,'0','0',3,0,''),
(107,4,13,0,'0','0',3,0,''),
(108,4,2,0,'0','0',3,0,''),
(109,4,14,0,'0','0',3,0,''),
(110,4,15,0,'0','0',3,0,''),
(111,4,36,0,'0','0',3,0,''),
(112,4,191,0,'0','0',3,0,''),
(113,4,37,0,'0','0',3,0,''),
(114,4,7,0,'0','0',3,0,''),
(115,4,18,0,'0','0',3,0,''),
(116,4,17,0,'0','0',3,0,''),
(117,5,3,0,'0','0',3,0,''),
(118,5,233,0,'0','0',3,0,''),
(119,5,16,0,'0','0',3,0,''),
(120,5,20,0,'0','0',3,0,''),
(121,5,1,0,'0','0',3,0,''),
(122,5,86,0,'0','0',3,0,''),
(123,5,9,0,'0','0',3,0,''),
(124,5,74,0,'0','0',3,0,''),
(125,5,6,0,'0','0',3,0,''),
(126,5,8,0,'0','0',3,0,''),
(127,5,147,0,'0','0',3,0,''),
(128,5,26,0,'0','0',3,0,''),
(129,5,10,0,'0','0',3,0,''),
(130,5,76,0,'0','0',3,0,''),
(131,5,124,0,'0','0',3,0,''),
(132,5,130,0,'0','0',3,0,''),
(133,5,12,0,'0','0',3,0,''),
(134,5,142,0,'0','0',3,0,''),
(135,5,138,0,'0','0',3,0,''),
(136,5,13,0,'0','0',3,0,''),
(137,5,2,0,'0','0',3,0,''),
(138,5,14,0,'0','0',3,0,''),
(139,5,15,0,'0','0',3,0,''),
(140,5,36,0,'0','0',3,0,''),
(141,5,191,0,'0','0',3,0,''),
(142,5,37,0,'0','0',3,0,''),
(143,5,7,0,'0','0',3,0,''),
(144,5,18,0,'0','0',3,0,''),
(145,5,17,0,'0','0',3,0,''),
(146,6,6,0,'0','0',1,0,''),
(147,6,2,0,'0','0',4,0,''),
(148,6,3,0,'0','0',5,0,''),
(149,6,233,0,'0','0',6,0,''),
(150,6,76,0,'0','0',7,0,''),
(151,6,16,0,'0','0',8,0,''),
(152,6,1,0,'0','0',9,0,''),
(153,6,20,0,'0','0',10,0,''),
(154,6,86,0,'0','0',11,0,''),
(155,6,7,0,'0','0',12,0,''),
(156,6,8,0,'0','0',13,0,''),
(157,6,17,0,'0','0',14,0,''),
(158,6,9,0,'0','0',15,0,''),
(159,6,74,0,'0','0',16,0,''),
(160,6,142,0,'0','0',17,0,''),
(161,6,26,0,'0','0',18,0,''),
(162,6,10,0,'0','0',19,0,''),
(163,6,130,0,'0','0',20,0,''),
(164,6,12,0,'0','0',21,0,''),
(165,6,124,0,'0','0',22,0,''),
(166,6,147,0,'0','0',23,0,''),
(167,6,138,0,'0','0',24,0,''),
(168,6,13,0,'0','0',25,0,''),
(169,6,14,0,'0','0',26,0,''),
(170,6,15,0,'0','0',27,0,''),
(171,6,36,0,'0','0',28,0,''),
(172,6,18,0,'0','0',29,0,''),
(173,6,191,0,'0','0',30,0,''),
(174,6,37,0,'0','0',31,0,'');

--
-- Table structure for table `imaxtax_rules_group`
--

CREATE TABLE `imaxtax_rules_group` (
  `id_tax_rules_group` int(11) NOT NULL AUTO_INCREMENT,
  `name` varchar(50) NOT NULL,
  `active` int(11) NOT NULL,
  `deleted` tinyint(1) unsigned NOT NULL,
  `date_add` datetime NOT NULL,
  `date_upd` datetime NOT NULL,
  PRIMARY KEY (`id_tax_rules_group`)
) ENGINE=InnoDB AUTO_INCREMENT=7 DEFAULT CHARSET=utf8mb4 COLLATE=utf8mb4_general_ci;

--
-- Dumping data for table `imaxtax_rules_group`
--

INSERT INTO `imaxtax_rules_group` VALUES
(1,'ES Standard rate (21%)',1,0,'2024-05-15 11:58:32','2024-05-15 11:58:32'),
(2,'ES Reduced Rate (10%)',1,0,'2024-05-15 11:58:32','2024-05-15 11:58:32'),
(3,'ES Super Reduced Rate (4%)',1,0,'2024-05-15 11:58:32','2024-05-15 11:58:32'),
(4,'ES Foodstuff Rate (4%)',1,0,'2024-05-15 11:58:32','2024-05-15 11:58:32'),
(5,'ES Books Rate (4%)',1,0,'2024-05-15 11:58:32','2024-05-15 11:58:32'),
(6,'EU VAT For Virtual Products',1,0,'2024-05-15 11:58:32','2024-05-15 11:58:32');

--
-- Table structure for table `imaxtax_rules_group_shop`
--

CREATE TABLE `imaxtax_rules_group_shop` (
  `id_tax_rules_group` int(11) unsigned NOT NULL,
  `id_shop` int(11) unsigned NOT NULL,
  PRIMARY KEY (`id_tax_rules_group`,`id_shop`),
  KEY `id_shop` (`id_shop`)
) ENGINE=InnoDB DEFAULT CHARSET=utf8mb4 COLLATE=utf8mb4_general_ci;

--
-- Dumping data for table `imaxtax_rules_group_shop`
--

INSERT INTO `imaxtax_rules_group_shop` VALUES
(1,1),
(2,1),
(3,1),
(4,1),
(5,1),
(6,1);

--
-- Table structure for table `imaxtimezone`
--

CREATE TABLE `imaxtimezone` (
  `id_timezone` int(10) unsigned NOT NULL AUTO_INCREMENT,
  `name` varchar(32) NOT NULL,
  PRIMARY KEY (`id_timezone`)
) ENGINE=InnoDB AUTO_INCREMENT=560 DEFAULT CHARSET=utf8mb4 COLLATE=utf8mb4_general_ci;

--
-- Dumping data for table `imaxtimezone`
--

INSERT INTO `imaxtimezone` VALUES
(1,'Africa/Abidjan'),
(2,'Africa/Accra'),
(3,'Africa/Addis_Ababa'),
(4,'Africa/Algiers'),
(5,'Africa/Asmara'),
(6,'Africa/Asmera'),
(7,'Africa/Bamako'),
(8,'Africa/Bangui'),
(9,'Africa/Banjul'),
(10,'Africa/Bissau'),
(11,'Africa/Blantyre'),
(12,'Africa/Brazzaville'),
(13,'Africa/Bujumbura'),
(14,'Africa/Cairo'),
(15,'Africa/Casablanca'),
(16,'Africa/Ceuta'),
(17,'Africa/Conakry'),
(18,'Africa/Dakar'),
(19,'Africa/Dar_es_Salaam'),
(20,'Africa/Djibouti'),
(21,'Africa/Douala'),
(22,'Africa/El_Aaiun'),
(23,'Africa/Freetown'),
(24,'Africa/Gaborone'),
(25,'Africa/Harare'),
(26,'Africa/Johannesburg'),
(27,'Africa/Kampala'),
(28,'Africa/Khartoum'),
(29,'Africa/Kigali'),
(30,'Africa/Kinshasa'),
(31,'Africa/Lagos'),
(32,'Africa/Libreville'),
(33,'Africa/Lome'),
(34,'Africa/Luanda'),
(35,'Africa/Lubumbashi'),
(36,'Africa/Lusaka'),
(37,'Africa/Malabo'),
(38,'Africa/Maputo'),
(39,'Africa/Maseru'),
(40,'Africa/Mbabane'),
(41,'Africa/Mogadishu'),
(42,'Africa/Monrovia'),
(43,'Africa/Nairobi'),
(44,'Africa/Ndjamena'),
(45,'Africa/Niamey'),
(46,'Africa/Nouakchott'),
(47,'Africa/Ouagadougou'),
(48,'Africa/Porto-Novo'),
(49,'Africa/Sao_Tome'),
(50,'Africa/Timbuktu'),
(51,'Africa/Tripoli'),
(52,'Africa/Tunis'),
(53,'Africa/Windhoek'),
(54,'America/Adak'),
(55,'America/Anchorage '),
(56,'America/Anguilla'),
(57,'America/Antigua'),
(58,'America/Araguaina'),
(59,'America/Argentina/Buenos_Aires'),
(60,'America/Argentina/Catamarca'),
(61,'America/Argentina/ComodRivadavia'),
(62,'America/Argentina/Cordoba'),
(63,'America/Argentina/Jujuy'),
(64,'America/Argentina/La_Rioja'),
(65,'America/Argentina/Mendoza'),
(66,'America/Argentina/Rio_Gallegos'),
(67,'America/Argentina/Salta'),
(68,'America/Argentina/San_Juan'),
(69,'America/Argentina/San_Luis'),
(70,'America/Argentina/Tucuman'),
(71,'America/Argentina/Ushuaia'),
(72,'America/Aruba'),
(73,'America/Asuncion'),
(74,'America/Atikokan'),
(75,'America/Atka'),
(76,'America/Bahia'),
(77,'America/Barbados'),
(78,'America/Belem'),
(79,'America/Belize'),
(80,'America/Blanc-Sablon'),
(81,'America/Boa_Vista'),
(82,'America/Bogota'),
(83,'America/Boise'),
(84,'America/Buenos_Aires'),
(85,'America/Cambridge_Bay'),
(86,'America/Campo_Grande'),
(87,'America/Cancun'),
(88,'America/Caracas'),
(89,'America/Catamarca'),
(90,'America/Cayenne'),
(91,'America/Cayman'),
(92,'America/Chicago'),
(93,'America/Chihuahua'),
(94,'America/Coral_Harbour'),
(95,'America/Cordoba'),
(96,'America/Costa_Rica'),
(97,'America/Cuiaba'),
(98,'America/Curacao'),
(99,'America/Danmarkshavn'),
(100,'America/Dawson'),
(101,'America/Dawson_Creek'),
(102,'America/Denver'),
(103,'America/Detroit'),
(104,'America/Dominica'),
(105,'America/Edmonton'),
(106,'America/Eirunepe'),
(107,'America/El_Salvador'),
(108,'America/Ensenada'),
(109,'America/Fort_Wayne'),
(110,'America/Fortaleza'),
(111,'America/Glace_Bay'),
(112,'America/Godthab'),
(113,'America/Goose_Bay'),
(114,'America/Grand_Turk'),
(115,'America/Grenada'),
(116,'America/Guadeloupe'),
(117,'America/Guatemala'),
(118,'America/Guayaquil'),
(119,'America/Guyana'),
(120,'America/Halifax'),
(121,'America/Havana'),
(122,'America/Hermosillo'),
(123,'America/Indiana/Indianapolis'),
(124,'America/Indiana/Knox'),
(125,'America/Indiana/Marengo'),
(126,'America/Indiana/Petersburg'),
(127,'America/Indiana/Tell_City'),
(128,'America/Indiana/Vevay'),
(129,'America/Indiana/Vincennes'),
(130,'America/Indiana/Winamac'),
(131,'America/Indianapolis'),
(132,'America/Inuvik'),
(133,'America/Iqaluit'),
(134,'America/Jamaica'),
(135,'America/Jujuy'),
(136,'America/Juneau'),
(137,'America/Kentucky/Louisville'),
(138,'America/Kentucky/Monticello'),
(139,'America/Knox_IN'),
(140,'America/La_Paz'),
(141,'America/Lima'),
(142,'America/Los_Angeles'),
(143,'America/Louisville'),
(144,'America/Maceio'),
(145,'America/Managua'),
(146,'America/Manaus'),
(147,'America/Marigot'),
(148,'America/Martinique'),
(149,'America/Mazatlan'),
(150,'America/Mendoza'),
(151,'America/Menominee'),
(152,'America/Merida'),
(153,'America/Mexico_City'),
(154,'America/Miquelon'),
(155,'America/Moncton'),
(156,'America/Monterrey'),
(157,'America/Montevideo'),
(158,'America/Montreal'),
(159,'America/Montserrat'),
(160,'America/Nassau'),
(161,'America/New_York'),
(162,'America/Nipigon'),
(163,'America/Nome'),
(164,'America/Noronha'),
(165,'America/North_Dakota/Center'),
(166,'America/North_Dakota/New_Salem'),
(167,'America/Panama'),
(168,'America/Pangnirtung'),
(169,'America/Paramaribo'),
(170,'America/Phoenix'),
(171,'America/Port-au-Prince'),
(172,'America/Port_of_Spain'),
(173,'America/Porto_Acre'),
(174,'America/Porto_Velho'),
(175,'America/Puerto_Rico'),
(176,'America/Rainy_River'),
(177,'America/Rankin_Inlet'),
(178,'America/Recife'),
(179,'America/Regina'),
(180,'America/Resolute'),
(181,'America/Rio_Branco'),
(182,'America/Rosario'),
(183,'America/Santarem'),
(184,'America/Santiago'),
(185,'America/Santo_Domingo'),
(186,'America/Sao_Paulo'),
(187,'America/Scoresbysund'),
(188,'America/Shiprock'),
(189,'America/St_Barthelemy'),
(190,'America/St_Johns'),
(191,'America/St_Kitts'),
(192,'America/St_Lucia'),
(193,'America/St_Thomas'),
(194,'America/St_Vincent'),
(195,'America/Swift_Current'),
(196,'America/Tegucigalpa'),
(197,'America/Thule'),
(198,'America/Thunder_Bay'),
(199,'America/Tijuana'),
(200,'America/Toronto'),
(201,'America/Tortola'),
(202,'America/Vancouver'),
(203,'America/Virgin'),
(204,'America/Whitehorse'),
(205,'America/Winnipeg'),
(206,'America/Yakutat'),
(207,'America/Yellowknife'),
(208,'Antarctica/Casey'),
(209,'Antarctica/Davis'),
(210,'Antarctica/DumontDUrville'),
(211,'Antarctica/Mawson'),
(212,'Antarctica/McMurdo'),
(213,'Antarctica/Palmer'),
(214,'Antarctica/Rothera'),
(215,'Antarctica/South_Pole'),
(216,'Antarctica/Syowa'),
(217,'Antarctica/Vostok'),
(218,'Arctic/Longyearbyen'),
(219,'Asia/Aden'),
(220,'Asia/Almaty'),
(221,'Asia/Amman'),
(222,'Asia/Anadyr'),
(223,'Asia/Aqtau'),
(224,'Asia/Aqtobe'),
(225,'Asia/Ashgabat'),
(226,'Asia/Ashkhabad'),
(227,'Asia/Baghdad'),
(228,'Asia/Bahrain'),
(229,'Asia/Baku'),
(230,'Asia/Bangkok'),
(231,'Asia/Beirut'),
(232,'Asia/Bishkek'),
(233,'Asia/Brunei'),
(234,'Asia/Calcutta'),
(235,'Asia/Choibalsan'),
(236,'Asia/Chongqing'),
(237,'Asia/Chungking'),
(238,'Asia/Colombo'),
(239,'Asia/Dacca'),
(240,'Asia/Damascus'),
(241,'Asia/Dhaka'),
(242,'Asia/Dili'),
(243,'Asia/Dubai'),
(244,'Asia/Dushanbe'),
(245,'Asia/Gaza'),
(246,'Asia/Harbin'),
(247,'Asia/Ho_Chi_Minh'),
(248,'Asia/Hong_Kong'),
(249,'Asia/Hovd'),
(250,'Asia/Irkutsk'),
(251,'Asia/Istanbul'),
(252,'Asia/Jakarta'),
(253,'Asia/Jayapura'),
(254,'Asia/Jerusalem'),
(255,'Asia/Kabul'),
(256,'Asia/Kamchatka'),
(257,'Asia/Karachi'),
(258,'Asia/Kashgar'),
(259,'Asia/Kathmandu'),
(260,'Asia/Katmandu'),
(261,'Asia/Kolkata'),
(262,'Asia/Krasnoyarsk'),
(263,'Asia/Kuala_Lumpur'),
(264,'Asia/Kuching'),
(265,'Asia/Kuwait'),
(266,'Asia/Macao'),
(267,'Asia/Macau'),
(268,'Asia/Magadan'),
(269,'Asia/Makassar'),
(270,'Asia/Manila'),
(271,'Asia/Muscat'),
(272,'Asia/Nicosia'),
(273,'Asia/Novosibirsk'),
(274,'Asia/Omsk'),
(275,'Asia/Oral'),
(276,'Asia/Phnom_Penh'),
(277,'Asia/Pontianak'),
(278,'Asia/Pyongyang'),
(279,'Asia/Qatar'),
(280,'Asia/Qyzylorda'),
(281,'Asia/Rangoon'),
(282,'Asia/Riyadh'),
(283,'Asia/Saigon'),
(284,'Asia/Sakhalin'),
(285,'Asia/Samarkand'),
(286,'Asia/Seoul'),
(287,'Asia/Shanghai'),
(288,'Asia/Singapore'),
(289,'Asia/Taipei'),
(290,'Asia/Tashkent'),
(291,'Asia/Tbilisi'),
(292,'Asia/Tehran'),
(293,'Asia/Tel_Aviv'),
(294,'Asia/Thimbu'),
(295,'Asia/Thimphu'),
(296,'Asia/Tokyo'),
(297,'Asia/Ujung_Pandang'),
(298,'Asia/Ulaanbaatar'),
(299,'Asia/Ulan_Bator'),
(300,'Asia/Urumqi'),
(301,'Asia/Vientiane'),
(302,'Asia/Vladivostok'),
(303,'Asia/Yakutsk'),
(304,'Asia/Yekaterinburg'),
(305,'Asia/Yerevan'),
(306,'Atlantic/Azores'),
(307,'Atlantic/Bermuda'),
(308,'Atlantic/Canary'),
(309,'Atlantic/Cape_Verde'),
(310,'Atlantic/Faeroe'),
(311,'Atlantic/Faroe'),
(312,'Atlantic/Jan_Mayen'),
(313,'Atlantic/Madeira'),
(314,'Atlantic/Reykjavik'),
(315,'Atlantic/South_Georgia'),
(316,'Atlantic/St_Helena'),
(317,'Atlantic/Stanley'),
(318,'Australia/ACT'),
(319,'Australia/Adelaide'),
(320,'Australia/Brisbane'),
(321,'Australia/Broken_Hill'),
(322,'Australia/Canberra'),
(323,'Australia/Currie'),
(324,'Australia/Darwin'),
(325,'Australia/Eucla'),
(326,'Australia/Hobart'),
(327,'Australia/LHI'),
(328,'Australia/Lindeman'),
(329,'Australia/Lord_Howe'),
(330,'Australia/Melbourne'),
(331,'Australia/North'),
(332,'Australia/NSW'),
(333,'Australia/Perth'),
(334,'Australia/Queensland'),
(335,'Australia/South'),
(336,'Australia/Sydney'),
(337,'Australia/Tasmania'),
(338,'Australia/Victoria'),
(339,'Australia/West'),
(340,'Australia/Yancowinna'),
(341,'Europe/Amsterdam'),
(342,'Europe/Andorra'),
(343,'Europe/Athens'),
(344,'Europe/Belfast'),
(345,'Europe/Belgrade'),
(346,'Europe/Berlin'),
(347,'Europe/Bratislava'),
(348,'Europe/Brussels'),
(349,'Europe/Bucharest'),
(350,'Europe/Budapest'),
(351,'Europe/Chisinau'),
(352,'Europe/Copenhagen'),
(353,'Europe/Dublin'),
(354,'Europe/Gibraltar'),
(355,'Europe/Guernsey'),
(356,'Europe/Helsinki'),
(357,'Europe/Isle_of_Man'),
(358,'Europe/Istanbul'),
(359,'Europe/Jersey'),
(360,'Europe/Kaliningrad'),
(361,'Europe/Kiev'),
(362,'Europe/Lisbon'),
(363,'Europe/Ljubljana'),
(364,'Europe/London'),
(365,'Europe/Luxembourg'),
(366,'Europe/Madrid'),
(367,'Europe/Malta'),
(368,'Europe/Mariehamn'),
(369,'Europe/Minsk'),
(370,'Europe/Monaco'),
(371,'Europe/Moscow'),
(372,'Europe/Nicosia'),
(373,'Europe/Oslo'),
(374,'Europe/Paris'),
(375,'Europe/Podgorica'),
(376,'Europe/Prague'),
(377,'Europe/Riga'),
(378,'Europe/Rome'),
(379,'Europe/Samara'),
(380,'Europe/San_Marino'),
(381,'Europe/Sarajevo'),
(382,'Europe/Simferopol'),
(383,'Europe/Skopje'),
(384,'Europe/Sofia'),
(385,'Europe/Stockholm'),
(386,'Europe/Tallinn'),
(387,'Europe/Tirane'),
(388,'Europe/Tiraspol'),
(389,'Europe/Uzhgorod'),
(390,'Europe/Vaduz'),
(391,'Europe/Vatican'),
(392,'Europe/Vienna'),
(393,'Europe/Vilnius'),
(394,'Europe/Volgograd'),
(395,'Europe/Warsaw'),
(396,'Europe/Zagreb'),
(397,'Europe/Zaporozhye'),
(398,'Europe/Zurich'),
(399,'Indian/Antananarivo'),
(400,'Indian/Chagos'),
(401,'Indian/Christmas'),
(402,'Indian/Cocos'),
(403,'Indian/Comoro'),
(404,'Indian/Kerguelen'),
(405,'Indian/Mahe'),
(406,'Indian/Maldives'),
(407,'Indian/Mauritius'),
(408,'Indian/Mayotte'),
(409,'Indian/Reunion'),
(410,'Pacific/Apia'),
(411,'Pacific/Auckland'),
(412,'Pacific/Chatham'),
(413,'Pacific/Easter'),
(414,'Pacific/Efate'),
(415,'Pacific/Enderbury'),
(416,'Pacific/Fakaofo'),
(417,'Pacific/Fiji'),
(418,'Pacific/Funafuti'),
(419,'Pacific/Galapagos'),
(420,'Pacific/Gambier'),
(421,'Pacific/Guadalcanal'),
(422,'Pacific/Guam'),
(423,'Pacific/Honolulu'),
(424,'Pacific/Johnston'),
(425,'Pacific/Kiritimati'),
(426,'Pacific/Kosrae'),
(427,'Pacific/Kwajalein'),
(428,'Pacific/Majuro'),
(429,'Pacific/Marquesas'),
(430,'Pacific/Midway'),
(431,'Pacific/Nauru'),
(432,'Pacific/Niue'),
(433,'Pacific/Norfolk'),
(434,'Pacific/Noumea'),
(435,'Pacific/Pago_Pago'),
(436,'Pacific/Palau'),
(437,'Pacific/Pitcairn'),
(438,'Pacific/Ponape'),
(439,'Pacific/Port_Moresby'),
(440,'Pacific/Rarotonga'),
(441,'Pacific/Saipan'),
(442,'Pacific/Samoa'),
(443,'Pacific/Tahiti'),
(444,'Pacific/Tarawa'),
(445,'Pacific/Tongatapu'),
(446,'Pacific/Truk'),
(447,'Pacific/Wake'),
(448,'Pacific/Wallis'),
(449,'Pacific/Yap'),
(450,'Brazil/Acre'),
(451,'Brazil/DeNoronha'),
(452,'Brazil/East'),
(453,'Brazil/West'),
(454,'Canada/Atlantic'),
(455,'Canada/Central'),
(456,'Canada/East-Saskatchewan'),
(457,'Canada/Eastern'),
(458,'Canada/Mountain'),
(459,'Canada/Newfoundland'),
(460,'Canada/Pacific'),
(461,'Canada/Saskatchewan'),
(462,'Canada/Yukon'),
(463,'CET'),
(464,'Chile/Continental'),
(465,'Chile/EasterIsland'),
(466,'CST6CDT'),
(467,'Cuba'),
(468,'EET'),
(469,'Egypt'),
(470,'Eire'),
(471,'EST'),
(472,'EST5EDT'),
(473,'Etc/GMT'),
(474,'Etc/GMT+0'),
(475,'Etc/GMT+1'),
(476,'Etc/GMT+10'),
(477,'Etc/GMT+11'),
(478,'Etc/GMT+12'),
(479,'Etc/GMT+2'),
(480,'Etc/GMT+3'),
(481,'Etc/GMT+4'),
(482,'Etc/GMT+5'),
(483,'Etc/GMT+6'),
(484,'Etc/GMT+7'),
(485,'Etc/GMT+8'),
(486,'Etc/GMT+9'),
(487,'Etc/GMT-0'),
(488,'Etc/GMT-1'),
(489,'Etc/GMT-10'),
(490,'Etc/GMT-11'),
(491,'Etc/GMT-12'),
(492,'Etc/GMT-13'),
(493,'Etc/GMT-14'),
(494,'Etc/GMT-2'),
(495,'Etc/GMT-3'),
(496,'Etc/GMT-4'),
(497,'Etc/GMT-5'),
(498,'Etc/GMT-6'),
(499,'Etc/GMT-7'),
(500,'Etc/GMT-8'),
(501,'Etc/GMT-9'),
(502,'Etc/GMT0'),
(503,'Etc/Greenwich'),
(504,'Etc/UCT'),
(505,'Etc/Universal'),
(506,'Etc/UTC'),
(507,'Etc/Zulu'),
(508,'Factory'),
(509,'GB'),
(510,'GB-Eire'),
(511,'GMT'),
(512,'GMT+0'),
(513,'GMT-0'),
(514,'GMT0'),
(515,'Greenwich'),
(516,'Hongkong'),
(517,'HST'),
(518,'Iceland'),
(519,'Iran'),
(520,'Israel'),
(521,'Jamaica'),
(522,'Japan'),
(523,'Kwajalein'),
(524,'Libya'),
(525,'MET'),
(526,'Mexico/BajaNorte'),
(527,'Mexico/BajaSur'),
(528,'Mexico/General'),
(529,'MST'),
(530,'MST7MDT'),
(531,'Navajo'),
(532,'NZ'),
(533,'NZ-CHAT'),
(534,'Poland'),
(535,'Portugal'),
(536,'PRC'),
(537,'PST8PDT'),
(538,'ROC'),
(539,'ROK'),
(540,'Singapore'),
(541,'Turkey'),
(542,'UCT'),
(543,'Universal'),
(544,'US/Alaska'),
(545,'US/Aleutian'),
(546,'US/Arizona'),
(547,'US/Central'),
(548,'US/East-Indiana'),
(549,'US/Eastern'),
(550,'US/Hawaii'),
(551,'US/Indiana-Starke'),
(552,'US/Michigan'),
(553,'US/Mountain'),
(554,'US/Pacific'),
(555,'US/Samoa'),
(556,'UTC'),
(557,'W-SU'),
(558,'WET'),
(559,'Zulu');

--
-- Table structure for table `imaxtranslation`
--

CREATE TABLE `imaxtranslation` (
  `id_translation` int(11) NOT NULL AUTO_INCREMENT,
  `id_lang` int(11) NOT NULL,
  `key` text CHARACTER SET utf8mb3 COLLATE utf8mb3_bin NOT NULL,
  `translation` text NOT NULL,
  `domain` varchar(80) NOT NULL,
  `theme` varchar(32) DEFAULT NULL,
  PRIMARY KEY (`id_translation`),
  KEY `IDX_F675AE4BBA299860` (`id_lang`),
  KEY `key` (`domain`)
) ENGINE=InnoDB DEFAULT CHARSET=utf8mb4 COLLATE=utf8mb4_unicode_ci;

--
-- Dumping data for table `imaxtranslation`
--


--
-- Table structure for table `imaxwarehouse`
--

CREATE TABLE `imaxwarehouse` (
  `id_warehouse` int(11) unsigned NOT NULL AUTO_INCREMENT,
  `id_currency` int(11) unsigned NOT NULL,
  `id_address` int(11) unsigned NOT NULL,
  `id_employee` int(11) unsigned NOT NULL,
  `reference` varchar(64) DEFAULT NULL,
  `name` varchar(45) NOT NULL,
  `management_type` enum('WA','FIFO','LIFO') NOT NULL DEFAULT 'WA',
  `deleted` tinyint(1) unsigned NOT NULL DEFAULT 0,
  PRIMARY KEY (`id_warehouse`)
) ENGINE=InnoDB AUTO_INCREMENT=6 DEFAULT CHARSET=utf8mb4 COLLATE=utf8mb4_general_ci;

--
-- Dumping data for table `imaxwarehouse`
--

INSERT INTO `imaxwarehouse` VALUES
(1,0,0,0,'Almacen Virtual','Almacen Virtual','WA',0),
(2,0,2,0,'almacen','almacen','WA',0),
(3,0,2,0,'Posición2','Posición2','WA',0),
(4,0,1,1,'abc','Almacén ABC','WA',0),
(5,0,0,0,'error','Error','WA',0);

--
-- Table structure for table `imaxwarehouse_carrier`
--

CREATE TABLE `imaxwarehouse_carrier` (
  `id_carrier` int(11) unsigned NOT NULL,
  `id_warehouse` int(11) unsigned NOT NULL,
  PRIMARY KEY (`id_warehouse`,`id_carrier`),
  KEY `id_warehouse` (`id_warehouse`),
  KEY `id_carrier` (`id_carrier`)
) ENGINE=InnoDB DEFAULT CHARSET=utf8mb4 COLLATE=utf8mb4_general_ci;

--
-- Dumping data for table `imaxwarehouse_carrier`
--


--
-- Table structure for table `imaxwarehouse_product_location`
--

CREATE TABLE `imaxwarehouse_product_location` (
  `id_warehouse_product_location` int(11) unsigned NOT NULL AUTO_INCREMENT,
  `id_product` int(11) unsigned NOT NULL,
  `id_product_attribute` int(11) unsigned NOT NULL,
  `id_warehouse` int(11) unsigned NOT NULL,
  `location` varchar(64) DEFAULT NULL,
  PRIMARY KEY (`id_warehouse_product_location`),
  UNIQUE KEY `id_product` (`id_product`,`id_product_attribute`,`id_warehouse`)
) ENGINE=InnoDB DEFAULT CHARSET=utf8mb4 COLLATE=utf8mb4_general_ci;

--
-- Dumping data for table `imaxwarehouse_product_location`
--


--
-- Table structure for table `imaxwarehouse_shop`
--

CREATE TABLE `imaxwarehouse_shop` (
  `id_shop` int(11) unsigned NOT NULL,
  `id_warehouse` int(11) unsigned NOT NULL,
  PRIMARY KEY (`id_warehouse`,`id_shop`),
  KEY `id_warehouse` (`id_warehouse`),
  KEY `id_shop` (`id_shop`)
) ENGINE=InnoDB DEFAULT CHARSET=utf8mb4 COLLATE=utf8mb4_general_ci;

--
-- Dumping data for table `imaxwarehouse_shop`
--

INSERT INTO `imaxwarehouse_shop` VALUES
(1,1),
(1,2),
(1,3),
(1,4),
(1,5);

--
-- Table structure for table `imaxweb_browser`
--

CREATE TABLE `imaxweb_browser` (
  `id_web_browser` int(10) unsigned NOT NULL AUTO_INCREMENT,
  `name` varchar(64) DEFAULT NULL,
  PRIMARY KEY (`id_web_browser`)
) ENGINE=InnoDB AUTO_INCREMENT=12 DEFAULT CHARSET=utf8mb4 COLLATE=utf8mb4_general_ci;

--
-- Dumping data for table `imaxweb_browser`
--

INSERT INTO `imaxweb_browser` VALUES
(1,'Safari'),
(2,'Safari iPad'),
(3,'Firefox'),
(4,'Opera'),
(5,'IE 6'),
(6,'IE 7'),
(7,'IE 8'),
(8,'IE 9'),
(9,'IE 10'),
(10,'IE 11'),
(11,'Chrome');

--
-- Table structure for table `imaxwebservice_account`
--

CREATE TABLE `imaxwebservice_account` (
  `id_webservice_account` int(11) NOT NULL AUTO_INCREMENT,
  `key` varchar(32) NOT NULL,
  `description` text DEFAULT NULL,
  `class_name` varchar(50) NOT NULL DEFAULT 'WebserviceRequest',
  `is_module` tinyint(2) NOT NULL DEFAULT 0,
  `module_name` varchar(50) DEFAULT NULL,
  `active` tinyint(2) NOT NULL,
  PRIMARY KEY (`id_webservice_account`),
  KEY `key` (`key`)
) ENGINE=InnoDB DEFAULT CHARSET=utf8mb4 COLLATE=utf8mb4_general_ci;

--
-- Dumping data for table `imaxwebservice_account`
--


--
-- Table structure for table `imaxwebservice_account_shop`
--

CREATE TABLE `imaxwebservice_account_shop` (
  `id_webservice_account` int(11) unsigned NOT NULL,
  `id_shop` int(11) unsigned NOT NULL,
  PRIMARY KEY (`id_webservice_account`,`id_shop`),
  KEY `id_shop` (`id_shop`)
) ENGINE=InnoDB DEFAULT CHARSET=utf8mb4 COLLATE=utf8mb4_general_ci;

--
-- Dumping data for table `imaxwebservice_account_shop`
--


--
-- Table structure for table `imaxwebservice_permission`
--

CREATE TABLE `imaxwebservice_permission` (
  `id_webservice_permission` int(11) NOT NULL AUTO_INCREMENT,
  `resource` varchar(50) NOT NULL,
  `method` enum('GET','POST','PUT','PATCH','DELETE','HEAD') NOT NULL,
  `id_webservice_account` int(11) NOT NULL,
  PRIMARY KEY (`id_webservice_permission`),
  UNIQUE KEY `resource_2` (`resource`,`method`,`id_webservice_account`),
  KEY `resource` (`resource`),
  KEY `method` (`method`),
  KEY `id_webservice_account` (`id_webservice_account`)
) ENGINE=InnoDB DEFAULT CHARSET=utf8mb4 COLLATE=utf8mb4_general_ci;

--
-- Dumping data for table `imaxwebservice_permission`
--


--
-- Table structure for table `imaxwishlist`
--

CREATE TABLE `imaxwishlist` (
  `id_wishlist` int(10) unsigned NOT NULL AUTO_INCREMENT,
  `id_customer` int(10) unsigned NOT NULL,
  `id_shop` int(10) unsigned DEFAULT 1,
  `id_shop_group` int(10) unsigned DEFAULT 1,
  `token` varchar(64) NOT NULL,
  `name` varchar(64) NOT NULL,
  `counter` int(10) unsigned DEFAULT NULL,
  `date_add` datetime NOT NULL,
  `date_upd` datetime NOT NULL,
  `default` int(10) unsigned DEFAULT 0,
  PRIMARY KEY (`id_wishlist`)
) ENGINE=InnoDB AUTO_INCREMENT=4 DEFAULT CHARSET=utf8mb3 COLLATE=utf8mb3_general_ci;

--
-- Dumping data for table `imaxwishlist`
--

INSERT INTO `imaxwishlist` VALUES
(1,2,1,1,'66C35D438F23DFE1','My wishlist',NULL,'2024-05-23 13:49:21','2024-05-23 13:49:21',1),
(2,3,1,1,'812E79DBA76BE9FA','My wishlist',NULL,'2024-06-20 10:05:15','2024-06-20 10:05:15',1),
(3,4,1,1,'DFB3A7E63D256DD4','My wishlist',NULL,'2024-06-20 11:18:42','2024-06-20 11:18:42',1);

--
-- Table structure for table `imaxwishlist_product`
--

CREATE TABLE `imaxwishlist_product` (
  `id_wishlist_product` int(10) NOT NULL AUTO_INCREMENT,
  `id_wishlist` int(10) unsigned NOT NULL,
  `id_product` int(10) unsigned NOT NULL,
  `id_product_attribute` int(10) unsigned NOT NULL,
  `quantity` int(10) unsigned NOT NULL,
  `priority` int(10) unsigned NOT NULL,
  PRIMARY KEY (`id_wishlist_product`)
) ENGINE=InnoDB DEFAULT CHARSET=utf8mb3 COLLATE=utf8mb3_general_ci;

--
-- Dumping data for table `imaxwishlist_product`
--


--
-- Table structure for table `imaxwishlist_product_cart`
--

CREATE TABLE `imaxwishlist_product_cart` (
  `id_wishlist_product` int(10) unsigned NOT NULL,
  `id_cart` int(10) unsigned NOT NULL,
  `quantity` int(10) unsigned NOT NULL,
  `date_add` datetime NOT NULL
) ENGINE=InnoDB DEFAULT CHARSET=utf8mb3 COLLATE=utf8mb3_general_ci;

--
-- Dumping data for table `imaxwishlist_product_cart`
--


--
-- Table structure for table `imaxzone`
--

CREATE TABLE `imaxzone` (
  `id_zone` int(10) unsigned NOT NULL AUTO_INCREMENT,
  `name` varchar(64) NOT NULL,
  `active` tinyint(1) unsigned NOT NULL DEFAULT 0,
  PRIMARY KEY (`id_zone`)
) ENGINE=InnoDB AUTO_INCREMENT=9 DEFAULT CHARSET=utf8mb4 COLLATE=utf8mb4_general_ci;

--
-- Dumping data for table `imaxzone`
--

INSERT INTO `imaxzone` VALUES
(1,'Europe',1),
(2,'North America',1),
(3,'Asia',1),
(4,'Africa',1),
(5,'Oceania',1),
(6,'South America',1),
(7,'Europe (non-EU)',1),
(8,'Central America/Antilla',1);

--
-- Table structure for table `imaxzone_shop`
--

CREATE TABLE `imaxzone_shop` (
  `id_zone` int(11) unsigned NOT NULL,
  `id_shop` int(11) unsigned NOT NULL,
  PRIMARY KEY (`id_zone`,`id_shop`),
  KEY `id_shop` (`id_shop`)
) ENGINE=InnoDB DEFAULT CHARSET=utf8mb4 COLLATE=utf8mb4_general_ci;

--
-- Dumping data for table `imaxzone_shop`
--

INSERT INTO `imaxzone_shop` VALUES
(1,1),
(2,1),
(3,1),
(4,1),
(5,1),
(6,1),
(7,1),
(8,1);

--
-- Table structure for table `ps_imaximppedser_opcionAlmacenProducto`
--

CREATE TABLE `ps_imaximppedser_opcionAlmacenProducto` (
  `id_product` int(10) NOT NULL,
  `id_product_attribute` int(10) NOT NULL,
  `almacenesMostrar` blob DEFAULT NULL,
  `almacenPorDefecto` tinyint(1) NOT NULL DEFAULT 0,
  PRIMARY KEY (`id_product`,`id_product_attribute`)
) ENGINE=MyISAM DEFAULT CHARSET=utf8mb3 COLLATE=utf8mb3_general_ci;

--
-- Dumping data for table `ps_imaximppedser_opcionAlmacenProducto`
--



